# ************************************************************
# Sequel Pro SQL dump
# Version 4541
#
# http://www.sequelpro.com/
# https://github.com/sequelpro/sequelpro
#
# Host: 127.0.0.1 (MySQL 5.5.5-10.8.3-MariaDB)
# Database: zcart
# Generation Time: 2022-08-12 07:11:31 +0000
# ************************************************************




# Dump of table activity_log
# ------------------------------------------------------------


CREATE TABLE `activity_log` (
  `id` bigint(20) unsigned NOT NULL AUTO_INCREMENT,
  `log_name` varchar(255) COLLATE utf8mb3_unicode_ci DEFAULT NULL,
  `description` text COLLATE utf8mb3_unicode_ci NOT NULL,
  `subject_id` bigint(20) DEFAULT NULL,
  `subject_type` varchar(255) COLLATE utf8mb3_unicode_ci DEFAULT NULL,
  `causer_id` int(11) DEFAULT NULL,
  `causer_type` varchar(255) COLLATE utf8mb3_unicode_ci DEFAULT NULL,
  `properties` text COLLATE utf8mb3_unicode_ci DEFAULT NULL,
  `created_at` timestamp NULL DEFAULT NULL,
  `updated_at` timestamp NULL DEFAULT NULL,
  PRIMARY KEY (`id`),
  KEY `activity_log_log_name_index` (`log_name`)
) ENGINE=InnoDB AUTO_INCREMENT=21 DEFAULT CHARSET=utf8mb3 COLLATE=utf8mb3_unicode_ci;


INSERT INTO `activity_log` (`id`, `log_name`, `description`, `subject_id`, `subject_type`, `causer_id`, `causer_type`, `properties`, `created_at`, `updated_at`)
VALUES
	(1,'order','created',1,'App\\Models\\Order',NULL,NULL,'{\"attributes\":{\"order_number\":\"#180700\",\"shop_id\":2,\"customer_id\":11,\"ship_to\":null,\"shipping_zone_id\":null,\"shipping_rate_id\":12,\"packaging_id\":null,\"item_count\":3,\"quantity\":3,\"shipping_weight\":\"524.000000\",\"taxrate\":null,\"total\":\"263.064485\",\"discount\":null,\"shipping\":\"3.000000\",\"packaging\":null,\"handling\":null,\"taxes\":null,\"grand_total\":\"266.064485\",\"billing_address\":\"<address>5876 Zulauf Well<br\\/>Morris Ways<br\\/>Sisterside, <br\\/> 18766-8046<br\\/><abbr title=\\\"Phone\\\">P:<\\/abbr> +1.283.389.4871<\\/address>\",\"shipping_address\":\"<address>5876 Zulauf Well<br\\/>Morris Ways<br\\/>Sisterside, <br\\/> 18766-8046<br\\/><abbr title=\\\"Phone\\\">P:<\\/abbr> +1.283.389.4871<\\/address>\",\"shipping_date\":null,\"delivery_date\":null,\"tracking_id\":\"RR123456789CN\",\"coupon_id\":null,\"carrier_id\":null,\"message_to_customer\":null,\"send_invoice_to_customer\":null,\"admin_note\":\"Possimus iste omnis non et quam.\",\"buyer_note\":\"Voluptatem vitae et cum eveniet iure sapiente.\",\"payment_method_id\":4,\"payment_instruction\":null,\"payment_ref_id\":null,\"payment_date\":null,\"payment_status\":1,\"order_status_id\":1,\"goods_received\":null,\"approved\":null,\"feedback_id\":null,\"disputed\":null,\"email\":null,\"customer_phone_number\":null,\"fulfilment_type\":\"deliver\",\"device_id\":null,\"razorpay_order_id\":null,\"razorpay_payment_id\":null,\"razorpay_signature\":null}}','2022-08-02 18:57:50','2022-08-02 18:57:50'),
	(2,'order','created',2,'App\\Models\\Order',NULL,NULL,'{\"attributes\":{\"order_number\":\"#746018\",\"shop_id\":5,\"customer_id\":14,\"ship_to\":null,\"shipping_zone_id\":null,\"shipping_rate_id\":47,\"packaging_id\":null,\"item_count\":7,\"quantity\":7,\"shipping_weight\":\"677.000000\",\"taxrate\":null,\"total\":\"313.563420\",\"discount\":null,\"shipping\":\"7.000000\",\"packaging\":null,\"handling\":null,\"taxes\":null,\"grand_total\":\"320.563420\",\"billing_address\":\"<address>146 Freddie Light Apt. 641<br\\/>Violet Ville<br\\/>Lake Pamelafurt, <br\\/> 66483-9624<br\\/><abbr title=\\\"Phone\\\">P:<\\/abbr> +1-747-686-9217<\\/address>\",\"shipping_address\":\"<address>146 Freddie Light Apt. 641<br\\/>Violet Ville<br\\/>Lake Pamelafurt, <br\\/> 66483-9624<br\\/><abbr title=\\\"Phone\\\">P:<\\/abbr> +1-747-686-9217<\\/address>\",\"shipping_date\":null,\"delivery_date\":null,\"tracking_id\":\"RR123456789CN\",\"coupon_id\":null,\"carrier_id\":null,\"message_to_customer\":null,\"send_invoice_to_customer\":null,\"admin_note\":\"Et autem sit quas ut aut.\",\"buyer_note\":\"Molestiae quae dolor amet qui neque ipsam.\",\"payment_method_id\":2,\"payment_instruction\":null,\"payment_ref_id\":null,\"payment_date\":null,\"payment_status\":1,\"order_status_id\":1,\"goods_received\":null,\"approved\":null,\"feedback_id\":null,\"disputed\":null,\"email\":null,\"customer_phone_number\":null,\"fulfilment_type\":\"deliver\",\"device_id\":null,\"razorpay_order_id\":null,\"razorpay_payment_id\":null,\"razorpay_signature\":null}}','2022-08-02 18:57:50','2022-08-02 18:57:50'),
	(3,'order','created',3,'App\\Models\\Order',NULL,NULL,'{\"attributes\":{\"order_number\":\"#686739\",\"shop_id\":4,\"customer_id\":8,\"ship_to\":null,\"shipping_zone_id\":null,\"shipping_rate_id\":44,\"packaging_id\":null,\"item_count\":9,\"quantity\":9,\"shipping_weight\":\"755.000000\",\"taxrate\":null,\"total\":\"358.284261\",\"discount\":null,\"shipping\":\"9.000000\",\"packaging\":null,\"handling\":null,\"taxes\":null,\"grand_total\":\"367.284261\",\"billing_address\":\"<address>88972 Schowalter Branch<br\\/>Precious Streets<br\\/>Trantowside, <br\\/> 16607-2322<br\\/><abbr title=\\\"Phone\\\">P:<\\/abbr> (469) 408-1777<\\/address>\",\"shipping_address\":\"<address>88972 Schowalter Branch<br\\/>Precious Streets<br\\/>Trantowside, <br\\/> 16607-2322<br\\/><abbr title=\\\"Phone\\\">P:<\\/abbr> (469) 408-1777<\\/address>\",\"shipping_date\":null,\"delivery_date\":null,\"tracking_id\":\"RR123456789CN\",\"coupon_id\":null,\"carrier_id\":null,\"message_to_customer\":null,\"send_invoice_to_customer\":null,\"admin_note\":\"Id ut sunt et adipisci sunt quaerat aperiam quo.\",\"buyer_note\":\"Occaecati dicta ipsum dolorem nulla officiis voluptates.\",\"payment_method_id\":3,\"payment_instruction\":null,\"payment_ref_id\":null,\"payment_date\":null,\"payment_status\":1,\"order_status_id\":1,\"goods_received\":null,\"approved\":null,\"feedback_id\":null,\"disputed\":null,\"email\":null,\"customer_phone_number\":null,\"fulfilment_type\":\"deliver\",\"device_id\":null,\"razorpay_order_id\":null,\"razorpay_payment_id\":null,\"razorpay_signature\":null}}','2022-08-02 18:57:50','2022-08-02 18:57:50'),
	(4,'order','created',4,'App\\Models\\Order',NULL,NULL,'{\"attributes\":{\"order_number\":\"#247468\",\"shop_id\":4,\"customer_id\":6,\"ship_to\":null,\"shipping_zone_id\":null,\"shipping_rate_id\":23,\"packaging_id\":null,\"item_count\":1,\"quantity\":1,\"shipping_weight\":\"344.000000\",\"taxrate\":null,\"total\":\"268.023505\",\"discount\":null,\"shipping\":\"1.000000\",\"packaging\":null,\"handling\":null,\"taxes\":null,\"grand_total\":\"269.023505\",\"billing_address\":\"<address>4296 Kenyatta Mount Apt. 269<br\\/>Zieme Grove<br\\/>Lydaborough, <br\\/>Corse 98689-6543<br\\/><abbr title=\\\"Phone\\\">P:<\\/abbr> 806.690.8834<\\/address>\",\"shipping_address\":\"<address>4296 Kenyatta Mount Apt. 269<br\\/>Zieme Grove<br\\/>Lydaborough, <br\\/>Corse 98689-6543<br\\/><abbr title=\\\"Phone\\\">P:<\\/abbr> 806.690.8834<\\/address>\",\"shipping_date\":null,\"delivery_date\":null,\"tracking_id\":\"RR123456789CN\",\"coupon_id\":null,\"carrier_id\":null,\"message_to_customer\":null,\"send_invoice_to_customer\":null,\"admin_note\":\"Non explicabo facere sed.\",\"buyer_note\":\"Magnam qui aut quo laboriosam eum error consequatur enim.\",\"payment_method_id\":1,\"payment_instruction\":null,\"payment_ref_id\":null,\"payment_date\":null,\"payment_status\":1,\"order_status_id\":1,\"goods_received\":null,\"approved\":null,\"feedback_id\":null,\"disputed\":null,\"email\":null,\"customer_phone_number\":null,\"fulfilment_type\":\"deliver\",\"device_id\":null,\"razorpay_order_id\":null,\"razorpay_payment_id\":null,\"razorpay_signature\":null}}','2022-08-02 18:57:50','2022-08-02 18:57:50'),
	(5,'order','created',5,'App\\Models\\Order',NULL,NULL,'{\"attributes\":{\"order_number\":\"#496533\",\"shop_id\":4,\"customer_id\":4,\"ship_to\":null,\"shipping_zone_id\":null,\"shipping_rate_id\":28,\"packaging_id\":null,\"item_count\":3,\"quantity\":3,\"shipping_weight\":\"673.000000\",\"taxrate\":null,\"total\":\"368.720000\",\"discount\":null,\"shipping\":\"3.000000\",\"packaging\":null,\"handling\":null,\"taxes\":null,\"grand_total\":\"371.720000\",\"billing_address\":\"<address>5606 Ida Radial Apt. 734<br\\/>Lueilwitz Coves<br\\/>South Edna, <br\\/> 90806-6337<br\\/><abbr title=\\\"Phone\\\">P:<\\/abbr> 385-338-8251<\\/address>\",\"shipping_address\":\"<address>5606 Ida Radial Apt. 734<br\\/>Lueilwitz Coves<br\\/>South Edna, <br\\/> 90806-6337<br\\/><abbr title=\\\"Phone\\\">P:<\\/abbr> 385-338-8251<\\/address>\",\"shipping_date\":null,\"delivery_date\":null,\"tracking_id\":\"RR123456789CN\",\"coupon_id\":null,\"carrier_id\":null,\"message_to_customer\":null,\"send_invoice_to_customer\":null,\"admin_note\":\"Possimus ut laborum placeat veritatis saepe deserunt aut iste.\",\"buyer_note\":\"Explicabo dolorem culpa odit ut cupiditate eligendi et.\",\"payment_method_id\":2,\"payment_instruction\":null,\"payment_ref_id\":null,\"payment_date\":null,\"payment_status\":1,\"order_status_id\":1,\"goods_received\":null,\"approved\":null,\"feedback_id\":null,\"disputed\":null,\"email\":null,\"customer_phone_number\":null,\"fulfilment_type\":\"deliver\",\"device_id\":null,\"razorpay_order_id\":null,\"razorpay_payment_id\":null,\"razorpay_signature\":null}}','2022-08-02 18:57:50','2022-08-02 18:57:50'),
	(6,'order','created',6,'App\\Models\\Order',NULL,NULL,'{\"attributes\":{\"order_number\":\"#474262\",\"shop_id\":3,\"customer_id\":11,\"ship_to\":null,\"shipping_zone_id\":null,\"shipping_rate_id\":26,\"packaging_id\":null,\"item_count\":9,\"quantity\":9,\"shipping_weight\":\"548.000000\",\"taxrate\":null,\"total\":\"238.800000\",\"discount\":null,\"shipping\":\"9.000000\",\"packaging\":null,\"handling\":null,\"taxes\":null,\"grand_total\":\"247.800000\",\"billing_address\":\"<address>5876 Zulauf Well<br\\/>Morris Ways<br\\/>Sisterside, <br\\/> 18766-8046<br\\/><abbr title=\\\"Phone\\\">P:<\\/abbr> +1.283.389.4871<\\/address>\",\"shipping_address\":\"<address>5876 Zulauf Well<br\\/>Morris Ways<br\\/>Sisterside, <br\\/> 18766-8046<br\\/><abbr title=\\\"Phone\\\">P:<\\/abbr> +1.283.389.4871<\\/address>\",\"shipping_date\":null,\"delivery_date\":null,\"tracking_id\":\"RR123456789CN\",\"coupon_id\":null,\"carrier_id\":null,\"message_to_customer\":null,\"send_invoice_to_customer\":null,\"admin_note\":\"Illum necessitatibus quia distinctio quia.\",\"buyer_note\":\"Minima iure et eveniet voluptatibus et et qui maiores.\",\"payment_method_id\":1,\"payment_instruction\":null,\"payment_ref_id\":null,\"payment_date\":null,\"payment_status\":1,\"order_status_id\":1,\"goods_received\":null,\"approved\":null,\"feedback_id\":null,\"disputed\":null,\"email\":null,\"customer_phone_number\":null,\"fulfilment_type\":\"deliver\",\"device_id\":null,\"razorpay_order_id\":null,\"razorpay_payment_id\":null,\"razorpay_signature\":null}}','2022-08-02 18:57:50','2022-08-02 18:57:50'),
	(7,'order','created',7,'App\\Models\\Order',NULL,NULL,'{\"attributes\":{\"order_number\":\"#488139\",\"shop_id\":5,\"customer_id\":10,\"ship_to\":null,\"shipping_zone_id\":null,\"shipping_rate_id\":15,\"packaging_id\":null,\"item_count\":9,\"quantity\":9,\"shipping_weight\":\"151.000000\",\"taxrate\":null,\"total\":\"317.710000\",\"discount\":null,\"shipping\":\"9.000000\",\"packaging\":null,\"handling\":null,\"taxes\":null,\"grand_total\":\"326.710000\",\"billing_address\":\"<address>51889 Kole Mission<br\\/>Wisoky Springs<br\\/>Spencerview, <br\\/> 48088<br\\/><abbr title=\\\"Phone\\\">P:<\\/abbr> 1-657-445-1455<\\/address>\",\"shipping_address\":\"<address>51889 Kole Mission<br\\/>Wisoky Springs<br\\/>Spencerview, <br\\/> 48088<br\\/><abbr title=\\\"Phone\\\">P:<\\/abbr> 1-657-445-1455<\\/address>\",\"shipping_date\":null,\"delivery_date\":null,\"tracking_id\":\"RR123456789CN\",\"coupon_id\":null,\"carrier_id\":null,\"message_to_customer\":null,\"send_invoice_to_customer\":null,\"admin_note\":\"Maiores aspernatur corporis totam veniam sequi.\",\"buyer_note\":\"Atque accusantium fugiat officia eligendi dolorum.\",\"payment_method_id\":1,\"payment_instruction\":null,\"payment_ref_id\":null,\"payment_date\":null,\"payment_status\":1,\"order_status_id\":1,\"goods_received\":null,\"approved\":null,\"feedback_id\":null,\"disputed\":null,\"email\":null,\"customer_phone_number\":null,\"fulfilment_type\":\"deliver\",\"device_id\":null,\"razorpay_order_id\":null,\"razorpay_payment_id\":null,\"razorpay_signature\":null}}','2022-08-02 18:57:50','2022-08-02 18:57:50'),
	(8,'order','created',8,'App\\Models\\Order',NULL,NULL,'{\"attributes\":{\"order_number\":\"#032872\",\"shop_id\":2,\"customer_id\":7,\"ship_to\":null,\"shipping_zone_id\":null,\"shipping_rate_id\":49,\"packaging_id\":null,\"item_count\":5,\"quantity\":5,\"shipping_weight\":\"596.000000\",\"taxrate\":null,\"total\":\"172.681003\",\"discount\":null,\"shipping\":\"5.000000\",\"packaging\":null,\"handling\":null,\"taxes\":null,\"grand_total\":\"177.681003\",\"billing_address\":\"<address>98879 Bud Groves Apt. 375<br\\/>Geraldine Port<br\\/>Rowehaven, <br\\/>Kampong Thum 79605-3218<br\\/><abbr title=\\\"Phone\\\">P:<\\/abbr> +1-631-513-2222<\\/address>\",\"shipping_address\":\"<address>98879 Bud Groves Apt. 375<br\\/>Geraldine Port<br\\/>Rowehaven, <br\\/>Kampong Thum 79605-3218<br\\/><abbr title=\\\"Phone\\\">P:<\\/abbr> +1-631-513-2222<\\/address>\",\"shipping_date\":null,\"delivery_date\":null,\"tracking_id\":\"RR123456789CN\",\"coupon_id\":null,\"carrier_id\":null,\"message_to_customer\":null,\"send_invoice_to_customer\":null,\"admin_note\":\"Sit praesentium possimus vel cum saepe.\",\"buyer_note\":\"Ut provident ducimus voluptatem qui explicabo culpa.\",\"payment_method_id\":2,\"payment_instruction\":null,\"payment_ref_id\":null,\"payment_date\":null,\"payment_status\":1,\"order_status_id\":1,\"goods_received\":null,\"approved\":null,\"feedback_id\":null,\"disputed\":null,\"email\":null,\"customer_phone_number\":null,\"fulfilment_type\":\"deliver\",\"device_id\":null,\"razorpay_order_id\":null,\"razorpay_payment_id\":null,\"razorpay_signature\":null}}','2022-08-02 18:57:50','2022-08-02 18:57:50'),
	(9,'order','created',9,'App\\Models\\Order',NULL,NULL,'{\"attributes\":{\"order_number\":\"#000830\",\"shop_id\":3,\"customer_id\":13,\"ship_to\":null,\"shipping_zone_id\":null,\"shipping_rate_id\":38,\"packaging_id\":null,\"item_count\":7,\"quantity\":7,\"shipping_weight\":\"551.000000\",\"taxrate\":null,\"total\":\"123.999070\",\"discount\":null,\"shipping\":\"7.000000\",\"packaging\":null,\"handling\":null,\"taxes\":null,\"grand_total\":\"130.999070\",\"billing_address\":\"<address>79160 Addison Views Suite 003<br\\/>Stevie Mountain<br\\/>North Chloe, <br\\/> 52366-7864<br\\/><abbr title=\\\"Phone\\\">P:<\\/abbr> +1-410-235-7104<\\/address>\",\"shipping_address\":\"<address>79160 Addison Views Suite 003<br\\/>Stevie Mountain<br\\/>North Chloe, <br\\/> 52366-7864<br\\/><abbr title=\\\"Phone\\\">P:<\\/abbr> +1-410-235-7104<\\/address>\",\"shipping_date\":null,\"delivery_date\":null,\"tracking_id\":\"RR123456789CN\",\"coupon_id\":null,\"carrier_id\":null,\"message_to_customer\":null,\"send_invoice_to_customer\":null,\"admin_note\":\"Vel quaerat aut commodi voluptatem earum.\",\"buyer_note\":\"Dicta dolores illo voluptas quia maxime inventore quae tempore.\",\"payment_method_id\":2,\"payment_instruction\":null,\"payment_ref_id\":null,\"payment_date\":null,\"payment_status\":1,\"order_status_id\":1,\"goods_received\":null,\"approved\":null,\"feedback_id\":null,\"disputed\":null,\"email\":null,\"customer_phone_number\":null,\"fulfilment_type\":\"deliver\",\"device_id\":null,\"razorpay_order_id\":null,\"razorpay_payment_id\":null,\"razorpay_signature\":null}}','2022-08-02 18:57:50','2022-08-02 18:57:50'),
	(10,'order','created',10,'App\\Models\\Order',NULL,NULL,'{\"attributes\":{\"order_number\":\"#879754\",\"shop_id\":1,\"customer_id\":9,\"ship_to\":null,\"shipping_zone_id\":null,\"shipping_rate_id\":44,\"packaging_id\":null,\"item_count\":8,\"quantity\":8,\"shipping_weight\":\"511.000000\",\"taxrate\":null,\"total\":\"174.538000\",\"discount\":null,\"shipping\":\"8.000000\",\"packaging\":null,\"handling\":null,\"taxes\":null,\"grand_total\":\"182.538000\",\"billing_address\":\"<address>159 Caden Mountain Suite 367<br\\/>Felipa Spurs<br\\/>Lake Aidan, <br\\/> 13150<br\\/><abbr title=\\\"Phone\\\">P:<\\/abbr> 240.641.1285<\\/address>\",\"shipping_address\":\"<address>159 Caden Mountain Suite 367<br\\/>Felipa Spurs<br\\/>Lake Aidan, <br\\/> 13150<br\\/><abbr title=\\\"Phone\\\">P:<\\/abbr> 240.641.1285<\\/address>\",\"shipping_date\":null,\"delivery_date\":null,\"tracking_id\":\"RR123456789CN\",\"coupon_id\":null,\"carrier_id\":null,\"message_to_customer\":null,\"send_invoice_to_customer\":null,\"admin_note\":\"Saepe fuga qui aut est itaque quos.\",\"buyer_note\":\"Quod tempore blanditiis autem error eius asperiores.\",\"payment_method_id\":2,\"payment_instruction\":null,\"payment_ref_id\":null,\"payment_date\":null,\"payment_status\":1,\"order_status_id\":1,\"goods_received\":null,\"approved\":null,\"feedback_id\":null,\"disputed\":null,\"email\":null,\"customer_phone_number\":null,\"fulfilment_type\":\"deliver\",\"device_id\":null,\"razorpay_order_id\":null,\"razorpay_payment_id\":null,\"razorpay_signature\":null}}','2022-08-02 18:57:50','2022-08-02 18:57:50'),
	(11,'order','created',11,'App\\Models\\Order',NULL,NULL,'{\"attributes\":{\"order_number\":\"#795595\",\"shop_id\":1,\"customer_id\":14,\"ship_to\":null,\"shipping_zone_id\":null,\"shipping_rate_id\":38,\"packaging_id\":null,\"item_count\":2,\"quantity\":2,\"shipping_weight\":\"519.000000\",\"taxrate\":null,\"total\":\"347.460761\",\"discount\":null,\"shipping\":\"2.000000\",\"packaging\":null,\"handling\":null,\"taxes\":null,\"grand_total\":\"349.460761\",\"billing_address\":\"<address>146 Freddie Light Apt. 641<br\\/>Violet Ville<br\\/>Lake Pamelafurt, <br\\/> 66483-9624<br\\/><abbr title=\\\"Phone\\\">P:<\\/abbr> +1-747-686-9217<\\/address>\",\"shipping_address\":\"<address>146 Freddie Light Apt. 641<br\\/>Violet Ville<br\\/>Lake Pamelafurt, <br\\/> 66483-9624<br\\/><abbr title=\\\"Phone\\\">P:<\\/abbr> +1-747-686-9217<\\/address>\",\"shipping_date\":null,\"delivery_date\":null,\"tracking_id\":\"RR123456789CN\",\"coupon_id\":null,\"carrier_id\":null,\"message_to_customer\":null,\"send_invoice_to_customer\":null,\"admin_note\":\"Suscipit et facere consequatur placeat ullam qui fuga.\",\"buyer_note\":\"Voluptas molestiae libero reiciendis dolorem harum voluptatem.\",\"payment_method_id\":3,\"payment_instruction\":null,\"payment_ref_id\":null,\"payment_date\":null,\"payment_status\":1,\"order_status_id\":1,\"goods_received\":null,\"approved\":null,\"feedback_id\":null,\"disputed\":null,\"email\":null,\"customer_phone_number\":null,\"fulfilment_type\":\"deliver\",\"device_id\":null,\"razorpay_order_id\":null,\"razorpay_payment_id\":null,\"razorpay_signature\":null}}','2022-08-02 18:57:50','2022-08-02 18:57:50'),
	(12,'order','created',12,'App\\Models\\Order',NULL,NULL,'{\"attributes\":{\"order_number\":\"#335223\",\"shop_id\":3,\"customer_id\":1,\"ship_to\":null,\"shipping_zone_id\":null,\"shipping_rate_id\":24,\"packaging_id\":null,\"item_count\":6,\"quantity\":6,\"shipping_weight\":\"262.000000\",\"taxrate\":null,\"total\":\"279.366000\",\"discount\":null,\"shipping\":\"6.000000\",\"packaging\":null,\"handling\":null,\"taxes\":null,\"grand_total\":\"285.366000\",\"billing_address\":\"<address>1537 Tremblay Wells<br\\/>Brandt Cliffs<br\\/>South Eusebio, <br\\/> 64251-3760<br\\/><abbr title=\\\"Phone\\\">P:<\\/abbr> 412-933-3397<\\/address>\",\"shipping_address\":\"<address>1537 Tremblay Wells<br\\/>Brandt Cliffs<br\\/>South Eusebio, <br\\/> 64251-3760<br\\/><abbr title=\\\"Phone\\\">P:<\\/abbr> 412-933-3397<\\/address>\",\"shipping_date\":null,\"delivery_date\":null,\"tracking_id\":\"RR123456789CN\",\"coupon_id\":null,\"carrier_id\":null,\"message_to_customer\":null,\"send_invoice_to_customer\":null,\"admin_note\":\"Saepe blanditiis numquam praesentium quidem delectus quasi sed et.\",\"buyer_note\":\"Tempore ut aut itaque fuga quisquam.\",\"payment_method_id\":3,\"payment_instruction\":null,\"payment_ref_id\":null,\"payment_date\":null,\"payment_status\":1,\"order_status_id\":1,\"goods_received\":null,\"approved\":null,\"feedback_id\":null,\"disputed\":null,\"email\":null,\"customer_phone_number\":null,\"fulfilment_type\":\"deliver\",\"device_id\":null,\"razorpay_order_id\":null,\"razorpay_payment_id\":null,\"razorpay_signature\":null}}','2022-08-02 18:57:50','2022-08-02 18:57:50'),
	(13,'order','created',13,'App\\Models\\Order',NULL,NULL,'{\"attributes\":{\"order_number\":\"#051437\",\"shop_id\":4,\"customer_id\":7,\"ship_to\":null,\"shipping_zone_id\":null,\"shipping_rate_id\":16,\"packaging_id\":null,\"item_count\":2,\"quantity\":2,\"shipping_weight\":\"379.000000\",\"taxrate\":null,\"total\":\"246.205728\",\"discount\":null,\"shipping\":\"2.000000\",\"packaging\":null,\"handling\":null,\"taxes\":null,\"grand_total\":\"248.205728\",\"billing_address\":\"<address>98879 Bud Groves Apt. 375<br\\/>Geraldine Port<br\\/>Rowehaven, <br\\/>Kampong Thum 79605-3218<br\\/><abbr title=\\\"Phone\\\">P:<\\/abbr> +1-631-513-2222<\\/address>\",\"shipping_address\":\"<address>98879 Bud Groves Apt. 375<br\\/>Geraldine Port<br\\/>Rowehaven, <br\\/>Kampong Thum 79605-3218<br\\/><abbr title=\\\"Phone\\\">P:<\\/abbr> +1-631-513-2222<\\/address>\",\"shipping_date\":null,\"delivery_date\":null,\"tracking_id\":\"RR123456789CN\",\"coupon_id\":null,\"carrier_id\":null,\"message_to_customer\":null,\"send_invoice_to_customer\":null,\"admin_note\":\"Sit maiores molestiae soluta magnam earum.\",\"buyer_note\":\"Cum accusamus in magnam sit.\",\"payment_method_id\":3,\"payment_instruction\":null,\"payment_ref_id\":null,\"payment_date\":null,\"payment_status\":1,\"order_status_id\":1,\"goods_received\":null,\"approved\":null,\"feedback_id\":null,\"disputed\":null,\"email\":null,\"customer_phone_number\":null,\"fulfilment_type\":\"deliver\",\"device_id\":null,\"razorpay_order_id\":null,\"razorpay_payment_id\":null,\"razorpay_signature\":null}}','2022-08-02 18:57:50','2022-08-02 18:57:50'),
	(14,'order','created',14,'App\\Models\\Order',NULL,NULL,'{\"attributes\":{\"order_number\":\"#809175\",\"shop_id\":3,\"customer_id\":12,\"ship_to\":null,\"shipping_zone_id\":null,\"shipping_rate_id\":39,\"packaging_id\":null,\"item_count\":9,\"quantity\":9,\"shipping_weight\":\"560.000000\",\"taxrate\":null,\"total\":\"240.622000\",\"discount\":null,\"shipping\":\"9.000000\",\"packaging\":null,\"handling\":null,\"taxes\":null,\"grand_total\":\"249.622000\",\"billing_address\":\"<address>2268 Ludie Burg Suite 046<br\\/>Pfeffer Mall<br\\/>Kayceeberg, <br\\/> 56126<br\\/><abbr title=\\\"Phone\\\">P:<\\/abbr> 763-615-3061<\\/address>\",\"shipping_address\":\"<address>2268 Ludie Burg Suite 046<br\\/>Pfeffer Mall<br\\/>Kayceeberg, <br\\/> 56126<br\\/><abbr title=\\\"Phone\\\">P:<\\/abbr> 763-615-3061<\\/address>\",\"shipping_date\":null,\"delivery_date\":null,\"tracking_id\":\"RR123456789CN\",\"coupon_id\":null,\"carrier_id\":null,\"message_to_customer\":null,\"send_invoice_to_customer\":null,\"admin_note\":\"Itaque aliquam quod quam nam accusamus minus.\",\"buyer_note\":\"Commodi ad eos quia aut omnis omnis eum iste.\",\"payment_method_id\":3,\"payment_instruction\":null,\"payment_ref_id\":null,\"payment_date\":null,\"payment_status\":1,\"order_status_id\":1,\"goods_received\":null,\"approved\":null,\"feedback_id\":null,\"disputed\":null,\"email\":null,\"customer_phone_number\":null,\"fulfilment_type\":\"deliver\",\"device_id\":null,\"razorpay_order_id\":null,\"razorpay_payment_id\":null,\"razorpay_signature\":null}}','2022-08-02 18:57:50','2022-08-02 18:57:50'),
	(15,'order','created',15,'App\\Models\\Order',NULL,NULL,'{\"attributes\":{\"order_number\":\"#952515\",\"shop_id\":1,\"customer_id\":5,\"ship_to\":null,\"shipping_zone_id\":null,\"shipping_rate_id\":25,\"packaging_id\":null,\"item_count\":1,\"quantity\":1,\"shipping_weight\":\"464.000000\",\"taxrate\":null,\"total\":\"147.880000\",\"discount\":null,\"shipping\":\"1.000000\",\"packaging\":null,\"handling\":null,\"taxes\":null,\"grand_total\":\"148.880000\",\"billing_address\":\"<address>69481 Quitzon Trail<br\\/>Parker Drives<br\\/>Rosenbaumview, <br\\/> 51056-6386<br\\/><abbr title=\\\"Phone\\\">P:<\\/abbr> +19474510747<\\/address>\",\"shipping_address\":\"<address>69481 Quitzon Trail<br\\/>Parker Drives<br\\/>Rosenbaumview, <br\\/> 51056-6386<br\\/><abbr title=\\\"Phone\\\">P:<\\/abbr> +19474510747<\\/address>\",\"shipping_date\":null,\"delivery_date\":null,\"tracking_id\":\"RR123456789CN\",\"coupon_id\":null,\"carrier_id\":null,\"message_to_customer\":null,\"send_invoice_to_customer\":null,\"admin_note\":\"Maiores labore delectus et veritatis.\",\"buyer_note\":\"Voluptatum repellat velit non et velit.\",\"payment_method_id\":2,\"payment_instruction\":null,\"payment_ref_id\":null,\"payment_date\":null,\"payment_status\":1,\"order_status_id\":1,\"goods_received\":null,\"approved\":null,\"feedback_id\":null,\"disputed\":null,\"email\":null,\"customer_phone_number\":null,\"fulfilment_type\":\"deliver\",\"device_id\":null,\"razorpay_order_id\":null,\"razorpay_payment_id\":null,\"razorpay_signature\":null}}','2022-08-02 18:57:50','2022-08-02 18:57:50'),
	(16,'disput','created',1,'App\\Models\\Dispute',NULL,NULL,'{\"attributes\":{\"shop_id\":5,\"dispute_type_id\":2,\"customer_id\":14,\"order_id\":2,\"product_id\":null,\"description\":\"Veritatis dolore animi non est voluptatem est. Sit fuga sunt ut cumque eaque doloribus.\",\"order_received\":false,\"return_goods\":true,\"refund_amount\":null,\"status\":2}}','2022-08-02 18:57:50','2022-08-02 18:57:50'),
	(17,'disput','created',2,'App\\Models\\Dispute',NULL,NULL,'{\"attributes\":{\"shop_id\":4,\"dispute_type_id\":1,\"customer_id\":4,\"order_id\":5,\"product_id\":null,\"description\":\"Nostrum sint quos molestiae harum quas incidunt. Fuga rem quia a alias. Eos qui a itaque eum.\",\"order_received\":false,\"return_goods\":true,\"refund_amount\":null,\"status\":4}}','2022-08-02 18:57:50','2022-08-02 18:57:50'),
	(18,'disput','created',3,'App\\Models\\Dispute',NULL,NULL,'{\"attributes\":{\"shop_id\":2,\"dispute_type_id\":2,\"customer_id\":7,\"order_id\":8,\"product_id\":null,\"description\":\"Iste omnis voluptas id sit iste. Recusandae labore ipsa in. Reiciendis delectus iste neque et.\",\"order_received\":true,\"return_goods\":true,\"refund_amount\":null,\"status\":5}}','2022-08-02 18:57:50','2022-08-02 18:57:50'),
	(19,'disput','created',4,'App\\Models\\Dispute',NULL,NULL,'{\"attributes\":{\"shop_id\":2,\"dispute_type_id\":1,\"customer_id\":11,\"order_id\":1,\"product_id\":null,\"description\":\"Delectus quae neque harum ut maxime labore. Accusantium ut velit mollitia ea officiis ut repellat.\",\"order_received\":false,\"return_goods\":false,\"refund_amount\":null,\"status\":2}}','2022-08-02 18:57:50','2022-08-02 18:57:50'),
	(20,'disput','created',5,'App\\Models\\Dispute',NULL,NULL,'{\"attributes\":{\"shop_id\":1,\"dispute_type_id\":7,\"customer_id\":14,\"order_id\":11,\"product_id\":null,\"description\":\"Et incidunt suscipit tempora dolorum dolor repellat dolor. Voluptas itaque quod facere minus in.\",\"order_received\":false,\"return_goods\":true,\"refund_amount\":null,\"status\":2}}','2022-08-02 18:57:50','2022-08-02 18:57:50');



# Dump of table address_types
# ------------------------------------------------------------


CREATE TABLE `address_types` (
  `id` int(10) unsigned NOT NULL AUTO_INCREMENT,
  `type` varchar(255) COLLATE utf8mb3_unicode_ci NOT NULL,
  PRIMARY KEY (`id`),
  UNIQUE KEY `address_types_type_unique` (`type`)
) ENGINE=InnoDB AUTO_INCREMENT=4 DEFAULT CHARSET=utf8mb3 COLLATE=utf8mb3_unicode_ci;


INSERT INTO `address_types` (`id`, `type`)
VALUES
	(2,'Billing'),
	(1,'Primary'),
	(3,'Shipping');



# Dump of table addresses
# ------------------------------------------------------------


CREATE TABLE `addresses` (
  `id` bigint(20) unsigned NOT NULL AUTO_INCREMENT,
  `address_type` varchar(255) COLLATE utf8mb3_unicode_ci DEFAULT 'Primary',
  `address_title` varchar(255) COLLATE utf8mb3_unicode_ci DEFAULT NULL,
  `address_line_1` varchar(255) COLLATE utf8mb3_unicode_ci DEFAULT NULL,
  `address_line_2` varchar(255) COLLATE utf8mb3_unicode_ci DEFAULT NULL,
  `city` varchar(255) COLLATE utf8mb3_unicode_ci DEFAULT NULL,
  `state_id` int(10) unsigned DEFAULT NULL,
  `zip_code` varchar(255) COLLATE utf8mb3_unicode_ci DEFAULT NULL,
  `country_id` int(10) unsigned DEFAULT NULL,
  `phone` varchar(255) COLLATE utf8mb3_unicode_ci DEFAULT NULL,
  `latitude` double(8,2) DEFAULT NULL,
  `longitude` double(8,2) DEFAULT NULL,
  `addressable_id` bigint(20) unsigned NOT NULL,
  `addressable_type` varchar(255) COLLATE utf8mb3_unicode_ci NOT NULL,
  `created_at` timestamp NULL DEFAULT NULL,
  `updated_at` timestamp NULL DEFAULT NULL,
  PRIMARY KEY (`id`),
  KEY `addresses_country_id_foreign` (`country_id`),
  CONSTRAINT `addresses_country_id_foreign` FOREIGN KEY (`country_id`) REFERENCES `countries` (`id`)
) ENGINE=InnoDB AUTO_INCREMENT=68 DEFAULT CHARSET=utf8mb3 COLLATE=utf8mb3_unicode_ci;


INSERT INTO `addresses` (`id`, `address_type`, `address_title`, `address_line_1`, `address_line_2`, `city`, `state_id`, `zip_code`, `country_id`, `phone`, `latitude`, `longitude`, `addressable_id`, `addressable_type`, `created_at`, `updated_at`)
VALUES
	(1,'Primary',NULL,'Platform Address',NULL,'Hollywood',453,'63585',840,NULL,NULL,NULL,1,'App\\Models\\System','2022-08-02 18:57:42','2022-08-02 18:57:42'),
	(2,'Primary','Primary Address',NULL,NULL,NULL,523,NULL,840,NULL,NULL,NULL,1,'App\\Models\\User','2022-08-02 18:57:42','2022-08-02 18:57:42'),
	(3,'Primary','Admin User','336 Bailey Circles','Allene Inlet','Henrifurt',NULL,'55593',258,'1-828-416-8043',-85.85,89.91,2,'App\\Models\\User','2022-08-02 18:57:43','2022-08-02 18:57:43'),
	(4,'Primary','Tate Kertzmann','965 Christa Mews','Schuster Square','Talonburgh',147,'68056',124,'469.461.4622',-29.52,45.65,3,'App\\Models\\Merchant','2022-08-02 18:57:43','2022-08-02 18:57:43'),
	(5,'Primary','Darrel Berge I','9105 Kunde Falls Apt. 184','Waelchi Ridge','Lake Lessie',NULL,'47192-2811',598,'+17756304107',58.86,-43.26,4,'App\\Models\\Merchant','2022-08-02 18:57:43','2022-08-02 18:57:43'),
	(6,'Primary','Prof. Abbigail Nader MD','2057 Blick Estates Apt. 244','Effertz Course','Kayliemouth',339,'85022-2900',826,'1-956-578-8180',-22.97,-40.93,5,'App\\Models\\Merchant','2022-08-02 18:57:43','2022-08-02 18:57:43'),
	(7,'Primary','Ladarius Wunsch','73589 Rosalind Mountains','Alisha Well','Toychester',NULL,'13424',440,'+1-310-750-6514',-21.93,-83.49,6,'App\\Models\\Merchant','2022-08-02 18:57:43','2022-08-02 18:57:43'),
	(8,'Primary','Dr. Sid Tillman','636 Zieme Harbor Suite 267','Keeling Corners','New Dangelo',NULL,'54736-4888',748,'443-900-5943',-50.74,-29.56,7,'App\\Models\\Merchant','2022-08-02 18:57:43','2022-08-02 18:57:43'),
	(9,'Primary',NULL,'Demo Platform Address',NULL,'Demo City',380,'63585',604,'+1.431.253.0341',NULL,NULL,1,'App\\Models\\Shop','2022-08-15 18:57:43','2022-08-15 18:57:43'),
	(10,'Primary',NULL,'Demo Platform Address',NULL,'Demo City',380,'63585',604,'+1.431.253.0341',NULL,NULL,2,'App\\Models\\Shop','2022-08-15 18:57:43','2022-08-15 18:57:43'),
	(11,'Primary',NULL,'Demo Platform Address',NULL,'Demo City',380,'63585',604,'+1.431.253.0341',NULL,NULL,3,'App\\Models\\Shop','2022-08-15 18:57:43','2022-08-15 18:57:43'),
	(12,'Primary',NULL,'Demo Platform Address',NULL,'Demo City',380,'63585',604,'+1.431.253.0341',NULL,NULL,4,'App\\Models\\Shop','2022-08-15 18:57:43','2022-08-15 18:57:43'),
	(13,'Primary',NULL,'Demo Platform Address',NULL,'Demo City',380,'63585',604,'+1.431.253.0341',NULL,NULL,5,'App\\Models\\Shop','2022-08-15 18:57:43','2022-08-15 18:57:43'),
	(14,'Primary','Cornell Parker','1537 Tremblay Wells','Brandt Cliffs','South Eusebio',NULL,'64251-3760',232,'412-933-3397',-42.62,23.73,1,'App\\Models\\Customer','2022-08-02 18:57:44','2022-08-02 18:57:44'),
	(15,'Billing','Office Address','254 Raheem Lane Apt. 309','Paige Valleys','Hicklemouth',NULL,'91737-4028',258,'+1-843-540-9724',42.54,117.31,1,'App\\Models\\Customer','2022-08-02 18:57:44','2022-08-02 18:57:44'),
	(16,'Shipping','Dorm Address','90437 Gusikowski Islands','Alfonso Wall','Lake Darleneton',NULL,'15093-8389',320,'+1 (682) 370-6344',65.97,103.49,1,'App\\Models\\Customer','2022-08-02 18:57:44','2022-08-02 18:57:44'),
	(17,'Primary','Miss Daphnee Rau','48077 Augustine Green','Auer Falls','East Kira',NULL,'57434',86,'(360) 570-5606',-5.83,-96.51,2,'App\\Models\\Customer','2022-08-02 18:57:45','2022-08-02 18:57:45'),
	(18,'Billing','Office Address','7810 Andres Lake Suite 306','Mayer Fields','South Billie',NULL,'83535',184,'(650) 241-9779',-76.65,-134.27,2,'App\\Models\\Customer','2022-08-02 18:57:45','2022-08-02 18:57:45'),
	(19,'Shipping','Dorm Address','92464 Charlie Ports','Vicente Fall','East Riley',NULL,'07591-4229',100,'+1-281-907-7639',-52.79,-29.04,2,'App\\Models\\Customer','2022-08-02 18:57:45','2022-08-02 18:57:45'),
	(20,'Primary','Paris Braun','77275 Asa Throughway','McGlynn Plaza','West Fletahaven',NULL,'61103',344,'1-341-968-1989',18.33,49.17,3,'App\\Models\\Customer','2022-08-02 18:57:45','2022-08-02 18:57:45'),
	(21,'Billing','Office Address','4430 Johnston Centers','Toy Radial','Joelleberg',NULL,'93636-2162',300,'+1-559-280-4600',87.82,-132.06,3,'App\\Models\\Customer','2022-08-02 18:57:45','2022-08-02 18:57:45'),
	(22,'Shipping','Hotel Address','20987 Langworth Isle','Miller Mission','Port Marge',NULL,'17739-7240',20,'1-283-691-0563',-72.67,-131.02,3,'App\\Models\\Customer','2022-08-02 18:57:45','2022-08-02 18:57:45'),
	(23,'Primary','Dr. Rosendo Heathcote MD','5606 Ida Radial Apt. 734','Lueilwitz Coves','South Edna',NULL,'90806-6337',674,'385-338-8251',20.50,37.81,4,'App\\Models\\Customer','2022-08-02 18:57:45','2022-08-02 18:57:45'),
	(24,'Billing','Office Address','248 Willis Parks Apt. 970','Little Gateway','South Hildegard',NULL,'69530-9039',231,'1-469-398-6965',7.72,-35.71,4,'App\\Models\\Customer','2022-08-02 18:57:45','2022-08-02 18:57:45'),
	(25,'Shipping','Office Address','290 White Way Apt. 066','Russel Run','New Ebonyton',154,'96055',152,'1-541-873-9347',10.33,-125.07,4,'App\\Models\\Customer','2022-08-02 18:57:45','2022-08-02 18:57:45'),
	(26,'Primary','Kitty Mills','69481 Quitzon Trail','Parker Drives','Rosenbaumview',NULL,'51056-6386',470,'+19474510747',12.61,157.66,5,'App\\Models\\Customer','2022-08-02 18:57:45','2022-08-02 18:57:45'),
	(27,'Billing','Home Address','941 Doyle Cliff Suite 406','Rippin Forge','Hudsonfurt',NULL,'14505',584,'+17184373018',79.00,36.91,5,'App\\Models\\Customer','2022-08-02 18:57:45','2022-08-02 18:57:45'),
	(28,'Shipping','Dorm Address','233 Kathryn Glen','Simonis Walks','Daisystad',NULL,'34414-9838',710,'(754) 909-0034',-85.86,109.51,5,'App\\Models\\Customer','2022-08-02 18:57:45','2022-08-02 18:57:45'),
	(29,'Primary','Trystan Jaskolski','4296 Kenyatta Mount Apt. 269','Zieme Grove','Lydaborough',314,'98689-6543',250,'806.690.8834',-51.98,-91.54,6,'App\\Models\\Customer','2022-08-02 18:57:45','2022-08-02 18:57:45'),
	(30,'Billing','Dorm Address','70569 Mathias Mountains Suite 618','O\'Hara Isle','Gabemouth',NULL,'87509',729,'1-616-423-8415',86.21,86.64,6,'App\\Models\\Customer','2022-08-02 18:57:45','2022-08-02 18:57:45'),
	(31,'Shipping','Hotel Address','8332 Domingo Plaza Apt. 895','Mueller Green','North Onaberg',NULL,'86682-1273',324,'689.339.3012',-20.37,73.00,6,'App\\Models\\Customer','2022-08-02 18:57:45','2022-08-02 18:57:45'),
	(32,'Primary','Eileen Treutel','98879 Bud Groves Apt. 375','Geraldine Port','Rowehaven',749,'79605-3218',116,'+1-631-513-2222',71.74,151.56,7,'App\\Models\\Customer','2022-08-02 18:57:45','2022-08-02 18:57:45'),
	(33,'Billing','Hotel Address','9595 Tillman Turnpike Suite 364','Favian Stream','East Chaddstad',NULL,'99373',728,'540-873-3207',-76.93,-149.51,7,'App\\Models\\Customer','2022-08-02 18:57:45','2022-08-02 18:57:45'),
	(34,'Shipping','Home Address','484 Emard Pine Suite 168','Hazle Mountain','Port Jocelynborough',NULL,'77398',581,'(531) 578-0465',-80.31,80.40,7,'App\\Models\\Customer','2022-08-02 18:57:45','2022-08-02 18:57:45'),
	(35,'Primary','Kelley Brown','88972 Schowalter Branch','Precious Streets','Trantowside',NULL,'16607-2322',368,'(469) 408-1777',-65.58,-170.96,8,'App\\Models\\Customer','2022-08-02 18:57:45','2022-08-02 18:57:45'),
	(36,'Billing','Hotel Address','5480 Greg Harbor','Joanie Pike','Lake Raoul',NULL,'41311',12,'1-934-383-5753',-88.23,98.97,8,'App\\Models\\Customer','2022-08-02 18:57:45','2022-08-02 18:57:45'),
	(37,'Shipping','Home Address','9864 Hackett Port Suite 009','Hegmann Glen','Lakintown',1104,'66327-9826',690,'786.498.0889',36.95,165.53,8,'App\\Models\\Customer','2022-08-02 18:57:45','2022-08-02 18:57:45'),
	(38,'Primary','Kelley Herman','159 Caden Mountain Suite 367','Felipa Spurs','Lake Aidan',NULL,'13150',574,'240.641.1285',-56.02,-73.24,9,'App\\Models\\Customer','2022-08-02 18:57:45','2022-08-02 18:57:45'),
	(39,'Billing','Home Address','20258 O\'Kon Islands','Amaya Burgs','North Rebachester',769,'90047-4635',414,'1-364-246-8822',12.89,-119.99,9,'App\\Models\\Customer','2022-08-02 18:57:45','2022-08-02 18:57:45'),
	(40,'Shipping','Office Address','2365 Stanford Pike Suite 173','Anderson Glens','Stokeshaven',NULL,'98241',90,'820-348-9854',59.15,-133.54,9,'App\\Models\\Customer','2022-08-02 18:57:45','2022-08-02 18:57:45'),
	(41,'Primary','Sigrid Wintheiser Jr.','51889 Kole Mission','Wisoky Springs','Spencerview',NULL,'48088',654,'1-657-445-1455',46.13,-94.40,10,'App\\Models\\Customer','2022-08-02 18:57:45','2022-08-02 18:57:45'),
	(42,'Billing','Office Address','30082 Erling Extension Apt. 447','Kenyon Heights','Mayerview',NULL,'68869',8,'(434) 658-5738',73.01,32.56,10,'App\\Models\\Customer','2022-08-02 18:57:45','2022-08-02 18:57:45'),
	(43,'Shipping','Hotel Address','4207 Arnulfo Prairie','Reichert Gateway','East Citlalli',NULL,'61519-4302',140,'(636) 480-2264',-72.81,157.57,10,'App\\Models\\Customer','2022-08-02 18:57:45','2022-08-02 18:57:45'),
	(44,'Primary','Alfreda King III','5876 Zulauf Well','Morris Ways','Sisterside',NULL,'18766-8046',90,'+1.283.389.4871',-15.09,45.11,11,'App\\Models\\Customer','2022-08-02 18:57:45','2022-08-02 18:57:45'),
	(45,'Billing','Hotel Address','28418 Juanita Cliff Suite 664','Simonis Mountains','Elnaburgh',NULL,'17395-9362',270,'+16507582436',-86.03,-84.53,11,'App\\Models\\Customer','2022-08-02 18:57:45','2022-08-02 18:57:45'),
	(46,'Shipping','Dorm Address','118 Langworth Spurs Suite 869','Bartoletti Summit','West Sage',NULL,'68168',578,'(803) 317-6773',-56.76,-155.74,11,'App\\Models\\Customer','2022-08-02 18:57:45','2022-08-02 18:57:45'),
	(47,'Primary','Ms. Bianka Pfannerstill DDS','2268 Ludie Burg Suite 046','Pfeffer Mall','Kayceeberg',NULL,'56126',100,'763-615-3061',-75.09,-171.62,12,'App\\Models\\Customer','2022-08-02 18:57:45','2022-08-02 18:57:45'),
	(48,'Billing','Home Address','5291 Jeromy Mission Suite 838','Maudie Tunnel','Keelyport',NULL,'41900-1114',678,'+1.540.502.6192',-17.86,154.13,12,'App\\Models\\Customer','2022-08-02 18:57:45','2022-08-02 18:57:45'),
	(49,'Shipping','Home Address','48808 Mason Lodge Apt. 341','Damon Courts','Port Busterview',618,'96028',376,'1-458-805-6954',12.60,-64.83,12,'App\\Models\\Customer','2022-08-02 18:57:45','2022-08-02 18:57:45'),
	(50,'Primary','Mrs. Audrey Greenholt','79160 Addison Views Suite 003','Stevie Mountain','North Chloe',NULL,'52366-7864',646,'+1-410-235-7104',-83.01,56.10,13,'App\\Models\\Customer','2022-08-02 18:57:45','2022-08-02 18:57:45'),
	(51,'Billing','Office Address','88489 Lila Plaza Suite 416','Andreanne Ports','Abshireberg',NULL,'61786',400,'774.614.3843',-7.32,139.40,13,'App\\Models\\Customer','2022-08-02 18:57:45','2022-08-02 18:57:45'),
	(52,'Shipping','Office Address','213 Connelly Shoals','DuBuque Trail','Port Hipolitofort',NULL,'83612',304,'1-858-801-7444',-69.39,6.90,13,'App\\Models\\Customer','2022-08-02 18:57:45','2022-08-02 18:57:45'),
	(53,'Primary','Palma Gusikowski','146 Freddie Light Apt. 641','Violet Ville','Lake Pamelafurt',NULL,'66483-9624',408,'+1-747-686-9217',27.68,-77.79,14,'App\\Models\\Customer','2022-08-02 18:57:45','2022-08-02 18:57:45'),
	(54,'Billing','Hotel Address','178 Dicki Ranch','Koepp Village','Windlerside',123,'58487',76,'689.981.0346',49.09,46.15,14,'App\\Models\\Customer','2022-08-02 18:57:45','2022-08-02 18:57:45'),
	(55,'Shipping','Home Address','6935 Eugenia Rest','Ryley Spring','Serenityville',NULL,'07981',646,'+1-657-916-7279',-4.40,-26.47,14,'App\\Models\\Customer','2022-08-02 18:57:45','2022-08-02 18:57:45'),
	(56,'Primary','Miss Keara Stroman','33046 John Lodge Suite 156','Davis Heights','West Justus',1010,'50560',608,'+1-870-291-4210',16.47,-131.31,15,'App\\Models\\Customer','2022-08-02 18:57:45','2022-08-02 18:57:45'),
	(57,'Billing','Office Address','663 Schowalter Village Apt. 579','Esteban Greens','Lake Russell',NULL,'32447-3574',332,'+1-574-710-4016',17.38,-19.38,15,'App\\Models\\Customer','2022-08-02 18:57:45','2022-08-02 18:57:45'),
	(58,'Shipping','Office Address','39020 Rowe Fort','Grady Street','North Kevinfort',NULL,'01364',496,'+13259193618',-74.97,152.71,15,'App\\Models\\Customer','2022-08-02 18:57:45','2022-08-02 18:57:45'),
	(59,'Primary','Bridie Leffler','6695 Langosh Wells','Renner Gateway','Lehnertown',100,'90094-5327',68,'1-541-201-4197',-54.11,-158.29,16,'App\\Models\\Customer','2022-08-02 18:57:45','2022-08-02 18:57:45'),
	(60,'Billing','Office Address','64367 Eryn Inlet Suite 709','Nader Drive','New Lucianochester',1236,'37124',792,'+19287131615',16.26,-117.95,16,'App\\Models\\Customer','2022-08-02 18:57:45','2022-08-02 18:57:45'),
	(61,'Shipping','Hotel Address','6105 Hardy Highway Apt. 156','Spinka Parkway','Port Raeganburgh',NULL,'49869-3685',662,'1-458-480-3678',-56.67,3.20,16,'App\\Models\\Customer','2022-08-02 18:57:45','2022-08-02 18:57:45'),
	(62,'Primary','Leuschke Ltd','214 Hyatt Stravenue Suite 375','Weimann Port','Pfannerstillland',NULL,'91222-7272',788,'+1.248.846.5151',21.18,-144.30,1,'App\\Models\\Supplier','2022-08-02 18:57:45','2022-08-02 18:57:45'),
	(63,'Primary','Towne-Jacobi','56775 Ferry Road Apt. 037','Nicolas Shoal','South Buddyland',1179,'46740-5635',764,'(908) 615-4698',-34.33,124.03,2,'App\\Models\\Supplier','2022-08-02 18:57:45','2022-08-02 18:57:45'),
	(64,'Primary','Lesch-Schaden','16184 Pagac Fort','Lesch Lakes','North Henriton',NULL,'26999-9778',158,'+1-986-485-8858',12.25,-128.55,3,'App\\Models\\Supplier','2022-08-02 18:57:45','2022-08-02 18:57:45'),
	(65,'Primary','Goldner Ltd','41218 Matilda Key','Ewell Glen','Hermannshire',NULL,'96894',175,'+1-463-873-5451',-36.23,3.56,4,'App\\Models\\Supplier','2022-08-02 18:57:45','2022-08-02 18:57:45'),
	(66,'Primary','Koss-Orn','952 Price Center','Gilbert Wells','Port Casey',NULL,'51930-4276',688,'+1 (585) 673-7260',-54.20,-56.04,5,'App\\Models\\Supplier','2022-08-02 18:57:45','2022-08-02 18:57:45'),
	(67,'Primary','Labadie, Wilkinson and Robel','2007 Garret Garden','Hessel Islands','Murielview',944,'18346',524,'951.321.0333',-69.54,-32.37,1,'App\\Models\\Warehouse','2022-08-02 18:57:47','2022-08-02 18:57:47');



# Dump of table announcements
# ------------------------------------------------------------


CREATE TABLE `announcements` (
  `id` varchar(255) COLLATE utf8mb3_unicode_ci NOT NULL,
  `user_id` int(11) NOT NULL,
  `body` text COLLATE utf8mb3_unicode_ci NOT NULL,
  `action_text` varchar(255) COLLATE utf8mb3_unicode_ci DEFAULT NULL,
  `action_url` text COLLATE utf8mb3_unicode_ci DEFAULT NULL,
  `created_at` timestamp NULL DEFAULT NULL,
  `updated_at` timestamp NULL DEFAULT NULL,
  PRIMARY KEY (`id`)
) ENGINE=InnoDB DEFAULT CHARSET=utf8mb3 COLLATE=utf8mb3_unicode_ci;



# Dump of table attachments
# ------------------------------------------------------------


CREATE TABLE `attachments` (
  `id` bigint(20) unsigned NOT NULL AUTO_INCREMENT,
  `path` text COLLATE utf8mb3_unicode_ci NOT NULL,
  `name` text COLLATE utf8mb3_unicode_ci DEFAULT NULL,
  `extension` varchar(255) COLLATE utf8mb3_unicode_ci DEFAULT NULL,
  `size` varchar(255) COLLATE utf8mb3_unicode_ci DEFAULT NULL,
  `attachable_id` int(10) unsigned NOT NULL,
  `attachable_type` varchar(255) COLLATE utf8mb3_unicode_ci NOT NULL,
  `ownable_id` bigint(20) DEFAULT NULL,
  `ownable_type` varchar(255) COLLATE utf8mb3_unicode_ci DEFAULT NULL,
  `created_at` timestamp NULL DEFAULT NULL,
  `updated_at` timestamp NULL DEFAULT NULL,
  PRIMARY KEY (`id`)
) ENGINE=InnoDB DEFAULT CHARSET=utf8mb3 COLLATE=utf8mb3_unicode_ci;



# Dump of table attribute_categories
# ------------------------------------------------------------


CREATE TABLE `attribute_categories` (
  `id` bigint(20) unsigned NOT NULL AUTO_INCREMENT,
  `category_id` int(10) unsigned DEFAULT NULL,
  `attribute_id` int(10) unsigned DEFAULT NULL,
  `created_at` timestamp NULL DEFAULT NULL,
  `updated_at` timestamp NULL DEFAULT NULL,
  PRIMARY KEY (`id`),
  KEY `attribute_categories_attribute_id_foreign` (`attribute_id`),
  KEY `attribute_categories_category_id_foreign` (`category_id`),
  CONSTRAINT `attribute_categories_attribute_id_foreign` FOREIGN KEY (`attribute_id`) REFERENCES `attributes` (`id`) ON DELETE CASCADE,
  CONSTRAINT `attribute_categories_category_id_foreign` FOREIGN KEY (`category_id`) REFERENCES `categories` (`id`) ON DELETE CASCADE
) ENGINE=InnoDB AUTO_INCREMENT=147 DEFAULT CHARSET=utf8mb3 COLLATE=utf8mb3_unicode_ci;


INSERT INTO `attribute_categories` (`id`, `category_id`, `attribute_id`, `created_at`, `updated_at`)
VALUES
	(1,18,1,'2022-08-02 18:57:43','2022-08-02 18:57:43'),
	(2,18,2,'2022-08-02 18:57:43','2022-08-02 18:57:43'),
	(3,18,3,'2022-08-02 18:57:43','2022-08-02 18:57:43'),
	(4,18,4,'2022-08-02 18:57:43','2022-08-02 18:57:43'),
	(5,18,6,'2022-08-02 18:57:43','2022-08-02 18:57:43'),
	(6,27,1,'2022-08-02 18:57:43','2022-08-02 18:57:43'),
	(7,27,2,'2022-08-02 18:57:43','2022-08-02 18:57:43'),
	(8,27,4,'2022-08-02 18:57:43','2022-08-02 18:57:43'),
	(9,9,1,'2022-08-02 18:57:43','2022-08-02 18:57:43'),
	(10,9,2,'2022-08-02 18:57:43','2022-08-02 18:57:43'),
	(11,9,3,'2022-08-02 18:57:43','2022-08-02 18:57:43'),
	(12,9,4,'2022-08-02 18:57:43','2022-08-02 18:57:43'),
	(13,9,6,'2022-08-02 18:57:43','2022-08-02 18:57:43'),
	(14,38,2,'2022-08-02 18:57:43','2022-08-02 18:57:43'),
	(15,38,3,'2022-08-02 18:57:43','2022-08-02 18:57:43'),
	(16,19,1,'2022-08-02 18:57:43','2022-08-02 18:57:43'),
	(17,19,2,'2022-08-02 18:57:43','2022-08-02 18:57:43'),
	(18,24,2,'2022-08-02 18:57:43','2022-08-02 18:57:43'),
	(19,24,5,'2022-08-02 18:57:43','2022-08-02 18:57:43'),
	(20,24,3,'2022-08-02 18:57:43','2022-08-02 18:57:43'),
	(21,24,6,'2022-08-02 18:57:43','2022-08-02 18:57:43'),
	(22,34,4,'2022-08-02 18:57:43','2022-08-02 18:57:43'),
	(23,34,6,'2022-08-02 18:57:43','2022-08-02 18:57:43'),
	(24,39,2,'2022-08-02 18:57:43','2022-08-02 18:57:43'),
	(25,39,5,'2022-08-02 18:57:43','2022-08-02 18:57:43'),
	(26,39,3,'2022-08-02 18:57:43','2022-08-02 18:57:43'),
	(27,39,4,'2022-08-02 18:57:43','2022-08-02 18:57:43'),
	(28,39,6,'2022-08-02 18:57:43','2022-08-02 18:57:43'),
	(29,8,1,'2022-08-02 18:57:43','2022-08-02 18:57:43'),
	(30,8,5,'2022-08-02 18:57:43','2022-08-02 18:57:43'),
	(31,8,4,'2022-08-02 18:57:43','2022-08-02 18:57:43'),
	(32,8,6,'2022-08-02 18:57:43','2022-08-02 18:57:43'),
	(33,2,5,'2022-08-02 18:57:43','2022-08-02 18:57:43'),
	(34,2,4,'2022-08-02 18:57:43','2022-08-02 18:57:43'),
	(35,2,6,'2022-08-02 18:57:43','2022-08-02 18:57:43'),
	(36,4,5,'2022-08-02 18:57:43','2022-08-02 18:57:43'),
	(37,4,3,'2022-08-02 18:57:43','2022-08-02 18:57:43'),
	(38,4,4,'2022-08-02 18:57:43','2022-08-02 18:57:43'),
	(39,4,6,'2022-08-02 18:57:43','2022-08-02 18:57:43'),
	(40,7,1,'2022-08-02 18:57:43','2022-08-02 18:57:43'),
	(41,7,2,'2022-08-02 18:57:43','2022-08-02 18:57:43'),
	(42,7,5,'2022-08-02 18:57:43','2022-08-02 18:57:43'),
	(43,7,4,'2022-08-02 18:57:43','2022-08-02 18:57:43'),
	(44,7,6,'2022-08-02 18:57:43','2022-08-02 18:57:43'),
	(45,12,2,'2022-08-02 18:57:43','2022-08-02 18:57:43'),
	(46,12,4,'2022-08-02 18:57:43','2022-08-02 18:57:43'),
	(47,12,6,'2022-08-02 18:57:43','2022-08-02 18:57:43'),
	(48,3,1,'2022-08-02 18:57:43','2022-08-02 18:57:43'),
	(49,3,2,'2022-08-02 18:57:43','2022-08-02 18:57:43'),
	(50,16,1,'2022-08-02 18:57:43','2022-08-02 18:57:43'),
	(51,16,2,'2022-08-02 18:57:43','2022-08-02 18:57:43'),
	(52,16,5,'2022-08-02 18:57:43','2022-08-02 18:57:43'),
	(53,16,4,'2022-08-02 18:57:43','2022-08-02 18:57:43'),
	(54,16,6,'2022-08-02 18:57:43','2022-08-02 18:57:43'),
	(55,25,5,'2022-08-02 18:57:43','2022-08-02 18:57:43'),
	(56,25,3,'2022-08-02 18:57:43','2022-08-02 18:57:43'),
	(57,25,4,'2022-08-02 18:57:43','2022-08-02 18:57:43'),
	(58,25,6,'2022-08-02 18:57:43','2022-08-02 18:57:43'),
	(59,26,1,'2022-08-02 18:57:43','2022-08-02 18:57:43'),
	(60,26,2,'2022-08-02 18:57:43','2022-08-02 18:57:43'),
	(61,26,5,'2022-08-02 18:57:43','2022-08-02 18:57:43'),
	(62,26,4,'2022-08-02 18:57:43','2022-08-02 18:57:43'),
	(63,26,6,'2022-08-02 18:57:43','2022-08-02 18:57:43'),
	(64,29,1,'2022-08-02 18:57:43','2022-08-02 18:57:43'),
	(65,29,2,'2022-08-02 18:57:43','2022-08-02 18:57:43'),
	(66,29,4,'2022-08-02 18:57:43','2022-08-02 18:57:43'),
	(67,29,6,'2022-08-02 18:57:43','2022-08-02 18:57:43'),
	(68,14,1,'2022-08-02 18:57:43','2022-08-02 18:57:43'),
	(69,14,2,'2022-08-02 18:57:43','2022-08-02 18:57:43'),
	(70,14,5,'2022-08-02 18:57:43','2022-08-02 18:57:43'),
	(71,15,2,'2022-08-02 18:57:43','2022-08-02 18:57:43'),
	(72,15,5,'2022-08-02 18:57:43','2022-08-02 18:57:43'),
	(73,15,3,'2022-08-02 18:57:43','2022-08-02 18:57:43'),
	(74,15,6,'2022-08-02 18:57:43','2022-08-02 18:57:43'),
	(75,22,1,'2022-08-02 18:57:43','2022-08-02 18:57:43'),
	(76,22,2,'2022-08-02 18:57:43','2022-08-02 18:57:43'),
	(77,22,4,'2022-08-02 18:57:43','2022-08-02 18:57:43'),
	(78,22,6,'2022-08-02 18:57:43','2022-08-02 18:57:43'),
	(79,32,1,'2022-08-02 18:57:43','2022-08-02 18:57:43'),
	(80,32,2,'2022-08-02 18:57:43','2022-08-02 18:57:43'),
	(81,32,5,'2022-08-02 18:57:43','2022-08-02 18:57:43'),
	(82,32,6,'2022-08-02 18:57:43','2022-08-02 18:57:43'),
	(83,35,2,'2022-08-02 18:57:43','2022-08-02 18:57:43'),
	(84,35,5,'2022-08-02 18:57:43','2022-08-02 18:57:43'),
	(85,35,3,'2022-08-02 18:57:43','2022-08-02 18:57:43'),
	(86,35,4,'2022-08-02 18:57:43','2022-08-02 18:57:43'),
	(87,1,1,'2022-08-02 18:57:43','2022-08-02 18:57:43'),
	(88,1,2,'2022-08-02 18:57:43','2022-08-02 18:57:43'),
	(89,1,5,'2022-08-02 18:57:43','2022-08-02 18:57:43'),
	(90,1,3,'2022-08-02 18:57:43','2022-08-02 18:57:43'),
	(91,1,6,'2022-08-02 18:57:43','2022-08-02 18:57:43'),
	(92,20,2,'2022-08-02 18:57:43','2022-08-02 18:57:43'),
	(93,20,3,'2022-08-02 18:57:43','2022-08-02 18:57:43'),
	(94,30,1,'2022-08-02 18:57:43','2022-08-02 18:57:43'),
	(95,30,2,'2022-08-02 18:57:43','2022-08-02 18:57:43'),
	(96,30,3,'2022-08-02 18:57:43','2022-08-02 18:57:43'),
	(97,30,4,'2022-08-02 18:57:43','2022-08-02 18:57:43'),
	(98,30,6,'2022-08-02 18:57:43','2022-08-02 18:57:43'),
	(99,28,1,'2022-08-02 18:57:43','2022-08-02 18:57:43'),
	(100,28,3,'2022-08-02 18:57:43','2022-08-02 18:57:43'),
	(101,36,2,'2022-08-02 18:57:43','2022-08-02 18:57:43'),
	(102,36,5,'2022-08-02 18:57:43','2022-08-02 18:57:43'),
	(103,36,3,'2022-08-02 18:57:43','2022-08-02 18:57:43'),
	(104,36,4,'2022-08-02 18:57:43','2022-08-02 18:57:43'),
	(105,5,1,'2022-08-02 18:57:43','2022-08-02 18:57:43'),
	(106,5,2,'2022-08-02 18:57:43','2022-08-02 18:57:43'),
	(107,5,3,'2022-08-02 18:57:43','2022-08-02 18:57:43'),
	(108,5,6,'2022-08-02 18:57:43','2022-08-02 18:57:43'),
	(109,17,3,'2022-08-02 18:57:43','2022-08-02 18:57:43'),
	(110,17,4,'2022-08-02 18:57:43','2022-08-02 18:57:43'),
	(111,17,6,'2022-08-02 18:57:43','2022-08-02 18:57:43'),
	(112,40,1,'2022-08-02 18:57:43','2022-08-02 18:57:43'),
	(113,40,5,'2022-08-02 18:57:43','2022-08-02 18:57:43'),
	(114,40,4,'2022-08-02 18:57:43','2022-08-02 18:57:43'),
	(115,10,1,'2022-08-02 18:57:43','2022-08-02 18:57:43'),
	(116,10,5,'2022-08-02 18:57:43','2022-08-02 18:57:43'),
	(117,10,3,'2022-08-02 18:57:43','2022-08-02 18:57:43'),
	(118,10,4,'2022-08-02 18:57:43','2022-08-02 18:57:43'),
	(119,10,6,'2022-08-02 18:57:43','2022-08-02 18:57:43'),
	(120,31,3,'2022-08-02 18:57:43','2022-08-02 18:57:43'),
	(121,31,6,'2022-08-02 18:57:43','2022-08-02 18:57:43'),
	(122,21,1,'2022-08-02 18:57:43','2022-08-02 18:57:43'),
	(123,21,2,'2022-08-02 18:57:43','2022-08-02 18:57:43'),
	(124,21,3,'2022-08-02 18:57:43','2022-08-02 18:57:43'),
	(125,33,2,'2022-08-02 18:57:43','2022-08-02 18:57:43'),
	(126,33,5,'2022-08-02 18:57:43','2022-08-02 18:57:43'),
	(127,33,3,'2022-08-02 18:57:43','2022-08-02 18:57:43'),
	(128,33,4,'2022-08-02 18:57:43','2022-08-02 18:57:43'),
	(129,33,6,'2022-08-02 18:57:43','2022-08-02 18:57:43'),
	(130,37,5,'2022-08-02 18:57:43','2022-08-02 18:57:43'),
	(131,37,4,'2022-08-02 18:57:43','2022-08-02 18:57:43'),
	(132,13,1,'2022-08-02 18:57:43','2022-08-02 18:57:43'),
	(133,13,5,'2022-08-02 18:57:43','2022-08-02 18:57:43'),
	(134,13,3,'2022-08-02 18:57:43','2022-08-02 18:57:43'),
	(135,13,4,'2022-08-02 18:57:43','2022-08-02 18:57:43'),
	(136,13,6,'2022-08-02 18:57:43','2022-08-02 18:57:43'),
	(137,11,1,'2022-08-02 18:57:43','2022-08-02 18:57:43'),
	(138,11,5,'2022-08-02 18:57:43','2022-08-02 18:57:43'),
	(139,11,3,'2022-08-02 18:57:43','2022-08-02 18:57:43'),
	(140,11,4,'2022-08-02 18:57:43','2022-08-02 18:57:43'),
	(141,23,1,'2022-08-02 18:57:43','2022-08-02 18:57:43'),
	(142,23,3,'2022-08-02 18:57:43','2022-08-02 18:57:43'),
	(143,23,4,'2022-08-02 18:57:43','2022-08-02 18:57:43'),
	(144,6,2,'2022-08-02 18:57:43','2022-08-02 18:57:43'),
	(145,6,3,'2022-08-02 18:57:43','2022-08-02 18:57:43'),
	(146,6,6,'2022-08-02 18:57:43','2022-08-02 18:57:43');



# Dump of table attribute_inventory
# ------------------------------------------------------------


CREATE TABLE `attribute_inventory` (
  `attribute_id` int(10) unsigned NOT NULL,
  `inventory_id` bigint(20) unsigned NOT NULL,
  `attribute_value_id` int(10) unsigned NOT NULL,
  `created_at` timestamp NULL DEFAULT NULL,
  `updated_at` timestamp NULL DEFAULT NULL,
  KEY `attribute_inventory_attribute_id_index` (`attribute_id`),
  KEY `attribute_inventory_inventory_id_index` (`inventory_id`),
  KEY `attribute_inventory_attribute_value_id_index` (`attribute_value_id`),
  CONSTRAINT `attribute_inventory_attribute_id_foreign` FOREIGN KEY (`attribute_id`) REFERENCES `attributes` (`id`) ON DELETE CASCADE,
  CONSTRAINT `attribute_inventory_attribute_value_id_foreign` FOREIGN KEY (`attribute_value_id`) REFERENCES `attribute_values` (`id`) ON DELETE CASCADE,
  CONSTRAINT `attribute_inventory_inventory_id_foreign` FOREIGN KEY (`inventory_id`) REFERENCES `inventories` (`id`) ON DELETE CASCADE
) ENGINE=InnoDB DEFAULT CHARSET=utf8mb3 COLLATE=utf8mb3_unicode_ci;


INSERT INTO `attribute_inventory` (`attribute_id`, `inventory_id`, `attribute_value_id`, `created_at`, `updated_at`)
VALUES
	(1,78,4,'2022-08-02 18:57:43','2022-08-02 18:57:43'),
	(2,101,30,'2022-08-02 18:57:43','2022-08-02 18:57:43'),
	(3,40,25,'2022-08-02 18:57:43','2022-08-02 18:57:43'),
	(4,69,15,'2022-08-02 18:57:43','2022-08-02 18:57:43'),
	(6,99,10,'2022-08-02 18:57:43','2022-08-02 18:57:43'),
	(1,57,12,'2022-08-02 18:57:43','2022-08-02 18:57:43'),
	(2,85,9,'2022-08-02 18:57:43','2022-08-02 18:57:43'),
	(4,22,23,'2022-08-02 18:57:43','2022-08-02 18:57:43'),
	(1,66,20,'2022-08-02 18:57:43','2022-08-02 18:57:43'),
	(2,28,9,'2022-08-02 18:57:43','2022-08-02 18:57:43'),
	(3,18,25,'2022-08-02 18:57:43','2022-08-02 18:57:43'),
	(4,97,1,'2022-08-02 18:57:43','2022-08-02 18:57:43'),
	(6,30,16,'2022-08-02 18:57:43','2022-08-02 18:57:43'),
	(2,28,9,'2022-08-02 18:57:43','2022-08-02 18:57:43'),
	(3,45,18,'2022-08-02 18:57:43','2022-08-02 18:57:43'),
	(1,2,20,'2022-08-02 18:57:43','2022-08-02 18:57:43'),
	(2,51,3,'2022-08-02 18:57:43','2022-08-02 18:57:43'),
	(2,65,3,'2022-08-02 18:57:43','2022-08-02 18:57:43'),
	(5,13,17,'2022-08-02 18:57:43','2022-08-02 18:57:43'),
	(3,79,19,'2022-08-02 18:57:43','2022-08-02 18:57:43'),
	(6,44,10,'2022-08-02 18:57:43','2022-08-02 18:57:43'),
	(4,9,22,'2022-08-02 18:57:43','2022-08-02 18:57:43'),
	(6,63,10,'2022-08-02 18:57:43','2022-08-02 18:57:43'),
	(2,19,3,'2022-08-02 18:57:43','2022-08-02 18:57:43'),
	(5,49,11,'2022-08-02 18:57:43','2022-08-02 18:57:43'),
	(3,24,25,'2022-08-02 18:57:43','2022-08-02 18:57:43'),
	(4,36,6,'2022-08-02 18:57:43','2022-08-02 18:57:43'),
	(6,58,13,'2022-08-02 18:57:43','2022-08-02 18:57:43'),
	(1,6,4,'2022-08-02 18:57:43','2022-08-02 18:57:43'),
	(5,88,7,'2022-08-02 18:57:43','2022-08-02 18:57:43'),
	(4,107,6,'2022-08-02 18:57:43','2022-08-02 18:57:43'),
	(6,14,10,'2022-08-02 18:57:43','2022-08-02 18:57:43'),
	(5,16,7,'2022-08-02 18:57:43','2022-08-02 18:57:43'),
	(4,96,1,'2022-08-02 18:57:43','2022-08-02 18:57:43'),
	(6,90,10,'2022-08-02 18:57:43','2022-08-02 18:57:43'),
	(5,36,29,'2022-08-02 18:57:43','2022-08-02 18:57:43'),
	(3,44,8,'2022-08-02 18:57:43','2022-08-02 18:57:43'),
	(4,61,22,'2022-08-02 18:57:43','2022-08-02 18:57:43'),
	(6,24,24,'2022-08-02 18:57:43','2022-08-02 18:57:43'),
	(1,38,12,'2022-08-02 18:57:43','2022-08-02 18:57:43'),
	(2,34,3,'2022-08-02 18:57:43','2022-08-02 18:57:43'),
	(5,48,5,'2022-08-02 18:57:43','2022-08-02 18:57:43'),
	(4,90,1,'2022-08-02 18:57:43','2022-08-02 18:57:43'),
	(6,56,13,'2022-08-02 18:57:43','2022-08-02 18:57:43'),
	(2,35,28,'2022-08-02 18:57:43','2022-08-02 18:57:43'),
	(4,33,6,'2022-08-02 18:57:43','2022-08-02 18:57:43'),
	(6,82,13,'2022-08-02 18:57:43','2022-08-02 18:57:43'),
	(1,85,12,'2022-08-02 18:57:43','2022-08-02 18:57:43'),
	(2,47,9,'2022-08-02 18:57:43','2022-08-02 18:57:43'),
	(1,48,12,'2022-08-02 18:57:43','2022-08-02 18:57:43'),
	(2,104,28,'2022-08-02 18:57:43','2022-08-02 18:57:43'),
	(5,40,29,'2022-08-02 18:57:43','2022-08-02 18:57:43'),
	(4,90,6,'2022-08-02 18:57:43','2022-08-02 18:57:43'),
	(6,78,24,'2022-08-02 18:57:43','2022-08-02 18:57:43'),
	(5,75,7,'2022-08-02 18:57:43','2022-08-02 18:57:43'),
	(3,83,18,'2022-08-02 18:57:43','2022-08-02 18:57:43'),
	(4,38,15,'2022-08-02 18:57:43','2022-08-02 18:57:43'),
	(6,97,16,'2022-08-02 18:57:43','2022-08-02 18:57:43'),
	(1,91,4,'2022-08-02 18:57:43','2022-08-02 18:57:43'),
	(2,74,30,'2022-08-02 18:57:43','2022-08-02 18:57:43'),
	(5,104,29,'2022-08-02 18:57:43','2022-08-02 18:57:43'),
	(4,29,15,'2022-08-02 18:57:43','2022-08-02 18:57:43'),
	(6,3,13,'2022-08-02 18:57:43','2022-08-02 18:57:43'),
	(1,63,4,'2022-08-02 18:57:43','2022-08-02 18:57:43'),
	(2,5,9,'2022-08-02 18:57:43','2022-08-02 18:57:43'),
	(4,35,23,'2022-08-02 18:57:43','2022-08-02 18:57:43'),
	(6,14,16,'2022-08-02 18:57:43','2022-08-02 18:57:43'),
	(1,47,20,'2022-08-02 18:57:43','2022-08-02 18:57:43'),
	(2,36,21,'2022-08-02 18:57:43','2022-08-02 18:57:43'),
	(5,91,26,'2022-08-02 18:57:43','2022-08-02 18:57:43'),
	(2,23,21,'2022-08-02 18:57:43','2022-08-02 18:57:43'),
	(5,48,14,'2022-08-02 18:57:43','2022-08-02 18:57:43'),
	(3,28,25,'2022-08-02 18:57:43','2022-08-02 18:57:43'),
	(6,35,24,'2022-08-02 18:57:43','2022-08-02 18:57:43'),
	(1,107,12,'2022-08-02 18:57:43','2022-08-02 18:57:43'),
	(2,105,9,'2022-08-02 18:57:43','2022-08-02 18:57:43'),
	(4,37,22,'2022-08-02 18:57:43','2022-08-02 18:57:43'),
	(6,31,2,'2022-08-02 18:57:43','2022-08-02 18:57:43'),
	(1,32,4,'2022-08-02 18:57:43','2022-08-02 18:57:43'),
	(2,31,9,'2022-08-02 18:57:43','2022-08-02 18:57:43'),
	(5,40,5,'2022-08-02 18:57:43','2022-08-02 18:57:43'),
	(6,107,27,'2022-08-02 18:57:43','2022-08-02 18:57:43'),
	(2,22,3,'2022-08-02 18:57:43','2022-08-02 18:57:43'),
	(5,76,5,'2022-08-02 18:57:43','2022-08-02 18:57:43'),
	(3,90,8,'2022-08-02 18:57:43','2022-08-02 18:57:43'),
	(4,65,23,'2022-08-02 18:57:43','2022-08-02 18:57:43'),
	(1,87,4,'2022-08-02 18:57:43','2022-08-02 18:57:43'),
	(2,50,3,'2022-08-02 18:57:43','2022-08-02 18:57:43'),
	(5,74,17,'2022-08-02 18:57:43','2022-08-02 18:57:43'),
	(3,95,8,'2022-08-02 18:57:43','2022-08-02 18:57:43'),
	(6,35,10,'2022-08-02 18:57:43','2022-08-02 18:57:43'),
	(2,66,28,'2022-08-02 18:57:43','2022-08-02 18:57:43'),
	(3,37,19,'2022-08-02 18:57:43','2022-08-02 18:57:43'),
	(1,17,4,'2022-08-02 18:57:43','2022-08-02 18:57:43'),
	(2,67,28,'2022-08-02 18:57:43','2022-08-02 18:57:43'),
	(3,13,25,'2022-08-02 18:57:43','2022-08-02 18:57:43'),
	(4,3,6,'2022-08-02 18:57:43','2022-08-02 18:57:43'),
	(6,7,2,'2022-08-02 18:57:43','2022-08-02 18:57:43'),
	(1,46,20,'2022-08-02 18:57:43','2022-08-02 18:57:43'),
	(3,54,19,'2022-08-02 18:57:43','2022-08-02 18:57:43'),
	(2,48,21,'2022-08-02 18:57:43','2022-08-02 18:57:43'),
	(5,13,14,'2022-08-02 18:57:43','2022-08-02 18:57:43'),
	(3,80,25,'2022-08-02 18:57:43','2022-08-02 18:57:43'),
	(4,15,6,'2022-08-02 18:57:43','2022-08-02 18:57:43'),
	(1,83,20,'2022-08-02 18:57:43','2022-08-02 18:57:43'),
	(2,36,3,'2022-08-02 18:57:43','2022-08-02 18:57:43'),
	(3,58,18,'2022-08-02 18:57:43','2022-08-02 18:57:43'),
	(6,107,27,'2022-08-02 18:57:43','2022-08-02 18:57:43'),
	(3,29,18,'2022-08-02 18:57:43','2022-08-02 18:57:43'),
	(4,106,1,'2022-08-02 18:57:43','2022-08-02 18:57:43'),
	(6,39,27,'2022-08-02 18:57:43','2022-08-02 18:57:43'),
	(1,83,4,'2022-08-02 18:57:43','2022-08-02 18:57:43'),
	(5,11,26,'2022-08-02 18:57:43','2022-08-02 18:57:43'),
	(4,83,6,'2022-08-02 18:57:43','2022-08-02 18:57:43'),
	(1,102,12,'2022-08-02 18:57:43','2022-08-02 18:57:43'),
	(5,81,14,'2022-08-02 18:57:43','2022-08-02 18:57:43'),
	(3,82,19,'2022-08-02 18:57:43','2022-08-02 18:57:43'),
	(4,43,23,'2022-08-02 18:57:43','2022-08-02 18:57:43'),
	(6,14,13,'2022-08-02 18:57:43','2022-08-02 18:57:43'),
	(3,29,18,'2022-08-02 18:57:43','2022-08-02 18:57:43'),
	(6,77,27,'2022-08-02 18:57:43','2022-08-02 18:57:43'),
	(1,86,12,'2022-08-02 18:57:43','2022-08-02 18:57:43'),
	(2,8,9,'2022-08-02 18:57:43','2022-08-02 18:57:43'),
	(3,90,8,'2022-08-02 18:57:43','2022-08-02 18:57:43'),
	(2,57,28,'2022-08-02 18:57:43','2022-08-02 18:57:43'),
	(5,10,29,'2022-08-02 18:57:43','2022-08-02 18:57:43'),
	(3,94,8,'2022-08-02 18:57:43','2022-08-02 18:57:43'),
	(4,44,15,'2022-08-02 18:57:43','2022-08-02 18:57:43'),
	(6,11,27,'2022-08-02 18:57:43','2022-08-02 18:57:43'),
	(5,24,5,'2022-08-02 18:57:43','2022-08-02 18:57:43'),
	(4,48,22,'2022-08-02 18:57:43','2022-08-02 18:57:43'),
	(1,100,20,'2022-08-02 18:57:43','2022-08-02 18:57:43'),
	(5,68,14,'2022-08-02 18:57:43','2022-08-02 18:57:43'),
	(3,24,8,'2022-08-02 18:57:43','2022-08-02 18:57:43'),
	(4,60,23,'2022-08-02 18:57:43','2022-08-02 18:57:43'),
	(6,69,27,'2022-08-02 18:57:43','2022-08-02 18:57:43'),
	(1,35,4,'2022-08-02 18:57:43','2022-08-02 18:57:43'),
	(5,36,29,'2022-08-02 18:57:43','2022-08-02 18:57:43'),
	(3,3,25,'2022-08-02 18:57:43','2022-08-02 18:57:43'),
	(4,90,6,'2022-08-02 18:57:43','2022-08-02 18:57:43'),
	(1,2,4,'2022-08-02 18:57:43','2022-08-02 18:57:43'),
	(3,39,25,'2022-08-02 18:57:43','2022-08-02 18:57:43'),
	(4,105,23,'2022-08-02 18:57:43','2022-08-02 18:57:43'),
	(2,45,9,'2022-08-02 18:57:43','2022-08-02 18:57:43'),
	(3,78,25,'2022-08-02 18:57:43','2022-08-02 18:57:43'),
	(6,18,2,'2022-08-02 18:57:43','2022-08-02 18:57:43');



# Dump of table attribute_types
# ------------------------------------------------------------


CREATE TABLE `attribute_types` (
  `id` int(10) unsigned NOT NULL AUTO_INCREMENT,
  `type` varchar(100) COLLATE utf8mb3_unicode_ci NOT NULL,
  PRIMARY KEY (`id`),
  UNIQUE KEY `attribute_types_type_unique` (`type`)
) ENGINE=InnoDB AUTO_INCREMENT=4 DEFAULT CHARSET=utf8mb3 COLLATE=utf8mb3_unicode_ci;


INSERT INTO `attribute_types` (`id`, `type`)
VALUES
	(1,'Color/Pattern'),
	(2,'Radio'),
	(3,'Select');



# Dump of table attribute_values
# ------------------------------------------------------------


CREATE TABLE `attribute_values` (
  `id` int(10) unsigned NOT NULL AUTO_INCREMENT,
  `shop_id` int(10) unsigned DEFAULT NULL,
  `value` varchar(100) COLLATE utf8mb3_unicode_ci DEFAULT NULL,
  `color` varchar(20) COLLATE utf8mb3_unicode_ci DEFAULT NULL,
  `attribute_id` int(10) unsigned NOT NULL,
  `order` int(11) DEFAULT NULL,
  `deleted_at` timestamp NULL DEFAULT NULL,
  `created_at` timestamp NULL DEFAULT NULL,
  `updated_at` timestamp NULL DEFAULT NULL,
  PRIMARY KEY (`id`),
  KEY `attribute_values_attribute_id_foreign` (`attribute_id`),
  CONSTRAINT `attribute_values_attribute_id_foreign` FOREIGN KEY (`attribute_id`) REFERENCES `attributes` (`id`) ON DELETE CASCADE
) ENGINE=InnoDB AUTO_INCREMENT=31 DEFAULT CHARSET=utf8mb3 COLLATE=utf8mb3_unicode_ci;


INSERT INTO `attribute_values` (`id`, `shop_id`, `value`, `color`, `attribute_id`, `order`, `deleted_at`, `created_at`, `updated_at`)
VALUES
	(1,NULL,'nisi','#a18280',4,1,NULL,'2022-08-02 18:57:47','2022-08-02 18:57:47'),
	(2,4,'quisquam','#d23841',6,6,NULL,'2022-08-02 18:57:47','2022-08-02 18:57:47'),
	(3,5,'eius','#8a1909',2,4,NULL,'2022-08-02 18:57:47','2022-08-02 18:57:47'),
	(4,NULL,'quisquam','#ba6ed5',1,3,NULL,'2022-08-02 18:57:47','2022-08-02 18:57:47'),
	(5,2,'iste','#5cd553',5,6,NULL,'2022-08-02 18:57:47','2022-08-02 18:57:47'),
	(6,5,'ut','#756b28',4,1,NULL,'2022-08-02 18:57:47','2022-08-02 18:57:47'),
	(7,NULL,'eos','#948080',5,0,NULL,'2022-08-02 18:57:47','2022-08-02 18:57:47'),
	(8,3,'est','#c03a11',3,2,NULL,'2022-08-02 18:57:47','2022-08-02 18:57:47'),
	(9,2,'hic','#84fb0f',2,9,NULL,'2022-08-02 18:57:47','2022-08-02 18:57:47'),
	(10,NULL,'quo','#e423ea',6,9,NULL,'2022-08-02 18:57:47','2022-08-02 18:57:47'),
	(11,NULL,'id','#880b38',5,0,NULL,'2022-08-02 18:57:47','2022-08-02 18:57:47'),
	(12,2,'repudiandae','#701799',1,7,NULL,'2022-08-02 18:57:47','2022-08-02 18:57:47'),
	(13,3,'sint','#0c3a96',6,8,NULL,'2022-08-02 18:57:47','2022-08-02 18:57:47'),
	(14,NULL,'totam','#e118a4',5,5,NULL,'2022-08-02 18:57:47','2022-08-02 18:57:47'),
	(15,5,'sint','#a33d9d',4,8,NULL,'2022-08-02 18:57:47','2022-08-02 18:57:47'),
	(16,2,'qui','#9ac904',6,2,NULL,'2022-08-02 18:57:47','2022-08-02 18:57:47'),
	(17,4,'optio','#c847b8',5,4,NULL,'2022-08-02 18:57:47','2022-08-02 18:57:47'),
	(18,3,'atque','#d37abb',3,5,NULL,'2022-08-02 18:57:47','2022-08-02 18:57:47'),
	(19,NULL,'aperiam','#f48730',3,1,NULL,'2022-08-02 18:57:47','2022-08-02 18:57:47'),
	(20,NULL,'id','#9c222a',1,9,NULL,'2022-08-02 18:57:47','2022-08-02 18:57:47'),
	(21,4,'fuga','#ae6ffe',2,0,NULL,'2022-08-02 18:57:47','2022-08-02 18:57:47'),
	(22,2,'aut','#ced7e6',4,5,NULL,'2022-08-02 18:57:47','2022-08-02 18:57:47'),
	(23,3,'omnis','#22dcca',4,5,NULL,'2022-08-02 18:57:47','2022-08-02 18:57:47'),
	(24,2,'est','#e1dd74',6,1,NULL,'2022-08-02 18:57:47','2022-08-02 18:57:47'),
	(25,NULL,'rem','#57cf6c',3,2,NULL,'2022-08-02 18:57:47','2022-08-02 18:57:47'),
	(26,5,'neque','#194ef7',5,4,NULL,'2022-08-02 18:57:47','2022-08-02 18:57:47'),
	(27,NULL,'asperiores','#b6eaa4',6,6,NULL,'2022-08-02 18:57:47','2022-08-02 18:57:47'),
	(28,5,'explicabo','#8fc8e7',2,3,NULL,'2022-08-02 18:57:47','2022-08-02 18:57:47'),
	(29,5,'atque','#5e51eb',5,4,NULL,'2022-08-02 18:57:47','2022-08-02 18:57:47'),
	(30,NULL,'quaerat','#15dea8',2,6,NULL,'2022-08-02 18:57:47','2022-08-02 18:57:47');



# Dump of table attributes
# ------------------------------------------------------------


CREATE TABLE `attributes` (
  `id` int(10) unsigned NOT NULL AUTO_INCREMENT,
  `shop_id` int(10) unsigned DEFAULT NULL,
  `name` varchar(100) COLLATE utf8mb3_unicode_ci DEFAULT NULL,
  `attribute_type_id` int(10) unsigned DEFAULT NULL,
  `order` int(11) DEFAULT NULL,
  `deleted_at` timestamp NULL DEFAULT NULL,
  `created_at` timestamp NULL DEFAULT NULL,
  `updated_at` timestamp NULL DEFAULT NULL,
  PRIMARY KEY (`id`),
  KEY `attributes_attribute_type_id_foreign` (`attribute_type_id`),
  CONSTRAINT `attributes_attribute_type_id_foreign` FOREIGN KEY (`attribute_type_id`) REFERENCES `attribute_types` (`id`) ON DELETE SET NULL
) ENGINE=InnoDB AUTO_INCREMENT=7 DEFAULT CHARSET=utf8mb3 COLLATE=utf8mb3_unicode_ci;


INSERT INTO `attributes` (`id`, `shop_id`, `name`, `attribute_type_id`, `order`, `deleted_at`, `created_at`, `updated_at`)
VALUES
	(1,NULL,'Color',1,0,NULL,'2022-08-02 18:57:43','2022-08-02 18:57:43'),
	(2,NULL,'Pattern',1,1,NULL,'2022-08-02 18:57:43','2022-08-02 18:57:43'),
	(3,NULL,'Size',3,2,NULL,'2022-08-02 18:57:43','2022-08-02 18:57:43'),
	(4,NULL,'Style',3,3,NULL,'2022-08-02 18:57:43','2022-08-02 18:57:43'),
	(5,NULL,'Gender',2,4,NULL,'2022-08-02 18:57:43','2022-08-02 18:57:43'),
	(6,NULL,'Format',3,5,NULL,'2022-08-02 18:57:43','2022-08-02 18:57:43');



# Dump of table avg_feedback
# ------------------------------------------------------------


CREATE TABLE `avg_feedback` (
  `id` bigint(20) unsigned NOT NULL AUTO_INCREMENT,
  `rating` tinyint(4) DEFAULT NULL,
  `count` bigint(20) unsigned DEFAULT NULL,
  `feedbackable_id` bigint(20) unsigned NOT NULL,
  `feedbackable_type` varchar(255) COLLATE utf8mb3_unicode_ci NOT NULL,
  `created_at` timestamp NULL DEFAULT NULL,
  `updated_at` timestamp NULL DEFAULT NULL,
  PRIMARY KEY (`id`)
) ENGINE=InnoDB AUTO_INCREMENT=60 DEFAULT CHARSET=utf8mb3 COLLATE=utf8mb3_unicode_ci;


INSERT INTO `avg_feedback` (`id`, `rating`, `count`, `feedbackable_id`, `feedbackable_type`, `created_at`, `updated_at`)
VALUES
	(1,2,1,1,'App\\Models\\Inventory','2022-08-02 18:57:52','2022-08-02 18:57:52'),
	(2,4,2,2,'App\\Models\\Inventory','2022-08-02 18:57:52','2022-08-02 18:57:52'),
	(3,4,1,4,'App\\Models\\Inventory','2022-08-02 18:57:52','2022-08-02 18:57:52'),
	(4,1,1,7,'App\\Models\\Inventory','2022-08-02 18:57:52','2022-08-02 18:57:52'),
	(5,1,1,11,'App\\Models\\Inventory','2022-08-02 18:57:52','2022-08-02 18:57:52'),
	(6,3,2,13,'App\\Models\\Inventory','2022-08-02 18:57:52','2022-08-02 18:57:52'),
	(7,1,2,14,'App\\Models\\Inventory','2022-08-02 18:57:52','2022-08-02 18:57:52'),
	(8,3,1,16,'App\\Models\\Inventory','2022-08-02 18:57:52','2022-08-02 18:57:52'),
	(9,4,4,17,'App\\Models\\Inventory','2022-08-02 18:57:52','2022-08-02 18:57:52'),
	(10,4,1,19,'App\\Models\\Inventory','2022-08-02 18:57:52','2022-08-02 18:57:52'),
	(11,1,1,21,'App\\Models\\Inventory','2022-08-02 18:57:52','2022-08-02 18:57:52'),
	(12,2,1,22,'App\\Models\\Inventory','2022-08-02 18:57:52','2022-08-02 18:57:52'),
	(13,5,1,26,'App\\Models\\Inventory','2022-08-02 18:57:52','2022-08-02 18:57:52'),
	(14,2,2,30,'App\\Models\\Inventory','2022-08-02 18:57:52','2022-08-02 18:57:52'),
	(15,2,1,32,'App\\Models\\Inventory','2022-08-02 18:57:52','2022-08-02 18:57:52'),
	(16,4,1,33,'App\\Models\\Inventory','2022-08-02 18:57:52','2022-08-02 18:57:52'),
	(17,3,1,34,'App\\Models\\Inventory','2022-08-02 18:57:52','2022-08-02 18:57:52'),
	(18,2,2,35,'App\\Models\\Inventory','2022-08-02 18:57:52','2022-08-02 18:57:52'),
	(19,5,1,39,'App\\Models\\Inventory','2022-08-02 18:57:52','2022-08-02 18:57:52'),
	(20,4,1,40,'App\\Models\\Inventory','2022-08-02 18:57:52','2022-08-02 18:57:52'),
	(21,3,1,41,'App\\Models\\Inventory','2022-08-02 18:57:52','2022-08-02 18:57:52'),
	(22,4,1,45,'App\\Models\\Inventory','2022-08-02 18:57:52','2022-08-02 18:57:52'),
	(23,1,3,47,'App\\Models\\Inventory','2022-08-02 18:57:52','2022-08-02 18:57:52'),
	(24,3,3,48,'App\\Models\\Inventory','2022-08-02 18:57:52','2022-08-02 18:57:52'),
	(25,3,2,51,'App\\Models\\Inventory','2022-08-02 18:57:52','2022-08-02 18:57:52'),
	(26,3,2,53,'App\\Models\\Inventory','2022-08-02 18:57:52','2022-08-02 18:57:52'),
	(27,2,3,55,'App\\Models\\Inventory','2022-08-02 18:57:52','2022-08-02 18:57:52'),
	(28,1,1,56,'App\\Models\\Inventory','2022-08-02 18:57:52','2022-08-02 18:57:52'),
	(29,1,1,61,'App\\Models\\Inventory','2022-08-02 18:57:52','2022-08-02 18:57:52'),
	(30,4,1,63,'App\\Models\\Inventory','2022-08-02 18:57:52','2022-08-02 18:57:52'),
	(31,5,1,65,'App\\Models\\Inventory','2022-08-02 18:57:52','2022-08-02 18:57:52'),
	(32,5,1,67,'App\\Models\\Inventory','2022-08-02 18:57:52','2022-08-02 18:57:52'),
	(33,3,1,70,'App\\Models\\Inventory','2022-08-02 18:57:52','2022-08-02 18:57:52'),
	(34,2,1,71,'App\\Models\\Inventory','2022-08-02 18:57:52','2022-08-02 18:57:52'),
	(35,1,1,72,'App\\Models\\Inventory','2022-08-02 18:57:52','2022-08-02 18:57:52'),
	(36,4,2,73,'App\\Models\\Inventory','2022-08-02 18:57:52','2022-08-02 18:57:52'),
	(37,1,1,74,'App\\Models\\Inventory','2022-08-02 18:57:52','2022-08-02 18:57:52'),
	(38,5,2,75,'App\\Models\\Inventory','2022-08-02 18:57:52','2022-08-02 18:57:52'),
	(39,5,1,77,'App\\Models\\Inventory','2022-08-02 18:57:52','2022-08-02 18:57:52'),
	(40,5,2,81,'App\\Models\\Inventory','2022-08-02 18:57:52','2022-08-02 18:57:52'),
	(41,4,1,83,'App\\Models\\Inventory','2022-08-02 18:57:52','2022-08-02 18:57:52'),
	(42,1,1,84,'App\\Models\\Inventory','2022-08-02 18:57:52','2022-08-02 18:57:52'),
	(43,3,2,86,'App\\Models\\Inventory','2022-08-02 18:57:52','2022-08-02 18:57:52'),
	(44,5,1,87,'App\\Models\\Inventory','2022-08-02 18:57:52','2022-08-02 18:57:52'),
	(45,5,1,89,'App\\Models\\Inventory','2022-08-02 18:57:52','2022-08-02 18:57:52'),
	(46,2,2,90,'App\\Models\\Inventory','2022-08-02 18:57:52','2022-08-02 18:57:52'),
	(47,2,2,91,'App\\Models\\Inventory','2022-08-02 18:57:52','2022-08-02 18:57:52'),
	(48,2,1,92,'App\\Models\\Inventory','2022-08-02 18:57:52','2022-08-02 18:57:52'),
	(49,5,1,93,'App\\Models\\Inventory','2022-08-02 18:57:52','2022-08-02 18:57:52'),
	(50,4,1,94,'App\\Models\\Inventory','2022-08-02 18:57:52','2022-08-02 18:57:52'),
	(51,5,1,99,'App\\Models\\Inventory','2022-08-02 18:57:52','2022-08-02 18:57:52'),
	(52,4,3,104,'App\\Models\\Inventory','2022-08-02 18:57:52','2022-08-02 18:57:52'),
	(53,4,3,105,'App\\Models\\Inventory','2022-08-02 18:57:52','2022-08-02 18:57:52'),
	(54,4,1,106,'App\\Models\\Inventory','2022-08-02 18:57:52','2022-08-02 18:57:52'),
	(55,4,10,1,'App\\Models\\Shop','2022-08-02 18:57:52','2022-08-02 18:57:52'),
	(56,3,19,2,'App\\Models\\Shop','2022-08-02 18:57:52','2022-08-02 18:57:52'),
	(57,3,14,3,'App\\Models\\Shop','2022-08-02 18:57:52','2022-08-02 18:57:52'),
	(58,4,14,4,'App\\Models\\Shop','2022-08-02 18:57:52','2022-08-02 18:57:52'),
	(59,2,13,5,'App\\Models\\Shop','2022-08-02 18:57:52','2022-08-02 18:57:52');



# Dump of table banner_groups
# ------------------------------------------------------------


CREATE TABLE `banner_groups` (
  `id` varchar(255) COLLATE utf8mb3_unicode_ci NOT NULL,
  `name` varchar(255) COLLATE utf8mb3_unicode_ci NOT NULL,
  UNIQUE KEY `banner_groups_id_unique` (`id`),
  UNIQUE KEY `banner_groups_name_unique` (`name`)
) ENGINE=InnoDB DEFAULT CHARSET=utf8mb3 COLLATE=utf8mb3_unicode_ci;


INSERT INTO `banner_groups` (`id`, `name`)
VALUES
	('group_1','Group 1'),
	('group_2','Group 2'),
	('group_3','Group 3'),
	('group_4','Group 4'),
	('group_5','Group 5'),
	('group_6','Group 6');



# Dump of table banners
# ------------------------------------------------------------


CREATE TABLE `banners` (
  `id` int(10) unsigned NOT NULL AUTO_INCREMENT,
  `title` varchar(255) COLLATE utf8mb3_unicode_ci DEFAULT NULL,
  `description` varchar(255) COLLATE utf8mb3_unicode_ci DEFAULT NULL,
  `link` text COLLATE utf8mb3_unicode_ci DEFAULT NULL,
  `link_label` varchar(100) COLLATE utf8mb3_unicode_ci DEFAULT NULL,
  `bg_color` varchar(20) COLLATE utf8mb3_unicode_ci DEFAULT NULL,
  `group_id` varchar(255) COLLATE utf8mb3_unicode_ci DEFAULT NULL,
  `columns` int(11) DEFAULT 12,
  `order` int(11) DEFAULT 100,
  `effect` tinyint(4) NOT NULL DEFAULT 0,
  `created_at` timestamp NULL DEFAULT NULL,
  `updated_at` timestamp NULL DEFAULT NULL,
  PRIMARY KEY (`id`)
) ENGINE=InnoDB AUTO_INCREMENT=11 DEFAULT CHARSET=utf8mb3 COLLATE=utf8mb3_unicode_ci;


INSERT INTO `banners` (`id`, `title`, `description`, `link`, `link_label`, `bg_color`, `group_id`, `columns`, `order`, `effect`, `created_at`, `updated_at`)
VALUES
	(1,'Year end SALE!','57% off today! + free shipping','/category/laboriosam-ratione-necessitatibus-voluptates','Shop Now','#07381c','group_1',4,100,1,'2022-08-02 18:57:51','2022-08-02 18:57:51'),
	(2,'Knockout offers!','','/category/officia-quia-numquam-dicta-qui-qui-sit-consequatur','Shop Now','#026703','group_1',4,100,1,'2022-08-02 18:57:51','2022-08-02 18:57:51'),
	(3,'Year end SALE!','79% off today!','/category/mobile','Shop Now','#0d5f83','group_1',4,100,1,'2022-08-02 18:57:51','2022-08-02 18:57:51'),
	(4,'80% Off!','Flat 30% off','/category/necessitatibus-rerum-architecto-aut','Shop Now','#e70fe4','group_2',6,100,0,'2022-08-02 18:57:51','2022-08-02 18:57:51'),
	(5,'80% Off!','','/category/saepe-ipsam-id-consectetur-accusantium','Shop Now','#784935','group_2',6,100,0,'2022-08-02 18:57:51','2022-08-02 18:57:51'),
	(6,'Save up to 40%','Flat 58% off','/category/iusto-omnis-aperiam-numquam-laboriosam-cupiditate','Shop Now','#4129e1','group_4',6,100,0,'2022-08-02 18:57:51','2022-08-02 18:57:51'),
	(7,'Free shipping','48% off today! + free shipping','/category/quibusdam-omnis-rerum-animi-velit-eveniet-sint-in','Shop Now','#05481a','group_4',6,100,0,'2022-08-02 18:57:51','2022-08-02 18:57:51'),
	(8,'Black Friday Deals!','Up to 54% off + free shipping','/category/mobile','Shop Now','#2b9f00','group_5',12,100,0,'2022-08-02 18:57:51','2022-08-02 18:57:51'),
	(9,'Year end SALE!','Don\'t miss out!','/category/et-molestias-non-odio-repudiandae-ullam-tempora','Shop Now','#8f160a','group_6',6,100,1,'2022-08-02 18:57:51','2022-08-02 18:57:51'),
	(10,'Everyday essentials deals','Flat 51% off','/category/mobile','Shop Now','#a8df8a','group_6',6,100,1,'2022-08-02 18:57:51','2022-08-02 18:57:51');



# Dump of table blog_comments
# ------------------------------------------------------------


CREATE TABLE `blog_comments` (
  `id` int(10) unsigned NOT NULL AUTO_INCREMENT,
  `content` longtext COLLATE utf8mb3_unicode_ci NOT NULL,
  `blog_id` int(10) unsigned NOT NULL,
  `user_id` bigint(20) unsigned NOT NULL,
  `parent` int(10) unsigned DEFAULT NULL,
  `approved` tinyint(1) NOT NULL DEFAULT 1,
  `likes` int(10) unsigned NOT NULL DEFAULT 0,
  `dislikes` int(10) unsigned NOT NULL DEFAULT 0,
  `deleted_at` timestamp NULL DEFAULT NULL,
  `created_at` timestamp NULL DEFAULT NULL,
  `updated_at` timestamp NULL DEFAULT NULL,
  PRIMARY KEY (`id`),
  KEY `blog_comments_blog_id_foreign` (`blog_id`),
  KEY `blog_comments_user_id_foreign` (`user_id`),
  CONSTRAINT `blog_comments_blog_id_foreign` FOREIGN KEY (`blog_id`) REFERENCES `blogs` (`id`) ON DELETE CASCADE,
  CONSTRAINT `blog_comments_user_id_foreign` FOREIGN KEY (`user_id`) REFERENCES `users` (`id`) ON DELETE CASCADE
) ENGINE=InnoDB AUTO_INCREMENT=31 DEFAULT CHARSET=utf8mb3 COLLATE=utf8mb3_unicode_ci;


INSERT INTO `blog_comments` (`id`, `content`, `blog_id`, `user_id`, `parent`, `approved`, `likes`, `dislikes`, `deleted_at`, `created_at`, `updated_at`)
VALUES
	(1,'Esse molestiae ipsam eius eos sit maiores quidem. Aut exercitationem porro molestiae sit. Ut quis et voluptatem labore et et dignissimos quas.',3,1,NULL,0,0,0,NULL,'2022-07-26 18:57:50','2022-07-29 18:57:50'),
	(2,'Repellendus nihil eaque velit itaque maiores magni voluptas. Repellendus in numquam officia qui deserunt quia. Maxime quibusdam aut consequuntur expedita numquam. Vel sed iste maiores excepturi earum autem.',1,7,NULL,1,0,0,NULL,'2022-07-24 18:57:50','2022-07-22 18:57:50'),
	(3,'Illum voluptas ratione et rerum hic. Corporis provident est molestiae nostrum neque iure animi. Quos maiores magni dolorem.',6,7,NULL,0,0,0,NULL,'2022-07-27 18:57:50','2022-07-21 18:57:50'),
	(4,'Fugiat officiis molestiae consequatur aperiam. Labore architecto nesciunt velit odit. Molestiae libero consequuntur aut dolorum modi. Nisi et rem saepe voluptas earum veritatis esse.',5,5,NULL,1,0,0,NULL,'2022-07-31 18:57:50','2022-07-24 18:57:50'),
	(5,'Et delectus dolorem qui veritatis. Nam eos est eligendi repellendus ut. Voluptatem aut illum ratione velit quia voluptas repellendus nisi. Maiores doloremque qui laudantium ducimus praesentium ipsa enim debitis.',1,1,NULL,1,0,0,NULL,'2022-07-21 18:57:50','2022-07-22 18:57:50'),
	(6,'Eius et illum rem qui nisi. Veritatis quisquam deserunt maxime. Esse exercitationem distinctio ipsum delectus. Aut voluptates accusamus est sed perspiciatis est sed.',5,3,NULL,1,0,0,NULL,'2022-07-21 18:57:50','2022-07-30 18:57:50'),
	(7,'Accusamus nostrum molestiae magni reiciendis tenetur perferendis quasi. Error laudantium saepe eligendi enim. Alias ipsa at consectetur omnis aspernatur nulla vitae vitae. Id mollitia nihil et est id dolor totam optio.',5,2,NULL,1,0,0,NULL,'2022-07-26 18:57:50','2022-07-26 18:57:50'),
	(8,'Et et labore facere consequatur. Iusto repellendus a enim laboriosam nemo omnis deserunt. Voluptas similique quo voluptates minus libero cum. Dolores sunt consequatur quisquam eum a.',5,2,NULL,1,0,0,NULL,'2022-07-21 18:57:50','2022-07-25 18:57:50'),
	(9,'Ullam assumenda ullam qui. Exercitationem dignissimos est reiciendis earum temporibus. Vel quae in sed reprehenderit cumque.',4,1,NULL,1,0,0,NULL,'2022-07-18 18:57:50','2022-07-23 18:57:50'),
	(10,'Aut qui quae nisi odio omnis aut ullam enim. Perspiciatis modi consequatur dicta modi impedit beatae ducimus pariatur. Veniam quidem ratione dolor ut.',3,1,NULL,1,0,0,NULL,'2022-07-18 18:57:50','2022-07-31 18:57:50'),
	(11,'Doloribus ipsam nihil vel. Dolorum et quam magni sed ipsa facere ut ratione. Vitae consequatur fuga non voluptatem nobis.',3,5,NULL,1,0,0,NULL,'2022-07-26 18:57:50','2022-07-23 18:57:50'),
	(12,'A cupiditate perferendis totam repellat soluta dolores. Hic molestiae quasi rerum facilis quo sapiente molestiae. Tenetur et consequatur corporis neque quo eaque atque similique.',5,4,NULL,1,0,0,NULL,'2022-08-02 18:57:50','2022-07-24 18:57:50'),
	(13,'Quos voluptatibus mollitia hic et accusamus accusamus. Autem impedit nostrum atque dolor ullam dolore corporis. Ad velit reiciendis molestiae debitis.',3,1,NULL,0,0,0,NULL,'2022-07-19 18:57:50','2022-07-28 18:57:50'),
	(14,'Vitae doloremque quo quisquam eos. Voluptates est eos qui delectus. Ipsum animi eum dicta.',4,7,NULL,1,0,0,NULL,'2022-07-25 18:57:50','2022-07-25 18:57:50'),
	(15,'Natus maxime architecto quo qui dolore. Sunt aut animi molestiae ducimus aut accusantium. Voluptate eos labore libero. Corporis atque ut cum dolorem rerum.',4,5,NULL,0,0,0,NULL,'2022-07-29 18:57:50','2022-07-20 18:57:50'),
	(16,'Quod et deserunt porro velit nihil laudantium et et. Enim vel inventore dolores cum. Veritatis suscipit dolorem deleniti rerum asperiores. Ratione qui qui quis ipsam perspiciatis voluptatum quibusdam.',6,7,NULL,0,0,0,NULL,'2022-07-19 18:57:50','2022-07-27 18:57:50'),
	(17,'Aliquid at nam et sint odio molestiae corporis. Qui dolor tenetur est numquam.',4,5,NULL,0,0,0,NULL,'2022-07-27 18:57:50','2022-08-01 18:57:50'),
	(18,'Omnis dicta est quis deserunt vel. Natus exercitationem et itaque unde nostrum voluptatum. Non possimus et nobis. Non qui enim sunt tempore.',2,3,NULL,1,0,0,NULL,'2022-07-23 18:57:50','2022-08-02 18:57:50'),
	(19,'Modi ipsum omnis veniam sunt perferendis asperiores est. Rerum rem et et laborum vitae. Reiciendis vel voluptate minima vero facere rerum. Odit voluptas omnis sint natus iste.',5,2,NULL,0,0,0,NULL,'2022-08-02 18:57:50','2022-07-28 18:57:50'),
	(20,'Id rerum non repellat. Consequuntur labore tempore in. Non dolor facere iste totam ut hic ad. Autem quia quo ratione quas ullam quo pariatur ducimus.',3,3,NULL,0,0,0,NULL,'2022-07-20 18:57:50','2022-07-28 18:57:50'),
	(21,'Sit quia iure expedita eaque aperiam eaque. Voluptas aspernatur repellendus id natus voluptates. Sed asperiores dolores veniam labore nostrum non occaecati. Occaecati optio hic omnis quisquam numquam.',6,7,NULL,0,0,0,NULL,'2022-07-19 18:57:50','2022-07-27 18:57:50'),
	(22,'Nisi illum optio fugit eveniet molestias officiis accusamus dolore. Repellat repudiandae possimus animi blanditiis. Saepe aut enim a impedit sunt voluptatem.',5,7,NULL,1,0,0,NULL,'2022-07-20 18:57:50','2022-07-24 18:57:50'),
	(23,'Earum vero sequi officiis. Facilis cumque commodi alias esse tempore. Rerum ut aut in molestias sed vero. Commodi vel dolores excepturi. Non omnis mollitia modi debitis facilis.',2,5,NULL,1,0,0,NULL,'2022-07-24 18:57:50','2022-07-23 18:57:50'),
	(24,'Quia recusandae error aliquam veritatis dolore. Unde repellat omnis dolor laborum. Aliquid et beatae rem et quisquam.',3,1,NULL,1,0,0,NULL,'2022-07-25 18:57:50','2022-07-24 18:57:50'),
	(25,'Illum dolores repudiandae asperiores ut. Ea quae odit voluptates ut cum id aut. Qui sed perferendis debitis impedit.',2,1,NULL,1,0,0,NULL,'2022-07-20 18:57:50','2022-07-30 18:57:50'),
	(26,'Omnis cumque et aut culpa quisquam autem tenetur. Recusandae enim voluptatum non asperiores cupiditate odio qui. Dignissimos neque occaecati atque porro vero autem qui nisi.',5,2,NULL,1,0,0,NULL,'2022-07-31 18:57:50','2022-07-18 18:57:50'),
	(27,'Corporis deleniti deserunt ipsam voluptas. Et expedita iure velit fugit. Quia nostrum dolores animi.',2,2,NULL,1,0,0,NULL,'2022-07-18 18:57:50','2022-07-20 18:57:50'),
	(28,'Aspernatur est aut id aut nisi. Quisquam impedit ut quibusdam aut est est. Repellat enim error temporibus aut ipsa.',6,7,NULL,0,0,0,NULL,'2022-07-30 18:57:50','2022-07-24 18:57:50'),
	(29,'Occaecati aut eos iste dicta rerum. Saepe nihil et nobis consequatur dolores asperiores voluptas. Et molestiae pariatur esse ipsum. Explicabo culpa optio voluptatem quod possimus consectetur aliquid.',5,5,NULL,0,0,0,NULL,'2022-07-20 18:57:50','2022-08-02 18:57:50'),
	(30,'Ratione repellendus officia impedit perspiciatis eos harum. Esse fugiat ipsam tenetur pariatur impedit dolorem. Asperiores ducimus error accusamus delectus temporibus porro.',4,3,NULL,1,0,0,NULL,'2022-07-27 18:57:50','2022-07-31 18:57:50');



# Dump of table blogs
# ------------------------------------------------------------


CREATE TABLE `blogs` (
  `id` int(10) unsigned NOT NULL AUTO_INCREMENT,
  `title` text COLLATE utf8mb3_unicode_ci NOT NULL,
  `slug` varchar(200) COLLATE utf8mb3_unicode_ci NOT NULL,
  `excerpt` varchar(255) COLLATE utf8mb3_unicode_ci DEFAULT NULL,
  `content` longtext COLLATE utf8mb3_unicode_ci DEFAULT NULL,
  `user_id` bigint(20) unsigned NOT NULL,
  `status` tinyint(1) NOT NULL DEFAULT 1,
  `approved` tinyint(1) NOT NULL DEFAULT 1,
  `published_at` timestamp NULL DEFAULT NULL,
  `likes` int(10) unsigned NOT NULL DEFAULT 0,
  `dislikes` int(10) unsigned NOT NULL DEFAULT 0,
  `deleted_at` timestamp NULL DEFAULT NULL,
  `created_at` timestamp NULL DEFAULT NULL,
  `updated_at` timestamp NULL DEFAULT NULL,
  PRIMARY KEY (`id`),
  UNIQUE KEY `blogs_slug_unique` (`slug`),
  KEY `blogs_user_id_foreign` (`user_id`),
  CONSTRAINT `blogs_user_id_foreign` FOREIGN KEY (`user_id`) REFERENCES `users` (`id`) ON DELETE CASCADE
) ENGINE=InnoDB AUTO_INCREMENT=7 DEFAULT CHARSET=utf8mb3 COLLATE=utf8mb3_unicode_ci;


INSERT INTO `blogs` (`id`, `title`, `slug`, `excerpt`, `content`, `user_id`, `status`, `approved`, `published_at`, `likes`, `dislikes`, `deleted_at`, `created_at`, `updated_at`)
VALUES
	(1,'Quo odit porro quo a.','abc-zcart-blog-post','Debitis inventore cum voluptas. Numquam laudantium eum tempora ut ipsa consectetur. Quidem incidunt qui totam deleniti quaerat ratione.','<p>Aut voluptatem ratione sit blanditiis quasi non. Sequi beatae cupiditate provident eveniet. Voluptas voluptatem ut et dolor quidem similique. Voluptatem qui illum neque harum.</p><p>Eum illum hic fugit blanditiis. Qui veritatis neque quos consequatur. Quod cupiditate expedita aperiam facilis recusandae magnam deserunt. Et quos repellendus eveniet dicta qui.</p><p>Corrupti facere consequatur soluta distinctio maiores eius. A sit aperiam dolore dolorem molestias accusantium iure. Sed officiis voluptas voluptatem ut voluptate reiciendis ipsum. Mollitia sed quisquam dolor sapiente.</p><p>Quis fugit recusandae maxime vero. Nobis quisquam at nemo ab aut quae et. Et dolorem eligendi debitis quis. Ipsa id maxime minima eius laudantium facere occaecati.<iframe width=\"560\" height=\"315\" src=\"https://www.youtube.com/embed/A-rEb0KuopI\" frameborder=\"0\" allow=\"accelerometer; autoplay; encrypted-media; gyroscope; picture-in-picture\" allowfullscreen></iframe></p><p>Ut magnam facere et perspiciatis nemo. Consequatur voluptatem quidem ut fugiat. Omnis mollitia id aut perspiciatis deserunt quod quia.</p><p>Eos voluptatem nisi asperiores ex. Praesentium voluptatum quae repellat autem. Dolores quisquam voluptate beatae sit distinctio.</p><p>Et hic alias inventore et. Possimus molestias ut vero. Nesciunt mollitia reprehenderit hic provident occaecati corrupti. Quaerat corrupti dicta corporis officia corporis qui dolores eos. Dolor repellat dolorum et veritatis illo et.</p>',7,1,1,'2022-07-28 18:57:00',0,0,NULL,'2022-07-23 18:57:50','2022-07-23 18:57:50'),
	(2,'Corporis perferendis et voluptate quos reiciendis.','minima-exercitationem-placeat-assumenda','Quo aut maiores atque consequatur eveniet dolorem velit. Eos dolorum quod eaque eos officiis. Labore distinctio vel autem quo.','<p>Nostrum iusto itaque sequi dolor. Consectetur nam dolores delectus minus provident. Aperiam illo aut minus expedita voluptatibus consequatur.</p><p>Voluptas cum distinctio minima placeat non dignissimos. Assumenda eaque eius facilis et maxime ea. Aperiam et eligendi et natus quis nostrum minus. Temporibus ducimus recusandae error quo.</p><p>Adipisci error est officia eum et dolores. Molestiae sint eligendi delectus velit consequatur ut rerum. Ad dolorum tenetur minus.</p><p>Dicta sunt corrupti non voluptatem rem quam laborum. Expedita beatae sed similique ratione sed molestias quidem. Exercitationem qui dolores mollitia officiis magni. Tenetur voluptas ut praesentium.<img src=\"https://farm5.staticflickr.com/4489/37743618362_594eceff0b_b.jpg\" width=\"640\" height=\"424\" alt=\"Apple tree V1\"></p><p>Consectetur delectus eum unde eligendi et. Inventore vel voluptatem consequatur quas perspiciatis.</p><p>Aut hic error dolor quasi. Voluptas magni veniam repellat eligendi. Debitis facilis nisi quo non facere temporibus.</p><p>Ut et excepturi ut cumque labore iure. Qui voluptatem quibusdam veritatis non expedita quia. Quia sint ut excepturi sint.</p>',1,1,1,'2022-07-25 18:57:00',0,0,NULL,'2022-07-05 18:57:50','2022-07-05 18:57:50'),
	(3,'Dignissimos sint quia dolore numquam iusto.','ut-dolore-laboriosam-qui-esse-sit-nobis-quo-neque','Harum asperiores repellat iste eum. Quam quia eum delectus optio dolorum. Doloribus eaque molestiae distinctio ad voluptatum qui molestiae. Possimus occaecati et quae alias ut laudantium placeat rerum.','<p>Impedit id impedit dolorem omnis quia. Eos est repellendus expedita vel quae eveniet similique quia. Ut dolores eveniet natus et quia iste in.</p><p>Qui est dicta dolorum nisi voluptas nisi. Et quibusdam voluptate tenetur soluta quo molestiae eveniet. Corrupti sint exercitationem tempore sit et. Nisi nam aliquam dolorem omnis itaque quasi.</p><p>Voluptatum voluptatem pariatur sit error enim. Non et rerum ea quos accusamus est. Aut repellat doloribus ut eum est repudiandae. Eaque est possimus mollitia in ex magnam sapiente repellat.</p><p>Ullam deserunt tempore sit sit. Ad voluptas magnam et dolorem. Ad earum exercitationem et nulla aperiam necessitatibus et deleniti.<img src=\"https://farm5.staticflickr.com/4471/37699101012_7b2c5c2734_z.jpg\" width=\"640\" height=\"424\" alt=\"Dogs on beach V1\"></p><p>Ullam architecto enim nesciunt non quas. Est sequi enim ad vero nostrum eos eum. Ea dicta fugit nulla dolor ad ex rerum. Voluptas corrupti ullam sed et maiores blanditiis blanditiis maiores.</p><p>Earum eos dolore in fugit consequatur sed id suscipit. Officiis excepturi sunt quis maxime. In omnis in tempora illo ut.</p><p>Dolor expedita fugit modi. Itaque modi totam laudantium. Impedit nihil hic facilis quia quaerat quis sint et.</p>',6,1,1,'2022-07-23 18:57:00',0,0,NULL,'2022-07-16 18:57:50','2022-07-16 18:57:50'),
	(4,'Sequi temporibus repellendus consequatur sit quo mollitia.','iusto-et-sunt-quia-sed-sed-facere','Laboriosam dolorum perspiciatis sed et sint et provident. Neque quod aut quae libero quod eaque. Adipisci eos at autem rem mollitia.','<p>Molestiae alias nihil aliquam sed. Rerum voluptas saepe eum magni reprehenderit id. Quos alias perferendis vel cumque rerum. Qui et dolores explicabo harum quia. Et aut molestiae sequi autem numquam.</p><p>Corrupti eos qui vel delectus quis deserunt. Quo et laborum sed. Ducimus et id facere totam occaecati at corporis facere.</p><p>Dignissimos qui eos corrupti reprehenderit. Labore debitis nemo corporis suscipit quibusdam placeat. Quia sunt corporis eius quidem vitae rem animi. In a suscipit vero omnis.</p><p>Laborum amet laboriosam earum voluptatibus voluptatem fugit quia. Cumque sed voluptas quisquam sunt ullam. Quam consectetur repellendus quo est voluptatem unde veniam.<img src=\"https://farm5.staticflickr.com/4510/37699099812_bc4aa78c5a_z.jpg\" width=\"640\" height=\"424\" alt=\"Fishermen&#x27;s morning V1\"></p><p>Nihil aliquam asperiores in provident adipisci quos hic. Non et consectetur aperiam. Voluptatem in nobis atque. Et dolores aliquid eligendi ut quo ducimus est.</p><p>Temporibus ea rem nemo quibusdam nisi. Quia assumenda illo reiciendis ea in deserunt aut est. Quo ratione quae impedit consequatur dolorem modi occaecati.</p><p>Voluptatem illo fuga excepturi atque qui facilis. Voluptatem asperiores maxime aliquam et quos. Corporis aut aut aliquam nihil et qui enim. Aliquam magnam voluptatibus hic voluptas voluptates.</p>',4,1,1,'2022-07-18 18:57:00',0,0,NULL,'2022-06-29 18:57:50','2022-06-29 18:57:50'),
	(5,'Sed atque voluptatum eius non sit sunt est suscipit.','voluptates-est-doloribus-sit-autem-et-enim-tempora','Ut qui aut est. Aut blanditiis laudantium corporis fuga sequi. Non id autem quis debitis quasi voluptatibus voluptatem magni. Molestias laborum asperiores hic aut consectetur eveniet voluptate.','<p>Laborum saepe sit animi iure aperiam et animi. Sed sequi occaecati soluta iure ipsum autem dolores. Ab ut et soluta odit similique numquam pariatur. Accusantium similique sint eum eos placeat quisquam veritatis.</p><p>Alias repellendus et perspiciatis impedit voluptatem. Omnis omnis repudiandae quas laboriosam qui. Dolorem quis tempore voluptatem saepe.</p><p>Quasi ipsum dolorem voluptatum sit aliquam debitis fugiat sunt. Nobis fugiat voluptas dolorum est. Sit voluptatum dolor nihil vel praesentium architecto.</p><p>Sint voluptatem rerum voluptatum. Fuga blanditiis tenetur vitae et facere aliquid. Libero enim similique non odio mollitia.<img src=\"https://farm5.staticflickr.com/4494/37473356390_051bb9b747_z.jpg\" width=\"424\" height=\"640\" alt=\"Discrete wheel V1\"></p><p>Sunt eveniet qui odit quia qui iure. Alias sed tempora dolorem. Officia dicta consequuntur quia quas.</p><p>Velit voluptate qui rerum adipisci. Quia minus placeat et fugiat qui vitae. Excepturi omnis ipsam ullam a voluptas dolores. Sunt ex reiciendis rerum et quae nam tempora.</p><p>Cum et in dignissimos deserunt earum qui et. At dignissimos voluptatem voluptatibus nesciunt blanditiis odio harum. Et sequi ipsa voluptatum totam libero veritatis. Et ad blanditiis veritatis reiciendis saepe ducimus.</p>',5,1,1,'2022-07-21 18:57:00',0,0,NULL,'2022-07-07 18:57:50','2022-07-07 18:57:50'),
	(6,'Rerum et similique omnis optio id et.','blanditiis-vitae-autem-dolor','Aut qui nulla aliquid tempore consequatur. Nesciunt exercitationem voluptatibus cum sint doloremque voluptas fugiat consectetur. Non rerum fuga laborum praesentium ea iure.','<p>Ut inventore sequi eum id. Fuga corporis magnam et et explicabo aut. Quia amet impedit est. Dicta dolorem rem adipisci voluptatem dolore voluptas.</p><p>Placeat tempore voluptatem tenetur consequatur facilis. Et eos tempore quia voluptates. Et vel laborum quod sapiente sed.</p><p>Itaque ipsam commodi sit sed ullam et aperiam aliquid. Fugit dignissimos aperiam maiores natus enim dolorum. Architecto aperiam molestiae fugit magnam. Quo quia quia libero consequatur ad.</p><p>Sit consequuntur dignissimos odit illum excepturi qui. Necessitatibus impedit inventore incidunt voluptas tenetur saepe dolor. Facere tenetur quia nemo est nulla et dolorem. Deserunt nemo veritatis est doloribus pariatur et.<iframe width=\"560\" height=\"315\" src=\"https://www.youtube.com/embed/A-rEb0KuopI\" frameborder=\"0\" allow=\"accelerometer; autoplay; encrypted-media; gyroscope; picture-in-picture\" allowfullscreen></iframe></p><p>Ipsa et ut repellendus veritatis temporibus itaque rerum inventore. Est eaque ea sit harum. Animi ratione nemo voluptatem ea nesciunt enim. Soluta blanditiis ut consectetur voluptatibus molestiae non.</p><p>Soluta molestiae rem vel dolores eos et rerum beatae. Ut unde deleniti non. Est omnis saepe laudantium voluptatum qui vitae omnis.</p><p>Nihil omnis et quia illo quas distinctio et libero. Autem ex animi amet. Fugit et tempora nihil pariatur praesentium.</p>',3,1,1,'2022-07-23 18:57:00',0,0,NULL,'2022-07-07 18:57:50','2022-07-07 18:57:50');



# Dump of table cancellation_reasons
# ------------------------------------------------------------


CREATE TABLE `cancellation_reasons` (
  `id` int(10) unsigned NOT NULL AUTO_INCREMENT,
  `detail` varchar(255) COLLATE utf8mb3_unicode_ci NOT NULL,
  `office_use` tinyint(1) DEFAULT NULL,
  PRIMARY KEY (`id`),
  UNIQUE KEY `cancellation_reasons_detail_unique` (`detail`)
) ENGINE=InnoDB AUTO_INCREMENT=14 DEFAULT CHARSET=utf8mb3 COLLATE=utf8mb3_unicode_ci;


INSERT INTO `cancellation_reasons` (`id`, `detail`, `office_use`)
VALUES
	(1,'Order created by mistake',NULL),
	(2,'Delivery takes so long',NULL),
	(3,'High shipping cost',NULL),
	(4,'Wrong shipping address',NULL),
	(5,'Need some adjustment',NULL),
	(6,'Wrong billing address',NULL),
	(7,'Other reason',NULL),
	(8,'No inventory',1),
	(9,'Buyer cancelled',1),
	(10,'General adjustment',1),
	(11,'Shipping address undeliverable',1),
	(12,'Pricing issue',1),
	(13,'Customs problem',1);



# Dump of table cancellations
# ------------------------------------------------------------


CREATE TABLE `cancellations` (
  `id` bigint(20) unsigned NOT NULL AUTO_INCREMENT,
  `shop_id` int(10) unsigned DEFAULT NULL,
  `cancellation_reason_id` int(10) unsigned DEFAULT NULL,
  `customer_id` bigint(20) unsigned NOT NULL,
  `order_id` bigint(20) unsigned NOT NULL,
  `items` text COLLATE utf8mb3_unicode_ci DEFAULT NULL,
  `description` longtext COLLATE utf8mb3_unicode_ci DEFAULT NULL,
  `return_goods` tinyint(1) DEFAULT NULL,
  `status` int(10) unsigned NOT NULL DEFAULT 1,
  `created_at` timestamp NULL DEFAULT NULL,
  `updated_at` timestamp NULL DEFAULT NULL,
  PRIMARY KEY (`id`),
  KEY `cancellations_order_id_foreign` (`order_id`),
  KEY `cancellations_customer_id_foreign` (`customer_id`),
  KEY `cancellations_cancellation_reason_id_foreign` (`cancellation_reason_id`),
  CONSTRAINT `cancellations_cancellation_reason_id_foreign` FOREIGN KEY (`cancellation_reason_id`) REFERENCES `cancellation_reasons` (`id`) ON DELETE SET NULL,
  CONSTRAINT `cancellations_customer_id_foreign` FOREIGN KEY (`customer_id`) REFERENCES `customers` (`id`) ON DELETE CASCADE,
  CONSTRAINT `cancellations_order_id_foreign` FOREIGN KEY (`order_id`) REFERENCES `orders` (`id`) ON DELETE CASCADE
) ENGINE=InnoDB DEFAULT CHARSET=utf8mb3 COLLATE=utf8mb3_unicode_ci;



# Dump of table carriers
# ------------------------------------------------------------


CREATE TABLE `carriers` (
  `id` int(10) unsigned NOT NULL AUTO_INCREMENT,
  `shop_id` int(10) unsigned DEFAULT NULL,
  `tax_id` int(10) unsigned DEFAULT NULL,
  `name` varchar(255) COLLATE utf8mb3_unicode_ci NOT NULL,
  `email` varchar(255) COLLATE utf8mb3_unicode_ci DEFAULT NULL,
  `phone` varchar(255) COLLATE utf8mb3_unicode_ci DEFAULT NULL,
  `tracking_url` varchar(255) COLLATE utf8mb3_unicode_ci DEFAULT NULL,
  `active` tinyint(1) NOT NULL DEFAULT 1,
  `deleted_at` timestamp NULL DEFAULT NULL,
  `created_at` timestamp NULL DEFAULT NULL,
  `updated_at` timestamp NULL DEFAULT NULL,
  PRIMARY KEY (`id`)
) ENGINE=InnoDB AUTO_INCREMENT=6 DEFAULT CHARSET=utf8mb3 COLLATE=utf8mb3_unicode_ci;


INSERT INTO `carriers` (`id`, `shop_id`, `tax_id`, `name`, `email`, `phone`, `tracking_url`, `active`, `deleted_at`, `created_at`, `updated_at`)
VALUES
	(1,5,4,'DTDC','marquardt.letha@schamberger.com','563-574-5408','http://www.rath.com/eligendi-praesentium-autem-animi-consequuntur-omnis-voluptatem-quo.html/@',1,NULL,'2022-08-02 18:57:47','2022-08-02 18:57:47'),
	(2,3,1,'USP','dbeer@rowe.net','(650) 339-6301','https://leuschke.com/a-consectetur-pariatur-rerum-minima-quisquam-mollitia-vitae.html/@',1,NULL,'2022-08-02 18:57:47','2022-08-02 18:57:47'),
	(3,3,5,'DHL','eleanora.ruecker@gmail.com','443.567.9840','http://leannon.com/in-dicta-itaque-est-minus/@',1,NULL,'2022-08-02 18:57:47','2022-08-02 18:57:47'),
	(4,5,6,'FedEx','jaeden.jast@kemmer.biz','+1.929.848.4394','https://west.info/nam-distinctio-libero-adipisci-aliquam.html/@',1,NULL,'2022-08-02 18:57:47','2022-08-02 18:57:47'),
	(5,4,2,'YRC','wlind@schroeder.com','(712) 556-6885','https://www.koelpin.biz/sed-sequi-libero-aspernatur-asperiores/@',1,NULL,'2022-08-02 18:57:47','2022-08-02 18:57:47');



# Dump of table cart_items
# ------------------------------------------------------------


CREATE TABLE `cart_items` (
  `cart_id` bigint(20) unsigned NOT NULL,
  `inventory_id` bigint(20) unsigned NOT NULL,
  `item_description` longtext COLLATE utf8mb3_unicode_ci NOT NULL,
  `quantity` int(10) unsigned NOT NULL,
  `unit_price` decimal(20,6) NOT NULL,
  `created_at` timestamp NULL DEFAULT NULL,
  `updated_at` timestamp NULL DEFAULT NULL,
  KEY `cart_items_cart_id_index` (`cart_id`),
  KEY `cart_items_inventory_id_index` (`inventory_id`),
  CONSTRAINT `cart_items_cart_id_foreign` FOREIGN KEY (`cart_id`) REFERENCES `carts` (`id`) ON DELETE CASCADE,
  CONSTRAINT `cart_items_inventory_id_foreign` FOREIGN KEY (`inventory_id`) REFERENCES `inventories` (`id`) ON DELETE CASCADE
) ENGINE=InnoDB DEFAULT CHARSET=utf8mb3 COLLATE=utf8mb3_unicode_ci;



# Dump of table carts
# ------------------------------------------------------------


CREATE TABLE `carts` (
  `id` bigint(20) unsigned NOT NULL AUTO_INCREMENT,
  `shop_id` int(10) unsigned DEFAULT NULL,
  `customer_id` bigint(20) unsigned DEFAULT NULL,
  `ip_address` varchar(45) COLLATE utf8mb3_unicode_ci DEFAULT NULL,
  `ship_to` int(10) unsigned DEFAULT NULL,
  `ship_to_country_id` int(10) unsigned DEFAULT NULL,
  `ship_to_state_id` int(10) unsigned DEFAULT NULL,
  `shipping_zone_id` int(10) unsigned DEFAULT NULL,
  `shipping_rate_id` int(10) unsigned DEFAULT NULL,
  `packaging_id` int(10) unsigned DEFAULT NULL,
  `item_count` int(10) unsigned NOT NULL,
  `quantity` int(10) unsigned NOT NULL,
  `total` decimal(20,6) DEFAULT NULL,
  `discount` decimal(20,6) DEFAULT NULL,
  `shipping` decimal(20,6) DEFAULT NULL,
  `packaging` decimal(20,6) DEFAULT NULL,
  `handling` decimal(20,6) DEFAULT NULL,
  `taxes` decimal(20,6) DEFAULT NULL,
  `grand_total` decimal(20,6) DEFAULT NULL,
  `taxrate` decimal(20,6) DEFAULT NULL,
  `shipping_weight` decimal(20,2) DEFAULT NULL,
  `billing_address` bigint(20) unsigned DEFAULT NULL,
  `shipping_address` bigint(20) unsigned DEFAULT NULL,
  `email` varchar(255) COLLATE utf8mb3_unicode_ci DEFAULT NULL,
  `coupon_id` bigint(20) unsigned DEFAULT NULL,
  `payment_status` int(11) NOT NULL DEFAULT 1,
  `payment_method_id` int(10) unsigned DEFAULT NULL,
  `message_to_customer` text COLLATE utf8mb3_unicode_ci DEFAULT NULL,
  `admin_note` text COLLATE utf8mb3_unicode_ci DEFAULT NULL,
  `deleted_at` timestamp NULL DEFAULT NULL,
  `created_at` timestamp NULL DEFAULT NULL,
  `updated_at` timestamp NULL DEFAULT NULL,
  `razorpay_order_id` text COLLATE utf8mb3_unicode_ci DEFAULT NULL,
  PRIMARY KEY (`id`),
  KEY `carts_shop_id_foreign` (`shop_id`),
  KEY `carts_customer_id_foreign` (`customer_id`),
  CONSTRAINT `carts_customer_id_foreign` FOREIGN KEY (`customer_id`) REFERENCES `customers` (`id`) ON DELETE SET NULL,
  CONSTRAINT `carts_shop_id_foreign` FOREIGN KEY (`shop_id`) REFERENCES `shops` (`id`) ON DELETE SET NULL
) ENGINE=InnoDB DEFAULT CHARSET=utf8mb3 COLLATE=utf8mb3_unicode_ci;



# Dump of table categories
# ------------------------------------------------------------


CREATE TABLE `categories` (
  `id` int(10) unsigned NOT NULL AUTO_INCREMENT,
  `category_sub_group_id` int(10) unsigned NOT NULL,
  `name` varchar(200) COLLATE utf8mb3_unicode_ci NOT NULL,
  `slug` varchar(200) COLLATE utf8mb3_unicode_ci NOT NULL,
  `description` text COLLATE utf8mb3_unicode_ci DEFAULT NULL,
  `active` tinyint(1) NOT NULL DEFAULT 1,
  `featured` tinyint(1) DEFAULT NULL,
  `order` int(11) DEFAULT 100,
  `meta_title` text COLLATE utf8mb3_unicode_ci DEFAULT NULL,
  `meta_description` longtext COLLATE utf8mb3_unicode_ci DEFAULT NULL,
  `deleted_at` timestamp NULL DEFAULT NULL,
  `created_at` timestamp NULL DEFAULT NULL,
  `updated_at` timestamp NULL DEFAULT NULL,
  PRIMARY KEY (`id`),
  UNIQUE KEY `categories_slug_unique` (`slug`),
  KEY `categories_category_sub_group_id_foreign` (`category_sub_group_id`),
  CONSTRAINT `categories_category_sub_group_id_foreign` FOREIGN KEY (`category_sub_group_id`) REFERENCES `category_sub_groups` (`id`) ON DELETE CASCADE
) ENGINE=InnoDB AUTO_INCREMENT=41 DEFAULT CHARSET=utf8mb3 COLLATE=utf8mb3_unicode_ci;


INSERT INTO `categories` (`id`, `category_sub_group_id`, `name`, `slug`, `description`, `active`, `featured`, `order`, `meta_title`, `meta_description`, `deleted_at`, `created_at`, `updated_at`)
VALUES
	(1,12,'Mobile','mobile','Mobile Phones',1,1,100,NULL,NULL,NULL,'2022-08-02 18:57:45','2022-08-02 18:57:45'),
	(2,7,'Mobile Accessories','mobile-accessories','Headphone, Adapter, Casing etc',1,1,100,NULL,NULL,NULL,'2022-08-02 18:57:45','2022-08-02 18:57:45'),
	(3,9,'Laptop','laptop','Laptop',1,1,100,NULL,NULL,NULL,'2022-08-02 18:57:45','2022-08-02 18:57:45'),
	(4,7,'Desktop','desktop','Desktop',1,1,100,NULL,NULL,NULL,'2022-08-02 18:57:45','2022-08-02 18:57:45'),
	(5,17,'Tablet','tablet','Tablet Computer and Accessories',1,1,100,NULL,NULL,NULL,'2022-08-02 18:57:45','2022-08-02 18:57:45'),
	(6,24,'TVs','tvs','TVs and Accessories',1,NULL,100,NULL,NULL,NULL,'2022-08-02 18:57:45','2022-08-02 18:57:45'),
	(7,8,'Home Theater System','home-theater','Home Theater Sound System and Accessories',1,1,100,NULL,NULL,NULL,'2022-08-02 18:57:45','2022-08-02 18:57:45'),
	(8,6,'Point & Shoot Camera','pns-camera','PnS Camera and Accessories',1,1,100,NULL,NULL,NULL,'2022-08-02 18:57:45','2022-08-02 18:57:45'),
	(9,3,'DSLR','dslr','DSLR Camera and Accessories',1,NULL,100,NULL,NULL,NULL,'2022-08-02 18:57:45','2022-08-02 18:57:45'),
	(10,19,'Video Camera','video-camera','Video Camera and Accessories',1,1,100,NULL,NULL,NULL,'2022-08-02 18:57:45','2022-08-02 18:57:45'),
	(11,23,'Conroy-Wunsch','et-molestias-non-odio-repudiandae-ullam-tempora','Et optio dolorem nisi sed ut velit necessitatibus.',1,NULL,100,NULL,NULL,NULL,'2022-08-02 18:57:45','2022-08-02 18:57:45'),
	(12,8,'Roberts-Spinka','dolorem-non-non-doloremque-explicabo','Quia autem sed natus.',1,NULL,100,NULL,NULL,NULL,'2022-08-02 18:57:45','2022-08-02 18:57:45'),
	(13,22,'Rodriguez-Marquardt','fugit-perspiciatis-illum-illo-et-tempore-fugiat','Eos iure ut quidem velit omnis deserunt tempora.',1,NULL,100,NULL,NULL,NULL,'2022-08-02 18:57:45','2022-08-02 18:57:45'),
	(14,11,'Hammes Ltd','quia-dolor-eveniet-nobis-dolorem-soluta-qui-aut','Qui qui voluptatem eius eligendi labore hic dignissimos.',1,NULL,100,NULL,NULL,NULL,'2022-08-02 18:57:45','2022-08-02 18:57:45'),
	(15,11,'Kertzmann Ltd','et-aut-quae-et-quia-molestias-ratione','Magni minima cum iusto voluptatem.',1,NULL,100,NULL,NULL,NULL,'2022-08-02 18:57:45','2022-08-02 18:57:45'),
	(16,9,'Bogan, Ullrich and Runte','officia-quia-numquam-dicta-qui-qui-sit-consequatur','Consequatur vitae vel et facilis dolorem libero quis et.',1,NULL,100,NULL,NULL,NULL,'2022-08-02 18:57:45','2022-08-02 18:57:45'),
	(17,18,'Nitzsche, Schimmel and Tillman','saepe-ipsam-id-consectetur-accusantium','Dolor quo nesciunt ipsa. Est debitis repudiandae ab deserunt dolorem.',1,NULL,100,NULL,NULL,NULL,'2022-08-02 18:57:45','2022-08-02 18:57:45'),
	(18,1,'Lind, Hammes and O\'Reilly','et-numquam-eum-impedit-totam-quis-natus-laboriosam','Aut sit ad blanditiis fugiat doloribus qui voluptate.',1,NULL,100,NULL,NULL,NULL,'2022-08-02 18:57:45','2022-08-02 18:57:45'),
	(19,5,'Mueller-Shields','vel-ut-tempore-voluptate-facere','Id quam omnis suscipit rem est tempora praesentium accusamus.',1,NULL,100,NULL,NULL,NULL,'2022-08-02 18:57:45','2022-08-02 18:57:45'),
	(20,12,'Bechtelar, Powlowski and Koelpin','assumenda-accusantium-voluptas-ullam-similique-velit-iure','Veniam qui nisi corporis aut vel.',1,NULL,100,NULL,NULL,NULL,'2022-08-02 18:57:45','2022-08-02 18:57:45'),
	(21,20,'Ferry, Bins and Prohaska','occaecati-quis-ullam-nihil-sint','Ducimus quo pariatur minima velit placeat ullam est. Minus enim autem dolore.',1,NULL,100,NULL,NULL,NULL,'2022-08-02 18:57:45','2022-08-02 18:57:45'),
	(22,11,'Green PLC','praesentium-minima-nemo-sed-eaque-maxime-iure-et-iste','Eius sed aut autem earum aut tenetur. Nihil quaerat et sunt et.',1,NULL,100,NULL,NULL,NULL,'2022-08-02 18:57:45','2022-08-02 18:57:45'),
	(23,23,'Barton-Stoltenberg','nihil-impedit-sapiente-autem-blanditiis','Fuga et qui optio laborum dignissimos. Nostrum ipsum rem qui velit.',1,NULL,100,NULL,NULL,NULL,'2022-08-02 18:57:45','2022-08-02 18:57:45'),
	(24,5,'Roob-Russel','laboriosam-ratione-necessitatibus-voluptates','Consequatur qui rerum provident rerum.',1,NULL,100,NULL,NULL,NULL,'2022-08-02 18:57:45','2022-08-02 18:57:45'),
	(25,10,'Hammes Ltd','quaerat-aut-cumque-rem-sunt-veritatis-omnis','Fugit distinctio velit omnis rem consequatur velit reiciendis.',1,NULL,100,NULL,NULL,NULL,'2022-08-02 18:57:45','2022-08-02 18:57:45'),
	(26,10,'Howe Ltd','necessitatibus-rerum-architecto-aut','Et saepe minima vel suscipit quia eveniet et.',1,NULL,100,NULL,NULL,NULL,'2022-08-02 18:57:45','2022-08-02 18:57:45'),
	(27,1,'Luettgen Inc','et-omnis-ea-at-in-recusandae-fugiat','Veniam dolorem laudantium eius voluptatem amet pariatur.',1,NULL,100,NULL,NULL,NULL,'2022-08-02 18:57:45','2022-08-02 18:57:45'),
	(28,14,'Rippin-Farrell','et-quidem-consequatur-modi-blanditiis-odit-aliquam-sequi-est','Cum iste nobis sit ea et ut. Doloribus temporibus labore ut.',1,NULL,100,NULL,NULL,NULL,'2022-08-02 18:57:45','2022-08-02 18:57:45'),
	(29,10,'Runolfsson-Trantow','neque-atque-commodi-eaque-illo-quia-aspernatur-eius','Saepe voluptas quia modi et molestiae eveniet.',1,NULL,100,NULL,NULL,NULL,'2022-08-02 18:57:45','2022-08-02 18:57:45'),
	(30,13,'Kassulke Ltd','porro-quas-placeat-aperiam-deserunt-ipsum-molestiae','Voluptas aut et hic repellendus in autem.',1,NULL,100,NULL,NULL,NULL,'2022-08-02 18:57:45','2022-08-02 18:57:45'),
	(31,19,'Wisozk Group','voluptatibus-rem-omnis-explicabo-aliquid','Iste ex fugit similique voluptatem. Molestiae qui maxime nulla illum veniam.',1,NULL,100,NULL,NULL,NULL,'2022-08-02 18:57:45','2022-08-02 18:57:45'),
	(32,11,'Keebler, Braun and Pouros','cumque-porro-voluptas-et-quo-mollitia','Ut ipsum ipsam harum quis ducimus omnis. Aut minima consequatur occaecati.',1,NULL,100,NULL,NULL,NULL,'2022-08-02 18:57:45','2022-08-02 18:57:45'),
	(33,21,'Turner, Lemke and Wintheiser','reiciendis-qui-voluptatem-numquam-quia-aliquid-laudantium-autem','Corrupti quidem nesciunt sed veritatis omnis sed pariatur ducimus.',1,NULL,100,NULL,NULL,NULL,'2022-08-02 18:57:45','2022-08-02 18:57:45'),
	(34,5,'Fisher, Brakus and Keeling','architecto-consequatur-est-aut-ducimus-velit-nostrum','Aut omnis dolores modi quo dolorem adipisci maxime.',1,NULL,100,NULL,NULL,NULL,'2022-08-02 18:57:45','2022-08-02 18:57:45'),
	(35,11,'McKenzie-Ernser','quos-aperiam-ratione-veniam-omnis-assumenda-vel-ratione','Id velit reprehenderit labore possimus nihil quasi voluptas.',1,NULL,100,NULL,NULL,NULL,'2022-08-02 18:57:45','2022-08-02 18:57:45'),
	(36,16,'DuBuque and Sons','iusto-omnis-aperiam-numquam-laboriosam-cupiditate','Ut maxime at quae quaerat quasi.',1,NULL,100,NULL,NULL,NULL,'2022-08-02 18:57:45','2022-08-02 18:57:45'),
	(37,21,'Swaniawski-Klocko','quibusdam-omnis-rerum-animi-velit-eveniet-sint-in','Temporibus neque optio autem.',1,NULL,100,NULL,NULL,NULL,'2022-08-02 18:57:45','2022-08-02 18:57:45'),
	(38,4,'Dietrich-Breitenberg','nam-sint-modi-blanditiis-similique-maiores-in','Voluptas voluptatibus temporibus vero rem voluptatem non.',1,NULL,100,NULL,NULL,NULL,'2022-08-02 18:57:45','2022-08-02 18:57:45'),
	(39,5,'Parisian-Williamson','consectetur-qui-aut-eum-aut','Nihil itaque deleniti dolorum voluptates modi sequi quia.',1,NULL,100,NULL,NULL,NULL,'2022-08-02 18:57:45','2022-08-02 18:57:45'),
	(40,18,'Considine Group','fuga-blanditiis-nesciunt-eius-in-occaecati-unde','Odit pariatur dolorem quia omnis ea. Suscipit est voluptatem amet ipsam.',1,NULL,100,NULL,NULL,NULL,'2022-08-02 18:57:45','2022-08-02 18:57:45');



# Dump of table category_groups
# ------------------------------------------------------------


CREATE TABLE `category_groups` (
  `id` int(10) unsigned NOT NULL AUTO_INCREMENT,
  `name` varchar(200) COLLATE utf8mb3_unicode_ci NOT NULL,
  `slug` varchar(200) COLLATE utf8mb3_unicode_ci NOT NULL,
  `description` text COLLATE utf8mb3_unicode_ci DEFAULT NULL,
  `icon` varchar(100) COLLATE utf8mb3_unicode_ci DEFAULT 'cube',
  `active` tinyint(1) NOT NULL DEFAULT 1,
  `order` int(11) DEFAULT 100,
  `meta_title` text COLLATE utf8mb3_unicode_ci DEFAULT NULL,
  `meta_description` longtext COLLATE utf8mb3_unicode_ci DEFAULT NULL,
  `deleted_at` timestamp NULL DEFAULT NULL,
  `created_at` timestamp NULL DEFAULT NULL,
  `updated_at` timestamp NULL DEFAULT NULL,
  PRIMARY KEY (`id`),
  UNIQUE KEY `category_groups_slug_unique` (`slug`)
) ENGINE=InnoDB AUTO_INCREMENT=10 DEFAULT CHARSET=utf8mb3 COLLATE=utf8mb3_unicode_ci;


INSERT INTO `category_groups` (`id`, `name`, `slug`, `description`, `icon`, `active`, `order`, `meta_title`, `meta_description`, `deleted_at`, `created_at`, `updated_at`)
VALUES
	(1,'Home & Garden','home-garden','Cookware, Dining, Bath, Home Decor and more','fa-shower',1,100,NULL,NULL,NULL,'2022-08-02 18:57:45','2022-08-02 18:57:45'),
	(2,'Electronics','electronics','Mobile, Computer, Tablet, Camera etc','fa-plug',1,100,NULL,NULL,NULL,'2022-08-02 18:57:45','2022-08-02 18:57:45'),
	(3,'Kids and Toy','kids-toy','Toys, Footwear etc','fa-gamepad',1,100,NULL,NULL,NULL,'2022-08-02 18:57:45','2022-08-02 18:57:45'),
	(4,'Clothing and Shoes','clothing-shoes','Shoes, Clothing, Life style items','fa-tshirt',1,100,NULL,NULL,NULL,'2022-08-02 18:57:45','2022-08-02 18:57:45'),
	(5,'Beauty and Health','beauty-health','Cosmetics, Foods and more.','fa-hot-tub',1,100,NULL,NULL,NULL,'2022-08-02 18:57:45','2022-08-02 18:57:45'),
	(6,'Sports','sports','Cycle, Tennis, Boxing, Cricket and more.','fa-skiing',1,100,NULL,NULL,NULL,'2022-08-02 18:57:45','2022-08-02 18:57:45'),
	(7,'Jewelry','jewelry','Necklances, Rings, Pendants and more.','fa-gem',1,100,NULL,NULL,NULL,'2022-08-02 18:57:45','2022-08-02 18:57:45'),
	(8,'Pets','pets','Pet foods and supplies.','fa-dog',1,100,NULL,NULL,NULL,'2022-08-02 18:57:45','2022-08-02 18:57:45'),
	(9,'Hobbies & DIY','hobbies-diy','Craft Sewing, Supplies and more.','fa-paint-brush',1,100,NULL,NULL,NULL,'2022-08-02 18:57:45','2022-08-02 18:57:45');



# Dump of table category_product
# ------------------------------------------------------------


CREATE TABLE `category_product` (
  `category_id` int(10) unsigned NOT NULL,
  `product_id` bigint(20) unsigned NOT NULL,
  `created_at` timestamp NULL DEFAULT NULL,
  `updated_at` timestamp NULL DEFAULT NULL,
  KEY `category_product_category_id_index` (`category_id`),
  KEY `category_product_product_id_index` (`product_id`),
  CONSTRAINT `category_product_category_id_foreign` FOREIGN KEY (`category_id`) REFERENCES `categories` (`id`) ON DELETE CASCADE,
  CONSTRAINT `category_product_product_id_foreign` FOREIGN KEY (`product_id`) REFERENCES `products` (`id`) ON DELETE CASCADE
) ENGINE=InnoDB DEFAULT CHARSET=utf8mb3 COLLATE=utf8mb3_unicode_ci;


INSERT INTO `category_product` (`category_id`, `product_id`, `created_at`, `updated_at`)
VALUES
	(26,1,'2022-08-02 18:57:43','2022-08-02 18:57:43'),
	(34,1,'2022-08-02 18:57:43','2022-08-02 18:57:43'),
	(27,1,'2022-08-02 18:57:43','2022-08-02 18:57:43'),
	(32,1,'2022-08-02 18:57:43','2022-08-02 18:57:43'),
	(13,1,'2022-08-02 18:57:43','2022-08-02 18:57:43'),
	(4,4,'2022-08-02 18:57:43','2022-08-02 18:57:43'),
	(21,4,'2022-08-02 18:57:43','2022-08-02 18:57:43'),
	(29,4,'2022-08-02 18:57:43','2022-08-02 18:57:43'),
	(23,4,'2022-08-02 18:57:43','2022-08-02 18:57:43'),
	(34,47,'2022-08-02 18:57:43','2022-08-02 18:57:43'),
	(37,47,'2022-08-02 18:57:43','2022-08-02 18:57:43'),
	(25,47,'2022-08-02 18:57:43','2022-08-02 18:57:43'),
	(9,47,'2022-08-02 18:57:43','2022-08-02 18:57:43'),
	(35,47,'2022-08-02 18:57:43','2022-08-02 18:57:43'),
	(29,6,'2022-08-02 18:57:43','2022-08-02 18:57:43'),
	(35,6,'2022-08-02 18:57:43','2022-08-02 18:57:43'),
	(17,6,'2022-08-02 18:57:43','2022-08-02 18:57:43'),
	(30,32,'2022-08-02 18:57:43','2022-08-02 18:57:43'),
	(28,32,'2022-08-02 18:57:43','2022-08-02 18:57:43'),
	(4,32,'2022-08-02 18:57:43','2022-08-02 18:57:43'),
	(37,32,'2022-08-02 18:57:43','2022-08-02 18:57:43'),
	(35,43,'2022-08-02 18:57:43','2022-08-02 18:57:43'),
	(34,43,'2022-08-02 18:57:43','2022-08-02 18:57:43'),
	(23,43,'2022-08-02 18:57:43','2022-08-02 18:57:43'),
	(23,43,'2022-08-02 18:57:43','2022-08-02 18:57:43'),
	(8,3,'2022-08-02 18:57:43','2022-08-02 18:57:43'),
	(12,3,'2022-08-02 18:57:43','2022-08-02 18:57:43'),
	(39,3,'2022-08-02 18:57:43','2022-08-02 18:57:43'),
	(6,3,'2022-08-02 18:57:43','2022-08-02 18:57:43'),
	(38,17,'2022-08-02 18:57:43','2022-08-02 18:57:43'),
	(36,17,'2022-08-02 18:57:43','2022-08-02 18:57:43'),
	(12,17,'2022-08-02 18:57:43','2022-08-02 18:57:43'),
	(36,17,'2022-08-02 18:57:43','2022-08-02 18:57:43'),
	(19,17,'2022-08-02 18:57:43','2022-08-02 18:57:43'),
	(4,44,'2022-08-02 18:57:43','2022-08-02 18:57:43'),
	(36,44,'2022-08-02 18:57:43','2022-08-02 18:57:43'),
	(40,44,'2022-08-02 18:57:43','2022-08-02 18:57:43'),
	(22,44,'2022-08-02 18:57:43','2022-08-02 18:57:43'),
	(6,15,'2022-08-02 18:57:43','2022-08-02 18:57:43'),
	(37,15,'2022-08-02 18:57:43','2022-08-02 18:57:43'),
	(35,15,'2022-08-02 18:57:43','2022-08-02 18:57:43'),
	(20,15,'2022-08-02 18:57:43','2022-08-02 18:57:43'),
	(12,10,'2022-08-02 18:57:43','2022-08-02 18:57:43'),
	(6,10,'2022-08-02 18:57:43','2022-08-02 18:57:43'),
	(23,10,'2022-08-02 18:57:43','2022-08-02 18:57:43'),
	(30,22,'2022-08-02 18:57:43','2022-08-02 18:57:43'),
	(25,22,'2022-08-02 18:57:43','2022-08-02 18:57:43'),
	(16,22,'2022-08-02 18:57:43','2022-08-02 18:57:43'),
	(5,22,'2022-08-02 18:57:43','2022-08-02 18:57:43'),
	(13,2,'2022-08-02 18:57:43','2022-08-02 18:57:43'),
	(26,2,'2022-08-02 18:57:43','2022-08-02 18:57:43'),
	(30,2,'2022-08-02 18:57:43','2022-08-02 18:57:43'),
	(30,2,'2022-08-02 18:57:43','2022-08-02 18:57:43'),
	(26,30,'2022-08-02 18:57:43','2022-08-02 18:57:43'),
	(2,30,'2022-08-02 18:57:43','2022-08-02 18:57:43'),
	(14,30,'2022-08-02 18:57:43','2022-08-02 18:57:43'),
	(38,42,'2022-08-02 18:57:43','2022-08-02 18:57:43'),
	(13,42,'2022-08-02 18:57:43','2022-08-02 18:57:43'),
	(16,42,'2022-08-02 18:57:43','2022-08-02 18:57:43'),
	(18,42,'2022-08-02 18:57:43','2022-08-02 18:57:43'),
	(33,42,'2022-08-02 18:57:43','2022-08-02 18:57:43'),
	(5,21,'2022-08-02 18:57:43','2022-08-02 18:57:43'),
	(18,21,'2022-08-02 18:57:43','2022-08-02 18:57:43'),
	(14,21,'2022-08-02 18:57:43','2022-08-02 18:57:43'),
	(8,25,'2022-08-02 18:57:43','2022-08-02 18:57:43'),
	(7,25,'2022-08-02 18:57:43','2022-08-02 18:57:43'),
	(5,25,'2022-08-02 18:57:43','2022-08-02 18:57:43'),
	(19,25,'2022-08-02 18:57:43','2022-08-02 18:57:43'),
	(30,8,'2022-08-02 18:57:43','2022-08-02 18:57:43'),
	(4,8,'2022-08-02 18:57:43','2022-08-02 18:57:43'),
	(24,8,'2022-08-02 18:57:43','2022-08-02 18:57:43'),
	(23,8,'2022-08-02 18:57:43','2022-08-02 18:57:43'),
	(26,24,'2022-08-02 18:57:43','2022-08-02 18:57:43'),
	(2,24,'2022-08-02 18:57:43','2022-08-02 18:57:43'),
	(34,24,'2022-08-02 18:57:43','2022-08-02 18:57:43'),
	(29,24,'2022-08-02 18:57:43','2022-08-02 18:57:43'),
	(29,24,'2022-08-02 18:57:43','2022-08-02 18:57:43'),
	(38,14,'2022-08-02 18:57:43','2022-08-02 18:57:43'),
	(29,14,'2022-08-02 18:57:43','2022-08-02 18:57:43'),
	(3,14,'2022-08-02 18:57:43','2022-08-02 18:57:43'),
	(16,9,'2022-08-02 18:57:43','2022-08-02 18:57:43'),
	(6,9,'2022-08-02 18:57:43','2022-08-02 18:57:43'),
	(22,9,'2022-08-02 18:57:43','2022-08-02 18:57:43'),
	(40,50,'2022-08-02 18:57:43','2022-08-02 18:57:43'),
	(37,50,'2022-08-02 18:57:43','2022-08-02 18:57:43'),
	(5,50,'2022-08-02 18:57:43','2022-08-02 18:57:43'),
	(17,50,'2022-08-02 18:57:43','2022-08-02 18:57:43'),
	(25,50,'2022-08-02 18:57:43','2022-08-02 18:57:43'),
	(15,7,'2022-08-02 18:57:43','2022-08-02 18:57:43'),
	(16,7,'2022-08-02 18:57:43','2022-08-02 18:57:43'),
	(5,7,'2022-08-02 18:57:43','2022-08-02 18:57:43'),
	(28,7,'2022-08-02 18:57:43','2022-08-02 18:57:43'),
	(22,41,'2022-08-02 18:57:43','2022-08-02 18:57:43'),
	(34,41,'2022-08-02 18:57:43','2022-08-02 18:57:43'),
	(10,41,'2022-08-02 18:57:43','2022-08-02 18:57:43'),
	(5,41,'2022-08-02 18:57:43','2022-08-02 18:57:43'),
	(27,41,'2022-08-02 18:57:43','2022-08-02 18:57:43'),
	(24,31,'2022-08-02 18:57:43','2022-08-02 18:57:43'),
	(26,31,'2022-08-02 18:57:43','2022-08-02 18:57:43'),
	(14,31,'2022-08-02 18:57:43','2022-08-02 18:57:43'),
	(5,31,'2022-08-02 18:57:43','2022-08-02 18:57:43'),
	(13,31,'2022-08-02 18:57:43','2022-08-02 18:57:43'),
	(15,18,'2022-08-02 18:57:43','2022-08-02 18:57:43'),
	(18,18,'2022-08-02 18:57:43','2022-08-02 18:57:43'),
	(21,18,'2022-08-02 18:57:43','2022-08-02 18:57:43'),
	(4,18,'2022-08-02 18:57:43','2022-08-02 18:57:43'),
	(37,18,'2022-08-02 18:57:43','2022-08-02 18:57:43'),
	(8,51,'2022-08-02 18:57:43','2022-08-02 18:57:43'),
	(2,51,'2022-08-02 18:57:43','2022-08-02 18:57:43'),
	(21,51,'2022-08-02 18:57:43','2022-08-02 18:57:43'),
	(40,37,'2022-08-02 18:57:43','2022-08-02 18:57:43'),
	(29,37,'2022-08-02 18:57:43','2022-08-02 18:57:43'),
	(21,37,'2022-08-02 18:57:43','2022-08-02 18:57:43'),
	(22,37,'2022-08-02 18:57:43','2022-08-02 18:57:43'),
	(32,37,'2022-08-02 18:57:43','2022-08-02 18:57:43'),
	(12,49,'2022-08-02 18:57:43','2022-08-02 18:57:43'),
	(30,49,'2022-08-02 18:57:43','2022-08-02 18:57:43'),
	(22,49,'2022-08-02 18:57:43','2022-08-02 18:57:43'),
	(27,49,'2022-08-02 18:57:43','2022-08-02 18:57:43'),
	(2,27,'2022-08-02 18:57:43','2022-08-02 18:57:43'),
	(1,27,'2022-08-02 18:57:43','2022-08-02 18:57:43'),
	(28,27,'2022-08-02 18:57:43','2022-08-02 18:57:43'),
	(13,27,'2022-08-02 18:57:43','2022-08-02 18:57:43'),
	(2,27,'2022-08-02 18:57:43','2022-08-02 18:57:43'),
	(9,34,'2022-08-02 18:57:43','2022-08-02 18:57:43'),
	(3,34,'2022-08-02 18:57:43','2022-08-02 18:57:43'),
	(12,34,'2022-08-02 18:57:43','2022-08-02 18:57:43'),
	(24,34,'2022-08-02 18:57:43','2022-08-02 18:57:43'),
	(17,34,'2022-08-02 18:57:43','2022-08-02 18:57:43'),
	(28,26,'2022-08-02 18:57:43','2022-08-02 18:57:43'),
	(22,26,'2022-08-02 18:57:43','2022-08-02 18:57:43'),
	(25,26,'2022-08-02 18:57:43','2022-08-02 18:57:43'),
	(18,26,'2022-08-02 18:57:43','2022-08-02 18:57:43'),
	(7,19,'2022-08-02 18:57:43','2022-08-02 18:57:43'),
	(20,19,'2022-08-02 18:57:43','2022-08-02 18:57:43'),
	(34,19,'2022-08-02 18:57:43','2022-08-02 18:57:43'),
	(5,45,'2022-08-02 18:57:43','2022-08-02 18:57:43'),
	(38,45,'2022-08-02 18:57:43','2022-08-02 18:57:43'),
	(4,45,'2022-08-02 18:57:43','2022-08-02 18:57:43'),
	(35,45,'2022-08-02 18:57:43','2022-08-02 18:57:43'),
	(23,38,'2022-08-02 18:57:43','2022-08-02 18:57:43'),
	(18,38,'2022-08-02 18:57:43','2022-08-02 18:57:43'),
	(39,38,'2022-08-02 18:57:43','2022-08-02 18:57:43'),
	(28,20,'2022-08-02 18:57:43','2022-08-02 18:57:43'),
	(18,20,'2022-08-02 18:57:43','2022-08-02 18:57:43'),
	(19,20,'2022-08-02 18:57:43','2022-08-02 18:57:43'),
	(35,20,'2022-08-02 18:57:43','2022-08-02 18:57:43'),
	(10,13,'2022-08-02 18:57:43','2022-08-02 18:57:43'),
	(32,13,'2022-08-02 18:57:43','2022-08-02 18:57:43'),
	(26,13,'2022-08-02 18:57:43','2022-08-02 18:57:43'),
	(11,13,'2022-08-02 18:57:43','2022-08-02 18:57:43'),
	(32,40,'2022-08-02 18:57:43','2022-08-02 18:57:43'),
	(7,40,'2022-08-02 18:57:43','2022-08-02 18:57:43'),
	(10,40,'2022-08-02 18:57:43','2022-08-02 18:57:43'),
	(40,40,'2022-08-02 18:57:43','2022-08-02 18:57:43'),
	(28,40,'2022-08-02 18:57:43','2022-08-02 18:57:43'),
	(26,23,'2022-08-02 18:57:43','2022-08-02 18:57:43'),
	(10,23,'2022-08-02 18:57:43','2022-08-02 18:57:43'),
	(19,23,'2022-08-02 18:57:43','2022-08-02 18:57:43'),
	(18,23,'2022-08-02 18:57:43','2022-08-02 18:57:43'),
	(20,16,'2022-08-02 18:57:43','2022-08-02 18:57:43'),
	(19,16,'2022-08-02 18:57:43','2022-08-02 18:57:43'),
	(21,16,'2022-08-02 18:57:43','2022-08-02 18:57:43'),
	(1,16,'2022-08-02 18:57:43','2022-08-02 18:57:43'),
	(40,29,'2022-08-02 18:57:43','2022-08-02 18:57:43'),
	(15,29,'2022-08-02 18:57:43','2022-08-02 18:57:43'),
	(11,29,'2022-08-02 18:57:43','2022-08-02 18:57:43'),
	(14,28,'2022-08-02 18:57:43','2022-08-02 18:57:43'),
	(34,28,'2022-08-02 18:57:43','2022-08-02 18:57:43'),
	(17,28,'2022-08-02 18:57:43','2022-08-02 18:57:43'),
	(9,28,'2022-08-02 18:57:43','2022-08-02 18:57:43'),
	(11,5,'2022-08-02 18:57:43','2022-08-02 18:57:43'),
	(9,5,'2022-08-02 18:57:43','2022-08-02 18:57:43'),
	(39,5,'2022-08-02 18:57:43','2022-08-02 18:57:43'),
	(9,5,'2022-08-02 18:57:43','2022-08-02 18:57:43'),
	(20,39,'2022-08-02 18:57:43','2022-08-02 18:57:43'),
	(35,39,'2022-08-02 18:57:43','2022-08-02 18:57:43'),
	(31,39,'2022-08-02 18:57:43','2022-08-02 18:57:43'),
	(40,39,'2022-08-02 18:57:43','2022-08-02 18:57:43'),
	(5,33,'2022-08-02 18:57:43','2022-08-02 18:57:43'),
	(5,33,'2022-08-02 18:57:43','2022-08-02 18:57:43'),
	(36,33,'2022-08-02 18:57:43','2022-08-02 18:57:43'),
	(9,33,'2022-08-02 18:57:43','2022-08-02 18:57:43'),
	(26,33,'2022-08-02 18:57:43','2022-08-02 18:57:43'),
	(8,48,'2022-08-02 18:57:43','2022-08-02 18:57:43'),
	(40,48,'2022-08-02 18:57:43','2022-08-02 18:57:43'),
	(2,48,'2022-08-02 18:57:43','2022-08-02 18:57:43'),
	(16,48,'2022-08-02 18:57:43','2022-08-02 18:57:43'),
	(10,12,'2022-08-02 18:57:43','2022-08-02 18:57:43'),
	(4,12,'2022-08-02 18:57:43','2022-08-02 18:57:43'),
	(15,12,'2022-08-02 18:57:43','2022-08-02 18:57:43'),
	(2,12,'2022-08-02 18:57:43','2022-08-02 18:57:43'),
	(24,11,'2022-08-02 18:57:43','2022-08-02 18:57:43'),
	(25,11,'2022-08-02 18:57:43','2022-08-02 18:57:43'),
	(35,11,'2022-08-02 18:57:43','2022-08-02 18:57:43'),
	(5,46,'2022-08-02 18:57:43','2022-08-02 18:57:43'),
	(27,46,'2022-08-02 18:57:43','2022-08-02 18:57:43'),
	(23,46,'2022-08-02 18:57:43','2022-08-02 18:57:43'),
	(38,46,'2022-08-02 18:57:43','2022-08-02 18:57:43'),
	(6,46,'2022-08-02 18:57:43','2022-08-02 18:57:43'),
	(39,36,'2022-08-02 18:57:43','2022-08-02 18:57:43'),
	(36,36,'2022-08-02 18:57:43','2022-08-02 18:57:43'),
	(13,36,'2022-08-02 18:57:43','2022-08-02 18:57:43'),
	(30,36,'2022-08-02 18:57:43','2022-08-02 18:57:43'),
	(16,35,'2022-08-02 18:57:43','2022-08-02 18:57:43'),
	(36,35,'2022-08-02 18:57:43','2022-08-02 18:57:43'),
	(15,35,'2022-08-02 18:57:43','2022-08-02 18:57:43'),
	(19,25,'2022-08-02 18:57:52','2022-08-02 18:57:52'),
	(19,36,'2022-08-02 18:57:52','2022-08-02 18:57:52'),
	(19,31,'2022-08-02 18:57:52','2022-08-02 18:57:52'),
	(19,4,'2022-08-02 18:57:52','2022-08-02 18:57:52'),
	(19,31,'2022-08-02 18:57:52','2022-08-02 18:57:52'),
	(19,1,'2022-08-02 18:57:52','2022-08-02 18:57:52'),
	(19,10,'2022-08-02 18:57:52','2022-08-02 18:57:52'),
	(19,49,'2022-08-02 18:57:52','2022-08-02 18:57:52'),
	(19,7,'2022-08-02 18:57:52','2022-08-02 18:57:52'),
	(34,49,'2022-08-02 18:57:52','2022-08-02 18:57:52'),
	(34,28,'2022-08-02 18:57:52','2022-08-02 18:57:52'),
	(34,24,'2022-08-02 18:57:52','2022-08-02 18:57:52'),
	(34,47,'2022-08-02 18:57:52','2022-08-02 18:57:52'),
	(34,48,'2022-08-02 18:57:52','2022-08-02 18:57:52'),
	(34,18,'2022-08-02 18:57:52','2022-08-02 18:57:52'),
	(34,3,'2022-08-02 18:57:52','2022-08-02 18:57:52'),
	(34,40,'2022-08-02 18:57:52','2022-08-02 18:57:52'),
	(34,45,'2022-08-02 18:57:52','2022-08-02 18:57:52'),
	(34,41,'2022-08-02 18:57:52','2022-08-02 18:57:52'),
	(34,42,'2022-08-02 18:57:52','2022-08-02 18:57:52'),
	(34,24,'2022-08-02 18:57:52','2022-08-02 18:57:52'),
	(34,27,'2022-08-02 18:57:52','2022-08-02 18:57:52'),
	(5,12,'2022-08-02 18:57:52','2022-08-02 18:57:52'),
	(5,43,'2022-08-02 18:57:52','2022-08-02 18:57:52'),
	(5,22,'2022-08-02 18:57:52','2022-08-02 18:57:52'),
	(5,38,'2022-08-02 18:57:52','2022-08-02 18:57:52'),
	(5,21,'2022-08-02 18:57:52','2022-08-02 18:57:52'),
	(5,29,'2022-08-02 18:57:52','2022-08-02 18:57:52'),
	(5,29,'2022-08-02 18:57:52','2022-08-02 18:57:52'),
	(5,22,'2022-08-02 18:57:52','2022-08-02 18:57:52'),
	(5,16,'2022-08-02 18:57:52','2022-08-02 18:57:52');



# Dump of table category_sub_groups
# ------------------------------------------------------------


CREATE TABLE `category_sub_groups` (
  `id` int(10) unsigned NOT NULL AUTO_INCREMENT,
  `category_group_id` int(10) unsigned NOT NULL,
  `name` varchar(200) COLLATE utf8mb3_unicode_ci NOT NULL,
  `slug` varchar(200) COLLATE utf8mb3_unicode_ci NOT NULL,
  `description` text COLLATE utf8mb3_unicode_ci DEFAULT NULL,
  `active` tinyint(1) NOT NULL DEFAULT 1,
  `order` int(11) DEFAULT 100,
  `meta_title` text COLLATE utf8mb3_unicode_ci DEFAULT NULL,
  `meta_description` longtext COLLATE utf8mb3_unicode_ci DEFAULT NULL,
  `deleted_at` timestamp NULL DEFAULT NULL,
  `created_at` timestamp NULL DEFAULT NULL,
  `updated_at` timestamp NULL DEFAULT NULL,
  PRIMARY KEY (`id`),
  UNIQUE KEY `category_sub_groups_slug_unique` (`slug`),
  KEY `category_sub_groups_category_group_id_foreign` (`category_group_id`),
  CONSTRAINT `category_sub_groups_category_group_id_foreign` FOREIGN KEY (`category_group_id`) REFERENCES `category_groups` (`id`) ON DELETE CASCADE
) ENGINE=InnoDB AUTO_INCREMENT=26 DEFAULT CHARSET=utf8mb3 COLLATE=utf8mb3_unicode_ci;


INSERT INTO `category_sub_groups` (`id`, `category_group_id`, `name`, `slug`, `description`, `active`, `order`, `meta_title`, `meta_description`, `deleted_at`, `created_at`, `updated_at`)
VALUES
	(1,1,'Mobile & Accessories','mobile-accessories','Cell Phones and Accessories',1,100,NULL,NULL,NULL,'2022-08-02 18:57:45','2022-08-02 18:57:45'),
	(2,1,'Computer & Accessories','computer-accessories','Tablet, Laptop, Desktop and Accessories',1,100,NULL,NULL,NULL,'2022-08-02 18:57:45','2022-08-02 18:57:45'),
	(3,1,'Home Entertainment','home-entertainment','TVs, Home Theaters etc',1,100,NULL,NULL,NULL,'2022-08-02 18:57:45','2022-08-02 18:57:45'),
	(4,1,'Photo & Video','photo-video','PnS, DSLR, Video Camera and Accessories',1,100,NULL,NULL,NULL,'2022-08-02 18:57:45','2022-08-02 18:57:45'),
	(5,2,'Indoor','indoor','Puzzle, Keram etc',1,100,NULL,NULL,NULL,'2022-08-02 18:57:45','2022-08-02 18:57:45'),
	(6,2,'Outdoor','outdoor','Cycle, Dron etc',1,100,NULL,NULL,NULL,'2022-08-02 18:57:45','2022-08-02 18:57:45'),
	(7,3,'Men\'s Fashion','mens-fashion','Lots of fashion products.',1,100,NULL,NULL,NULL,'2022-08-02 18:57:45','2022-08-02 18:57:45'),
	(8,3,'Women\'s Fashion','womens-fashion','Lots of fashion products.',1,100,NULL,NULL,NULL,'2022-08-02 18:57:45','2022-08-02 18:57:45'),
	(9,4,'Kitchen','kitchen','Kitchen and cooking products.',1,100,NULL,NULL,NULL,'2022-08-02 18:57:45','2022-08-02 18:57:45'),
	(10,4,'Garden','garden','Gardening related products.',1,100,NULL,NULL,NULL,'2022-08-02 18:57:45','2022-08-02 18:57:45'),
	(11,4,'Pollich, Leffler and Bayer','et-maxime-harum-corrupti-molestiae-qui-expedita-autem','Dolor aspernatur dignissimos ad non molestiae maiores doloribus ea. Et sit voluptatum laboriosam eum consectetur rerum magnam. Quia et consectetur et id at magni reprehenderit rerum. Reprehenderit in est dolorem quia. Explicabo necessitatibus ea reiciendis sed aspernatur. Et et totam nihil atque voluptas adipisci. Est repellat nisi consequuntur qui libero ut. Repudiandae quia magnam labore possimus sint.',1,100,NULL,NULL,NULL,'2022-08-02 18:57:45','2022-08-02 18:57:45'),
	(12,3,'Roberts, Hagenes and Sipes','saepe-voluptatem-non-vitae-magni-eaque-eos-consequuntur','Sequi ratione magnam assumenda voluptatibus recusandae asperiores. Magnam rerum illo quis quia recusandae doloremque. Nesciunt consequatur cupiditate nihil necessitatibus eum veniam quisquam. At nam pariatur possimus sit non corporis perferendis. Id ut vel et quo. Eligendi nesciunt inventore quis quia enim sed. Ut repellendus est fugit. Est et reprehenderit qui perspiciatis fugiat expedita maiores.',1,100,NULL,NULL,NULL,'2022-08-02 18:57:45','2022-08-02 18:57:45'),
	(13,3,'Kertzmann LLC','non-soluta-repudiandae-quidem','Adipisci vero ullam qui laborum non. Ea beatae praesentium voluptatem officiis magni in. Reprehenderit dolores aut quis sit. Itaque ut non voluptatem in. Sunt est commodi cupiditate libero veritatis ut autem. Inventore nulla numquam vitae cupiditate. Aut ipsam dicta nihil iusto praesentium mollitia. Consequatur sequi cupiditate ipsam repudiandae numquam inventore. Mollitia in libero amet natus qui. Voluptas sit amet rerum assumenda expedita. Non velit explicabo beatae cumque.',1,100,NULL,NULL,NULL,'2022-08-02 18:57:45','2022-08-02 18:57:45'),
	(14,6,'Dickinson, Grady and Lehner','ut-beatae-enim-expedita-sit-accusantium-temporibus-velit-reiciendis','Quaerat quia recusandae non animi sit suscipit ea. Qui a quo debitis porro repellendus veniam. Repudiandae odit tempora molestiae est. Voluptas ut et accusantium. Eos ea modi quis qui. Ex libero nobis eius sed quia voluptatum doloribus. Nesciunt rem mollitia tempore alias. Nisi voluptas nisi ut enim et odio sit ex. Dolore quas veniam laborum harum quo ut. Consequatur consequatur dicta aut sit et. Cum non veritatis cumque totam porro ipsa.',1,100,NULL,NULL,NULL,'2022-08-02 18:57:45','2022-08-02 18:57:45'),
	(15,4,'Brown-Weimann','sequi-illo-excepturi-est-nostrum','Quo non consequatur iste fuga. Enim cum illo itaque aliquid. Necessitatibus fugiat unde cumque. Voluptate quia minus impedit sapiente. Et qui nostrum id voluptatem ut est tenetur. Placeat eligendi velit consectetur molestiae culpa recusandae eius. Doloribus dolorem enim nostrum est assumenda sed dolor occaecati. Enim minus nesciunt dolor ab quod.',1,100,NULL,NULL,NULL,'2022-08-02 18:57:45','2022-08-02 18:57:45'),
	(16,1,'Jaskolski, Prohaska and Nicolas','sit-possimus-in-maiores-deserunt','Fugiat laudantium nihil voluptas sunt. Nam maiores praesentium commodi dolorum non at. Tempore ea aperiam aut consequatur aut. Omnis autem ut labore exercitationem deserunt. Maxime tempore exercitationem tempore nisi ullam. Hic voluptas hic sunt qui qui non unde. Deserunt eos autem eveniet provident et id. Et nesciunt quis debitis voluptatem non dolorem corporis. Ipsam aspernatur sit molestiae aperiam.',1,100,NULL,NULL,NULL,'2022-08-02 18:57:45','2022-08-02 18:57:45'),
	(17,5,'Huels Group','voluptate-qui-ut-enim','Velit voluptatem aliquid molestiae atque. Adipisci minima harum fuga voluptates aliquam voluptatem facilis quia. Aut alias quibusdam nam voluptatem eaque. Omnis quia quia doloribus rerum sit perferendis quia. Laboriosam esse velit delectus possimus ipsam quia molestiae. Qui quas explicabo et excepturi beatae vero quos.',1,100,NULL,NULL,NULL,'2022-08-02 18:57:45','2022-08-02 18:57:45'),
	(18,1,'Hirthe-Kerluke','facilis-ab-iure-doloremque-quia-non-rerum-eveniet','Quo incidunt culpa eligendi molestiae. Sequi rerum ab et eos doloribus. Mollitia voluptas harum ut quo et exercitationem voluptas. Asperiores vel et ut ex. Delectus qui sequi quia sapiente praesentium dicta suscipit. Cupiditate voluptas ut aperiam nam neque nemo quas rerum. Aut et voluptatum ex ut voluptatem. Ea aut sit non nihil saepe. Provident sit suscipit a quis nihil eos. Explicabo eligendi consequuntur ab voluptatibus est adipisci repellat. Eveniet est est eum accusamus sapiente quo.',1,100,NULL,NULL,NULL,'2022-08-02 18:57:45','2022-08-02 18:57:45'),
	(19,7,'Flatley-Rosenbaum','ut-et-facilis-perspiciatis-architecto-repellat-aut-doloribus','Laborum sit harum vero consequatur et non. Magni tempora recusandae non dolorum illum quibusdam. Aut eius est error dignissimos totam. Adipisci hic blanditiis nobis quas neque esse. Fuga ab ipsum debitis ea. Omnis incidunt adipisci omnis sed dolorum optio. Cum cupiditate itaque sed. Qui fugit dolore consequatur nesciunt. Sed omnis et soluta. Vel aut et eum non doloremque.',1,100,NULL,NULL,NULL,'2022-08-02 18:57:45','2022-08-02 18:57:45'),
	(20,3,'Haag LLC','cumque-cum-inventore-perspiciatis-voluptatibus-ut-officiis-itaque-doloremque','Culpa debitis ratione nesciunt commodi qui quaerat. Temporibus temporibus et consequatur et velit ut quo. Consequatur culpa repellat et laudantium. Doloremque vel fugit et sit. Fugit id officia ut aliquid et voluptas. Voluptas dolores in non quasi. Ut placeat mollitia animi odio excepturi eum aut.',1,100,NULL,NULL,NULL,'2022-08-02 18:57:45','2022-08-02 18:57:45'),
	(21,4,'Gottlieb Group','distinctio-consequuntur-qui-non-consequuntur','Nobis tempora porro fugit. Et soluta explicabo fuga harum ut. Deserunt quia modi cumque quo sed optio totam. Eum suscipit assumenda culpa est. Quia est eius in quam nam. Tempore suscipit blanditiis non excepturi. Quod magni et debitis laudantium labore voluptas. Iusto non occaecati corporis laboriosam ratione architecto dolores. Sapiente in ratione maiores fugit quibusdam minima ea. Voluptatem ut quaerat sed similique explicabo nesciunt sit.',1,100,NULL,NULL,NULL,'2022-08-02 18:57:45','2022-08-02 18:57:45'),
	(22,6,'Bauch-Nitzsche','quia-enim-quo-natus-illum-voluptatum','Perferendis provident quos sed aliquam omnis soluta a. Magnam voluptatem eum aut sint et. Aperiam aperiam voluptatem sit distinctio ducimus ea. Quam voluptas aut enim quia dicta. Unde tempora sint eaque vel sed est ex. Voluptas adipisci cumque nesciunt aut. Error voluptas ratione voluptas aperiam voluptas recusandae. Non debitis sunt assumenda aperiam. Quas id qui qui explicabo. Consequatur rerum amet magnam eos omnis aut beatae.',1,100,NULL,NULL,NULL,'2022-08-02 18:57:45','2022-08-02 18:57:45'),
	(23,1,'Rosenbaum, Schamberger and Johnston','tenetur-similique-magnam-amet-qui-voluptatem-consectetur-ut-quas','Doloremque minus dolor sequi molestiae perspiciatis soluta harum. Error vel accusamus quo distinctio sit pariatur eos ipsam. Odit hic quaerat dolores dignissimos ut consequuntur saepe. Placeat cumque rem corporis sunt. Incidunt veniam mollitia dolorum neque mollitia aut sit. Aut et ab nemo optio quia. Similique ut cupiditate ea consequatur eaque soluta provident autem. Quia dicta aut fuga nemo sed ut perferendis a. Sunt officia dicta rerum rerum aut rerum.',1,100,NULL,NULL,NULL,'2022-08-02 18:57:45','2022-08-02 18:57:45'),
	(24,3,'Schultz, Cruickshank and Will','a-impedit-sed-ad-sint','Praesentium placeat magni voluptates nam. Repellendus voluptas cupiditate deleniti quae aliquid exercitationem. Beatae doloribus harum voluptas enim. Ut eveniet ea qui architecto error veritatis. Rerum perspiciatis et deleniti voluptas odit inventore nobis. Amet ullam cumque aut labore. Unde magni et alias iste. Soluta et saepe delectus aut necessitatibus. Autem odit dolor eaque dolores deleniti aut. Ducimus excepturi culpa velit voluptas fugiat tenetur occaecati non.',1,100,NULL,NULL,NULL,'2022-08-02 18:57:45','2022-08-02 18:57:45'),
	(25,2,'Nicolas-King','id-blanditiis-iste-molestiae','Dignissimos nihil natus eaque voluptas velit a. Autem sint qui voluptas fugiat unde maiores eius. Commodi culpa assumenda eum quam enim. Illo consequatur eum voluptatem et aliquid deleniti iure. Qui quae deleniti odio reprehenderit beatae. Voluptas voluptas occaecati consectetur nisi neque laudantium qui. Sunt deleniti in ullam. Nemo sequi voluptas id quam magnam corporis. Dolorum animi sequi et tempore. Et officiis quis at ab quis quo. Odit rerum nobis et veniam sint.',1,100,NULL,NULL,NULL,'2022-08-02 18:57:45','2022-08-02 18:57:45');



# Dump of table chat_conversations
# ------------------------------------------------------------


CREATE TABLE `chat_conversations` (
  `id` bigint(20) unsigned NOT NULL AUTO_INCREMENT,
  `shop_id` int(10) unsigned DEFAULT NULL,
  `customer_id` bigint(20) unsigned DEFAULT NULL,
  `message` text COLLATE utf8mb3_unicode_ci DEFAULT NULL,
  `status` int(11) NOT NULL DEFAULT 1,
  `private` tinyint(1) NOT NULL DEFAULT 1,
  `read` tinyint(1) DEFAULT NULL,
  `deleted_at` timestamp NULL DEFAULT NULL,
  `created_at` timestamp NULL DEFAULT NULL,
  `updated_at` timestamp NULL DEFAULT NULL,
  PRIMARY KEY (`id`),
  KEY `chat_conversations_shop_id_foreign` (`shop_id`),
  KEY `chat_conversations_customer_id_foreign` (`customer_id`),
  CONSTRAINT `chat_conversations_customer_id_foreign` FOREIGN KEY (`customer_id`) REFERENCES `customers` (`id`) ON DELETE SET NULL,
  CONSTRAINT `chat_conversations_shop_id_foreign` FOREIGN KEY (`shop_id`) REFERENCES `shops` (`id`) ON DELETE SET NULL
) ENGINE=InnoDB DEFAULT CHARSET=utf8mb3 COLLATE=utf8mb3_unicode_ci;



# Dump of table config_authorize_net
# ------------------------------------------------------------


CREATE TABLE `config_authorize_net` (
  `shop_id` int(10) unsigned NOT NULL,
  `api_login_id` text COLLATE utf8mb3_unicode_ci DEFAULT NULL,
  `transaction_key` text COLLATE utf8mb3_unicode_ci DEFAULT NULL,
  `sandbox` tinyint(1) DEFAULT 1,
  `created_at` timestamp NULL DEFAULT NULL,
  `updated_at` timestamp NULL DEFAULT NULL,
  PRIMARY KEY (`shop_id`),
  KEY `config_authorize_net_shop_id_index` (`shop_id`),
  CONSTRAINT `config_authorize_net_shop_id_foreign` FOREIGN KEY (`shop_id`) REFERENCES `shops` (`id`) ON DELETE CASCADE
) ENGINE=InnoDB DEFAULT CHARSET=utf8mb3 COLLATE=utf8mb3_unicode_ci;



# Dump of table config_flutterwave
# ------------------------------------------------------------


CREATE TABLE `config_flutterwave` (
  `shop_id` int(10) unsigned NOT NULL,
  `pub_key` text COLLATE utf8mb3_unicode_ci DEFAULT NULL,
  `sec_key` text COLLATE utf8mb3_unicode_ci DEFAULT NULL,
  `sandbox` tinyint(1) DEFAULT 1,
  `created_at` timestamp NULL DEFAULT NULL,
  `updated_at` timestamp NULL DEFAULT NULL,
  PRIMARY KEY (`shop_id`),
  KEY `config_flutterwave_shop_id_index` (`shop_id`),
  CONSTRAINT `config_flutterwave_shop_id_foreign` FOREIGN KEY (`shop_id`) REFERENCES `shops` (`id`) ON DELETE CASCADE
) ENGINE=InnoDB DEFAULT CHARSET=utf8mb3 COLLATE=utf8mb3_unicode_ci;



# Dump of table config_manual_payments
# ------------------------------------------------------------


CREATE TABLE `config_manual_payments` (
  `shop_id` int(10) unsigned NOT NULL,
  `payment_method_id` int(10) unsigned NOT NULL,
  `additional_details` text COLLATE utf8mb3_unicode_ci DEFAULT NULL,
  `payment_instructions` text COLLATE utf8mb3_unicode_ci DEFAULT NULL,
  `created_at` timestamp NULL DEFAULT NULL,
  `updated_at` timestamp NULL DEFAULT NULL,
  KEY `config_manual_payments_shop_id_index` (`shop_id`),
  KEY `config_manual_payments_payment_method_id_index` (`payment_method_id`),
  CONSTRAINT `config_manual_payments_payment_method_id_foreign` FOREIGN KEY (`payment_method_id`) REFERENCES `payment_methods` (`id`) ON DELETE CASCADE,
  CONSTRAINT `config_manual_payments_shop_id_foreign` FOREIGN KEY (`shop_id`) REFERENCES `shops` (`id`) ON DELETE CASCADE
) ENGINE=InnoDB DEFAULT CHARSET=utf8mb3 COLLATE=utf8mb3_unicode_ci;


INSERT INTO `config_manual_payments` (`shop_id`, `payment_method_id`, `additional_details`, `payment_instructions`, `created_at`, `updated_at`)
VALUES
	(1,4,'Send the payment via Bank Wire Transfer.','Payment instructions for Bank Wire Transfer','2022-08-02 18:57:43','2022-08-02 18:57:43'),
	(1,3,'Our man will collect the payment when deliver the item to your doorstep.','Payment instructions for COD','2022-08-02 18:57:43','2022-08-02 18:57:43'),
	(2,4,'Send the payment via Bank Wire Transfer.','Payment instructions for Bank Wire Transfer','2022-08-02 18:57:43','2022-08-02 18:57:43'),
	(2,3,'Our man will collect the payment when deliver the item to your doorstep.','Payment instructions for COD','2022-08-02 18:57:43','2022-08-02 18:57:43'),
	(3,4,'Send the payment via Bank Wire Transfer.','Payment instructions for Bank Wire Transfer','2022-08-02 18:57:43','2022-08-02 18:57:43'),
	(3,3,'Our man will collect the payment when deliver the item to your doorstep.','Payment instructions for COD','2022-08-02 18:57:43','2022-08-02 18:57:43'),
	(4,4,'Send the payment via Bank Wire Transfer.','Payment instructions for Bank Wire Transfer','2022-08-02 18:57:43','2022-08-02 18:57:43'),
	(4,3,'Our man will collect the payment when deliver the item to your doorstep.','Payment instructions for COD','2022-08-02 18:57:43','2022-08-02 18:57:43'),
	(5,4,'Send the payment via Bank Wire Transfer.','Payment instructions for Bank Wire Transfer','2022-08-02 18:57:43','2022-08-02 18:57:43'),
	(5,3,'Our man will collect the payment when deliver the item to your doorstep.','Payment instructions for COD','2022-08-02 18:57:43','2022-08-02 18:57:43');



# Dump of table configs
# ------------------------------------------------------------


CREATE TABLE `configs` (
  `shop_id` int(10) unsigned NOT NULL,
  `support_phone` varchar(255) COLLATE utf8mb3_unicode_ci DEFAULT NULL,
  `support_phone_toll_free` varchar(255) COLLATE utf8mb3_unicode_ci DEFAULT NULL,
  `support_email` varchar(255) COLLATE utf8mb3_unicode_ci DEFAULT NULL,
  `support_agent` bigint(20) unsigned DEFAULT NULL,
  `default_sender_email_address` varchar(255) COLLATE utf8mb3_unicode_ci DEFAULT NULL,
  `default_email_sender_name` varchar(255) COLLATE utf8mb3_unicode_ci DEFAULT NULL,
  `return_refund` longtext COLLATE utf8mb3_unicode_ci DEFAULT NULL,
  `order_number_prefix` varchar(255) COLLATE utf8mb3_unicode_ci DEFAULT '#',
  `order_number_suffix` varchar(255) COLLATE utf8mb3_unicode_ci DEFAULT NULL,
  `default_tax_id` int(10) unsigned DEFAULT 1,
  `order_handling_cost` decimal(20,6) DEFAULT NULL,
  `auto_archive_order` tinyint(1) DEFAULT 0,
  `default_payment_method_id` int(10) unsigned DEFAULT NULL,
  `pagination` int(10) unsigned NOT NULL DEFAULT 10,
  `show_shop_desc_with_listing` tinyint(1) DEFAULT NULL,
  `show_refund_policy_with_listing` tinyint(1) DEFAULT 1,
  `alert_quantity` int(11) DEFAULT NULL,
  `digital_goods_only` tinyint(1) DEFAULT 0,
  `default_warehouse_id` int(10) unsigned DEFAULT NULL,
  `default_supplier_id` int(10) unsigned DEFAULT NULL,
  `default_packaging_ids` varchar(255) COLLATE utf8mb3_unicode_ci DEFAULT NULL,
  `notify_new_message` tinyint(1) DEFAULT NULL,
  `notify_alert_quantity` tinyint(1) DEFAULT NULL,
  `notify_inventory_out` tinyint(1) DEFAULT NULL,
  `notify_new_order` tinyint(1) DEFAULT 1,
  `notify_abandoned_checkout` tinyint(1) DEFAULT NULL,
  `notify_new_disput` tinyint(1) DEFAULT 1,
  `enable_live_chat` tinyint(1) DEFAULT 1,
  `notify_new_chat` tinyint(1) DEFAULT 1,
  `maintenance_mode` tinyint(1) DEFAULT 1,
  `pending_verification` tinyint(1) DEFAULT NULL,
  `created_at` timestamp NULL DEFAULT NULL,
  `updated_at` timestamp NULL DEFAULT NULL,
  `active_ecommerce` tinyint(1) NOT NULL DEFAULT 1,
  `pay_online` tinyint(1) NOT NULL DEFAULT 1,
  `pay_in_person` tinyint(1) NOT NULL DEFAULT 0,
  PRIMARY KEY (`shop_id`),
  UNIQUE KEY `configs_shop_id_unique` (`shop_id`),
  CONSTRAINT `configs_shop_id_foreign` FOREIGN KEY (`shop_id`) REFERENCES `shops` (`id`) ON DELETE CASCADE
) ENGINE=InnoDB DEFAULT CHARSET=utf8mb3 COLLATE=utf8mb3_unicode_ci;


INSERT INTO `configs` (`shop_id`, `support_phone`, `support_phone_toll_free`, `support_email`, `support_agent`, `default_sender_email_address`, `default_email_sender_name`, `return_refund`, `order_number_prefix`, `order_number_suffix`, `default_tax_id`, `order_handling_cost`, `auto_archive_order`, `default_payment_method_id`, `pagination`, `show_shop_desc_with_listing`, `show_refund_policy_with_listing`, `alert_quantity`, `digital_goods_only`, `default_warehouse_id`, `default_supplier_id`, `default_packaging_ids`, `notify_new_message`, `notify_alert_quantity`, `notify_inventory_out`, `notify_new_order`, `notify_abandoned_checkout`, `notify_new_disput`, `enable_live_chat`, `notify_new_chat`, `maintenance_mode`, `pending_verification`, `created_at`, `updated_at`, `active_ecommerce`, `pay_online`, `pay_in_person`)
VALUES
	(1,NULL,NULL,'support.shop@demo.com',NULL,'noreply.shop@demo.com','Support Agent','<h3>Return & Refund Policy</h3> Thanks for shopping at My Shop.<br/> If you are not entirely satisfied with your purchase, we\'re here to help.<br/><br/><h3>Returns</h3>You have 30 (change this) calendar days to return an item from the date you received it.<br/>To be eligible for a return, your item must be unused and in the same condition that you received it.<br/>Your item must be in the original packaging.<br/>Your item needs to have the receipt or proof of purchase.<br/><br/>','#',NULL,1,2.000000,0,NULL,10,NULL,1,NULL,0,NULL,NULL,NULL,NULL,NULL,NULL,1,NULL,1,1,1,0,NULL,'2022-08-15 18:57:43','2022-08-15 18:57:43',1,1,0),
	(2,NULL,NULL,'support.shop@demo.com',NULL,'noreply.shop@demo.com','Support Agent','<h3>Return & Refund Policy</h3> Thanks for shopping at My Shop.<br/> If you are not entirely satisfied with your purchase, we\'re here to help.<br/><br/><h3>Returns</h3>You have 30 (change this) calendar days to return an item from the date you received it.<br/>To be eligible for a return, your item must be unused and in the same condition that you received it.<br/>Your item must be in the original packaging.<br/>Your item needs to have the receipt or proof of purchase.<br/><br/>','#',NULL,1,2.000000,0,NULL,10,NULL,1,NULL,0,NULL,NULL,NULL,NULL,NULL,NULL,1,NULL,1,1,1,0,NULL,'2022-08-15 18:57:43','2022-08-15 18:57:43',1,1,0),
	(3,NULL,NULL,'support.shop@demo.com',NULL,'noreply.shop@demo.com','Support Agent','<h3>Return & Refund Policy</h3> Thanks for shopping at My Shop.<br/> If you are not entirely satisfied with your purchase, we\'re here to help.<br/><br/><h3>Returns</h3>You have 30 (change this) calendar days to return an item from the date you received it.<br/>To be eligible for a return, your item must be unused and in the same condition that you received it.<br/>Your item must be in the original packaging.<br/>Your item needs to have the receipt or proof of purchase.<br/><br/>','#',NULL,1,2.000000,0,NULL,10,NULL,1,NULL,0,NULL,NULL,NULL,NULL,NULL,NULL,1,NULL,1,1,1,0,NULL,'2022-08-15 18:57:43','2022-08-15 18:57:43',1,1,0),
	(4,NULL,NULL,'support.shop@demo.com',NULL,'noreply.shop@demo.com','Support Agent','<h3>Return & Refund Policy</h3> Thanks for shopping at My Shop.<br/> If you are not entirely satisfied with your purchase, we\'re here to help.<br/><br/><h3>Returns</h3>You have 30 (change this) calendar days to return an item from the date you received it.<br/>To be eligible for a return, your item must be unused and in the same condition that you received it.<br/>Your item must be in the original packaging.<br/>Your item needs to have the receipt or proof of purchase.<br/><br/>','#',NULL,1,2.000000,0,NULL,10,NULL,1,NULL,0,NULL,NULL,NULL,NULL,NULL,NULL,1,NULL,1,1,1,0,NULL,'2022-08-15 18:57:43','2022-08-15 18:57:43',1,1,0),
	(5,NULL,NULL,'support.shop@demo.com',NULL,'noreply.shop@demo.com','Support Agent','<h3>Return & Refund Policy</h3> Thanks for shopping at My Shop.<br/> If you are not entirely satisfied with your purchase, we\'re here to help.<br/><br/><h3>Returns</h3>You have 30 (change this) calendar days to return an item from the date you received it.<br/>To be eligible for a return, your item must be unused and in the same condition that you received it.<br/>Your item must be in the original packaging.<br/>Your item needs to have the receipt or proof of purchase.<br/><br/>','#',NULL,1,2.000000,0,NULL,10,NULL,1,NULL,0,NULL,NULL,NULL,NULL,NULL,NULL,1,NULL,1,1,1,0,NULL,'2022-08-15 18:57:43','2022-08-15 18:57:43',1,1,0);



# Dump of table contact_us
# ------------------------------------------------------------


CREATE TABLE `contact_us` (
  `id` bigint(20) unsigned NOT NULL AUTO_INCREMENT,
  `name` varchar(255) COLLATE utf8mb3_unicode_ci DEFAULT NULL,
  `phone` varchar(255) COLLATE utf8mb3_unicode_ci DEFAULT NULL,
  `email` varchar(255) COLLATE utf8mb3_unicode_ci NOT NULL,
  `subject` varchar(255) COLLATE utf8mb3_unicode_ci NOT NULL,
  `message` longtext COLLATE utf8mb3_unicode_ci NOT NULL,
  `read` tinyint(1) DEFAULT NULL,
  `created_at` timestamp NULL DEFAULT NULL,
  `updated_at` timestamp NULL DEFAULT NULL,
  PRIMARY KEY (`id`)
) ENGINE=InnoDB DEFAULT CHARSET=utf8mb3 COLLATE=utf8mb3_unicode_ci;



# Dump of table countries
# ------------------------------------------------------------


CREATE TABLE `countries` (
  `id` int(10) unsigned NOT NULL AUTO_INCREMENT,
  `name` varchar(255) COLLATE utf8mb3_unicode_ci NOT NULL,
  `full_name` varchar(255) COLLATE utf8mb3_unicode_ci DEFAULT NULL,
  `capital` varchar(255) COLLATE utf8mb3_unicode_ci DEFAULT NULL,
  `currency_id` int(10) unsigned DEFAULT NULL,
  `timezone_id` int(10) unsigned DEFAULT NULL,
  `citizenship` varchar(255) COLLATE utf8mb3_unicode_ci DEFAULT NULL,
  `iso_code` varchar(2) COLLATE utf8mb3_unicode_ci NOT NULL,
  `iso_numeric` varchar(3) COLLATE utf8mb3_unicode_ci DEFAULT NULL,
  `calling_code` varchar(3) COLLATE utf8mb3_unicode_ci DEFAULT NULL,
  `flag` varchar(6) COLLATE utf8mb3_unicode_ci DEFAULT NULL,
  `eea` tinyint(1) DEFAULT 0,
  `active` tinyint(1) DEFAULT 0,
  `created_at` timestamp NULL DEFAULT NULL,
  `updated_at` timestamp NULL DEFAULT NULL,
  PRIMARY KEY (`id`),
  KEY `countries_timezone_id_foreign` (`timezone_id`),
  KEY `countries_currency_id_foreign` (`currency_id`),
  CONSTRAINT `countries_currency_id_foreign` FOREIGN KEY (`currency_id`) REFERENCES `currencies` (`id`) ON DELETE SET NULL,
  CONSTRAINT `countries_timezone_id_foreign` FOREIGN KEY (`timezone_id`) REFERENCES `timezones` (`id`) ON DELETE SET NULL
) ENGINE=InnoDB AUTO_INCREMENT=895 DEFAULT CHARSET=utf8mb3 COLLATE=utf8mb3_unicode_ci;


INSERT INTO `countries` (`id`, `name`, `full_name`, `capital`, `currency_id`, `timezone_id`, `citizenship`, `iso_code`, `iso_numeric`, `calling_code`, `flag`, `eea`, `active`, `created_at`, `updated_at`)
VALUES
	(4,'Afghanistan','Islamic Republic of Afghanistan','Kabul',2,NULL,'Afghan','AF','004','93','AF.png',0,1,'2022-08-02 18:57:41','2022-08-02 18:57:41'),
	(8,'Albania','Republic of Albania','Tirana',3,NULL,'Albanian','AL','008','355','AL.png',0,1,'2022-08-02 18:57:41','2022-08-02 18:57:41'),
	(10,'Antarctica','Antarctica','Antartica',NULL,NULL,'of Antartica','AQ','010','672','AQ.png',0,1,'2022-08-02 18:57:41','2022-08-02 18:57:41'),
	(12,'Algeria','People’s Democratic Republic of Algeria','Algiers',42,NULL,'Algerian','DZ','012','213','DZ.png',0,1,'2022-08-02 18:57:41','2022-08-02 18:57:41'),
	(16,'American Samoa','Territory of American','Pago Pago',148,NULL,'American Samoan','AS','016','1','AS.png',0,1,'2022-08-02 18:57:41','2022-08-02 18:57:41'),
	(20,'Andorra','Principality of Andorra','Andorra la Vella',46,NULL,'Andorran','AD','020','376','AD.png',0,1,'2022-08-02 18:57:41','2022-08-02 18:57:41'),
	(24,'Angola','Republic of Angola','Luanda',6,NULL,'Angolan','AO','024','244','AO.png',0,1,'2022-08-02 18:57:41','2022-08-02 18:57:41'),
	(28,'Antigua and Barbuda','Antigua and Barbuda','St John’s',162,NULL,'of Antigua and Barbuda','AG','028','1','AG.png',0,1,'2022-08-02 18:57:41','2022-08-02 18:57:41'),
	(31,'Azerbaijan','Republic of Azerbaijan','Baku',10,NULL,'Azerbaijani','AZ','031','994','AZ.png',0,1,'2022-08-02 18:57:41','2022-08-02 18:57:41'),
	(32,'Argentina','Argentine Republic','Buenos Aires',7,NULL,'Argentinian','AR','032','54','AR.png',0,1,'2022-08-02 18:57:41','2022-08-02 18:57:41'),
	(36,'Australia','Commonwealth of Australia','Canberra',8,NULL,'Australian','AU','036','61','AU.png',0,1,'2022-08-02 18:57:41','2022-08-02 18:57:41'),
	(40,'Austria','Republic of Austria','Vienna',46,NULL,'Austrian','AT','040','43','AT.png',1,1,'2022-08-02 18:57:41','2022-08-02 18:57:41'),
	(44,'Bahamas','Commonwealth of the Bahamas','Nassau',21,NULL,'Bahamian','BS','044','1','BS.png',0,1,'2022-08-02 18:57:41','2022-08-02 18:57:41'),
	(48,'Bahrain','Kingdom of Bahrain','Manama',15,NULL,'Bahraini','BH','048','973','BH.png',0,1,'2022-08-02 18:57:41','2022-08-02 18:57:41'),
	(50,'Bangladesh','People’s Republic of Bangladesh','Dhaka',13,NULL,'Bangladeshi','BD','050','880','BD.png',0,1,'2022-08-02 18:57:41','2022-08-02 18:57:41'),
	(51,'Armenia','Republic of Armenia','Yerevan',4,NULL,'Armenian','AM','051','374','AM.png',0,1,'2022-08-02 18:57:41','2022-08-02 18:57:41'),
	(52,'Barbados','Barbados','Bridgetown',12,NULL,'Barbadian','BB','052','1','BB.png',0,1,'2022-08-02 18:57:41','2022-08-02 18:57:41'),
	(56,'Belgium','Kingdom of Belgium','Brussels',46,NULL,'Belgian','BE','056','32','BE.png',1,1,'2022-08-02 18:57:41','2022-08-02 18:57:41'),
	(60,'Bermuda','Bermuda','Hamilton',17,NULL,'Bermudian','BM','060','1','BM.png',0,1,'2022-08-02 18:57:41','2022-08-02 18:57:41'),
	(64,'Bhutan','Kingdom of Bhutan','Thimphu',22,NULL,'Bhutanese','BT','064','975','BT.png',0,1,'2022-08-02 18:57:41','2022-08-02 18:57:41'),
	(68,'Bolivia, Plurinational State of','Plurinational State of Bolivia','Sucre (BO1)',19,NULL,'Bolivian','BO','068','591','BO.png',0,1,'2022-08-02 18:57:41','2022-08-02 18:57:41'),
	(70,'Bosnia and Herzegovina','Bosnia and Herzegovina','Sarajevo',11,NULL,'of Bosnia and Herzegovina','BA','070','387','BA.png',0,1,'2022-08-02 18:57:41','2022-08-02 18:57:41'),
	(72,'Botswana','Republic of Botswana','Gaborone',23,NULL,'Botswanan','BW','072','267','BW.png',0,1,'2022-08-02 18:57:41','2022-08-02 18:57:41'),
	(74,'Bouvet Island','Bouvet Island','Bouvet island',NULL,NULL,'of Bouvet island','BV','074','47','BV.png',0,1,'2022-08-02 18:57:41','2022-08-02 18:57:41'),
	(76,'Brazil','Federative Republic of Brazil','Brasilia',20,NULL,'Brazilian','BR','076','55','BR.png',0,1,'2022-08-02 18:57:41','2022-08-02 18:57:41'),
	(84,'Belize','Belize','Belmopan',26,NULL,'Belizean','BZ','084','501','BZ.png',0,1,'2022-08-02 18:57:41','2022-08-02 18:57:41'),
	(86,'British Indian Ocean Territory','British Indian Ocean Territory','Diego Garcia',148,NULL,'Changosian','IO','086','246','IO.png',0,1,'2022-08-02 18:57:41','2022-08-02 18:57:41'),
	(90,'Solomon Islands','Solomon Islands','Honiara',122,NULL,'Solomon Islander','SB','090','677','SB.png',0,1,'2022-08-02 18:57:41','2022-08-02 18:57:41'),
	(92,'Virgin Islands, British','British Virgin Islands','Road Town',148,NULL,'British Virgin Islander;','VG','092','1','VG.png',0,1,'2022-08-02 18:57:41','2022-08-02 18:57:41'),
	(96,'Brunei Darussalam','Brunei Darussalam','Bandar Seri Begawan',18,NULL,'Bruneian','BN','096','673','BN.png',0,1,'2022-08-02 18:57:41','2022-08-02 18:57:41'),
	(100,'Bulgaria','Republic of Bulgaria','Sofia',14,NULL,'Bulgarian','BG','100','359','BG.png',1,1,'2022-08-02 18:57:41','2022-08-02 18:57:41'),
	(104,'Myanmar','Union of Myanmar/','Yangon',92,NULL,'Burmese','MM','104','95','MM.png',0,1,'2022-08-02 18:57:41','2022-08-02 18:57:41'),
	(108,'Burundi','Republic of Burundi','Bujumbura',16,NULL,'Burundian','BI','108','257','BI.png',0,1,'2022-08-02 18:57:41','2022-08-02 18:57:41'),
	(112,'Belarus','Republic of Belarus','Minsk',25,NULL,'Belarusian','BY','112','375','BY.png',0,1,'2022-08-02 18:57:41','2022-08-02 18:57:41'),
	(116,'Cambodia','Kingdom of Cambodia','Phnom Penh',73,NULL,'Cambodian','KH','116','855','KH.png',0,1,'2022-08-02 18:57:41','2022-08-02 18:57:41'),
	(120,'Cameroon','Republic of Cameroon','Yaoundé',155,NULL,'Cameroonian','CM','120','237','CM.png',0,1,'2022-08-02 18:57:41','2022-08-02 18:57:41'),
	(124,'Canada','Canada','Ottawa',27,NULL,'Canadian','CA','124','1','CA.png',0,1,'2022-08-02 18:57:41','2022-08-02 18:57:41'),
	(132,'Cape Verde','Republic of Cape Verde','Praia',37,NULL,'Cape Verdean','CV','132','238','CV.png',0,1,'2022-08-02 18:57:41','2022-08-02 18:57:41'),
	(136,'Cayman Islands','Cayman Islands','George Town',78,NULL,'Caymanian','KY','136','1','KY.png',0,1,'2022-08-02 18:57:41','2022-08-02 18:57:41'),
	(140,'Central African Republic','Central African Republic','Bangui',155,NULL,'Central African','CF','140','236','CF.png',0,1,'2022-08-02 18:57:41','2022-08-02 18:57:41'),
	(144,'Sri Lanka','Democratic Socialist Republic of Sri Lanka','Colombo',82,NULL,'Sri Lankan','LK','144','94','LK.png',0,1,'2022-08-02 18:57:41','2022-08-02 18:57:41'),
	(148,'Chad','Republic of Chad','N’Djamena',155,NULL,'Chadian','TD','148','235','TD.png',0,1,'2022-08-02 18:57:41','2022-08-02 18:57:41'),
	(152,'Chile','Republic of Chile','Santiago',31,NULL,'Chilean','CL','152','56','CL.png',0,1,'2022-08-02 18:57:41','2022-08-02 18:57:41'),
	(156,'China','People’s Republic of China','Beijing',32,NULL,'Chinese','CN','156','86','CN.png',0,1,'2022-08-02 18:57:41','2022-08-02 18:57:41'),
	(158,'Taiwan, Province of China','Republic of China, Taiwan (TW1)','Taipei',144,NULL,'Taiwanese','TW','158','886','TW.png',0,1,'2022-08-02 18:57:41','2022-08-02 18:57:41'),
	(162,'Christmas Island','Christmas Island Territory','Flying Fish Cove',8,NULL,'Christmas Islander','CX','162','61','CX.png',0,1,'2022-08-02 18:57:41','2022-08-02 18:57:41'),
	(166,'Cocos (Keeling) Islands','Territory of Cocos (Keeling) Islands','Bantam',8,NULL,'Cocos Islander','CC','166','61','CC.png',0,1,'2022-08-02 18:57:41','2022-08-02 18:57:41'),
	(170,'Colombia','Republic of Colombia','Santa Fe de Bogotá',33,NULL,'Colombian','CO','170','57','CO.png',0,1,'2022-08-02 18:57:41','2022-08-02 18:57:41'),
	(174,'Comoros','Union of the Comoros','Moroni',74,NULL,'Comorian','KM','174','269','KM.png',0,1,'2022-08-02 18:57:41','2022-08-02 18:57:41'),
	(175,'Mayotte','Departmental Collectivity of Mayotte','Mamoudzou',46,NULL,'Mahorais','YT','175','262','YT.png',0,1,'2022-08-02 18:57:41','2022-08-02 18:57:41'),
	(178,'Congo','Republic of the Congo','Brazzaville',155,NULL,'Congolese','CG','178','242','CG.png',0,1,'2022-08-02 18:57:41','2022-08-02 18:57:41'),
	(180,'Congo, the Democratic Republic of the','Democratic Republic of the Congo','Kinshasa',28,NULL,'Congolese','CD','180','243','CD.png',0,1,'2022-08-02 18:57:41','2022-08-02 18:57:41'),
	(184,'Cook Islands','Cook Islands','Avarua',107,NULL,'Cook Islander','CK','184','682','CK.png',0,1,'2022-08-02 18:57:41','2022-08-02 18:57:41'),
	(188,'Costa Rica','Republic of Costa Rica','San José',34,NULL,'Costa Rican','CR','188','506','CR.png',0,1,'2022-08-02 18:57:41','2022-08-02 18:57:41'),
	(191,'Croatia','Republic of Croatia','Zagreb',59,NULL,'Croatian','HR','191','385','HR.png',1,1,'2022-08-02 18:57:41','2022-08-02 18:57:41'),
	(192,'Cuba','Republic of Cuba','Havana',36,NULL,'Cuban','CU','192','53','CU.png',0,1,'2022-08-02 18:57:41','2022-08-02 18:57:41'),
	(196,'Cyprus','Republic of Cyprus','Nicosia',46,NULL,'Cypriot','CY','196','357','CY.png',1,1,'2022-08-02 18:57:41','2022-08-02 18:57:41'),
	(203,'Czech Republic','Czech Republic','Prague',38,NULL,'Czech','CZ','203','420','CZ.png',1,1,'2022-08-02 18:57:41','2022-08-02 18:57:41'),
	(204,'Benin','Republic of Benin','Porto Novo (BJ1)',164,NULL,'Beninese','BJ','204','229','BJ.png',0,1,'2022-08-02 18:57:41','2022-08-02 18:57:41'),
	(208,'Denmark','Kingdom of Denmark','Copenhagen',40,NULL,'Danish','DK','208','45','DK.png',1,1,'2022-08-02 18:57:41','2022-08-02 18:57:41'),
	(212,'Dominica','Commonwealth of Dominica','Roseau',162,NULL,'Dominican','DM','212','1','DM.png',0,1,'2022-08-02 18:57:41','2022-08-02 18:57:41'),
	(214,'Dominican Republic','Dominican Republic','Santo Domingo',41,NULL,'Dominican','DO','214','1','DO.png',0,1,'2022-08-02 18:57:41','2022-08-02 18:57:41'),
	(218,'Ecuador','Republic of Ecuador','Quito',148,NULL,'Ecuadorian','EC','218','593','EC.png',0,1,'2022-08-02 18:57:41','2022-08-02 18:57:41'),
	(222,'El Salvador','Republic of El Salvador','San Salvador',134,NULL,'Salvadoran','SV','222','503','SV.png',0,1,'2022-08-02 18:57:41','2022-08-02 18:57:41'),
	(226,'Equatorial Guinea','Republic of Equatorial Guinea','Malabo',155,NULL,'Equatorial Guinean','GQ','226','240','GQ.png',0,1,'2022-08-02 18:57:41','2022-08-02 18:57:41'),
	(231,'Ethiopia','Federal Democratic Republic of Ethiopia','Addis Ababa',45,NULL,'Ethiopian','ET','231','251','ET.png',0,1,'2022-08-02 18:57:41','2022-08-02 18:57:41'),
	(232,'Eritrea','State of Eritrea','Asmara',44,NULL,'Eritrean','ER','232','291','ER.png',0,1,'2022-08-02 18:57:41','2022-08-02 18:57:41'),
	(233,'Estonia','Republic of Estonia','Tallinn',46,NULL,'Estonian','EE','233','372','EE.png',1,1,'2022-08-02 18:57:41','2022-08-02 18:57:41'),
	(234,'Faroe Islands','Faeroe Islands','Tórshavn',40,NULL,'Faeroese','FO','234','298','FO.png',0,1,'2022-08-02 18:57:41','2022-08-02 18:57:41'),
	(238,'Falkland Islands (Malvinas)','Falkland Islands','Stanley',48,NULL,'Falkland Islander','FK','238','500','FK.png',0,1,'2022-08-02 18:57:41','2022-08-02 18:57:41'),
	(239,'South Georgia and the South Sandwich Islands','South Georgia and the South Sandwich Islands','King Edward Point (Grytviken)',NULL,NULL,'of South Georgia and the South Sandwich Islands','GS','239','44','GS.png',0,1,'2022-08-02 18:57:41','2022-08-02 18:57:41'),
	(242,'Fiji','Republic of Fiji','Suva',47,NULL,'Fijian','FJ','242','679','FJ.png',0,1,'2022-08-02 18:57:41','2022-08-02 18:57:41'),
	(246,'Finland','Republic of Finland','Helsinki',46,NULL,'Finnish','FI','246','358','FI.png',1,1,'2022-08-02 18:57:41','2022-08-02 18:57:41'),
	(248,'Åland Islands','Åland Islands','Mariehamn',46,NULL,'Åland Islander','AX','248','358',NULL,0,1,'2022-08-02 18:57:41','2022-08-02 18:57:41'),
	(250,'France','French Republic','Paris',46,NULL,'French','FR','250','33','FR.png',1,1,'2022-08-02 18:57:41','2022-08-02 18:57:41'),
	(254,'French Guiana','French Guiana','Cayenne',46,NULL,'Guianese','GF','254','594','GF.png',0,1,'2022-08-02 18:57:41','2022-08-02 18:57:41'),
	(258,'French Polynesia','French Polynesia','Papeete',166,NULL,'Polynesian','PF','258','689','PF.png',0,1,'2022-08-02 18:57:41','2022-08-02 18:57:41'),
	(260,'French Southern Territories','French Southern and Antarctic Lands','Port-aux-Francais',46,NULL,'of French Southern and Antarctic Lands','TF','260','33','TF.png',0,1,'2022-08-02 18:57:41','2022-08-02 18:57:41'),
	(262,'Djibouti','Republic of Djibouti','Djibouti',39,NULL,'Djiboutian','DJ','262','253','DJ.png',0,1,'2022-08-02 18:57:41','2022-08-02 18:57:41'),
	(266,'Gabon','Gabonese Republic','Libreville',155,NULL,'Gabonese','GA','266','241','GA.png',0,1,'2022-08-02 18:57:41','2022-08-02 18:57:41'),
	(268,'Georgia','Georgia','Tbilisi',50,NULL,'Georgian','GE','268','995','GE.png',0,1,'2022-08-02 18:57:41','2022-08-02 18:57:41'),
	(270,'Gambia','Republic of the Gambia','Banjul',53,NULL,'Gambian','GM','270','220','GM.png',0,1,'2022-08-02 18:57:41','2022-08-02 18:57:41'),
	(275,'Palestinian Territory, Occupied',NULL,NULL,53,NULL,'Palestinian','PS','275','970','PS.png',0,1,'2022-08-02 18:57:41','2022-08-02 18:57:41'),
	(276,'Germany','Federal Republic of Germany','Berlin',46,NULL,'German','DE','276','49','DE.png',1,1,'2022-08-02 18:57:41','2022-08-02 18:57:41'),
	(288,'Ghana','Republic of Ghana','Accra',51,NULL,'Ghanaian','GH','288','233','GH.png',0,1,'2022-08-02 18:57:41','2022-08-02 18:57:41'),
	(292,'Gibraltar','Gibraltar','Gibraltar',52,NULL,'Gibraltarian','GI','292','350','GI.png',0,1,'2022-08-02 18:57:41','2022-08-02 18:57:41'),
	(296,'Kiribati','Republic of Kiribati','Tarawa',8,NULL,'Kiribatian','KI','296','686','KI.png',0,1,'2022-08-02 18:57:41','2022-08-02 18:57:41'),
	(300,'Greece','Hellenic Republic','Athens',46,NULL,'Greek','GR','300','30','GR.png',1,1,'2022-08-02 18:57:41','2022-08-02 18:57:41'),
	(304,'Greenland','Greenland','Nuuk',40,NULL,'Greenlander','GL','304','299','GL.png',0,1,'2022-08-02 18:57:41','2022-08-02 18:57:41'),
	(308,'Grenada','Grenada','St George’s',162,NULL,'Grenadian','GD','308','1','GD.png',0,1,'2022-08-02 18:57:41','2022-08-02 18:57:41'),
	(312,'Guadeloupe','Guadeloupe','Basse Terre',46,NULL,'Guadeloupean','GP','312','590','GP.png',0,1,'2022-08-02 18:57:41','2022-08-02 18:57:41'),
	(316,'Guam','Territory of Guam','Agaña (Hagåtña)',148,NULL,'Guamanian','GU','316','1','GU.png',0,1,'2022-08-02 18:57:41','2022-08-02 18:57:41'),
	(320,'Guatemala','Republic of Guatemala','Guatemala City',55,NULL,'Guatemalan','GT','320','502','GT.png',0,1,'2022-08-02 18:57:41','2022-08-02 18:57:41'),
	(324,'Guinea','Republic of Guinea','Conakry',54,NULL,'Guinean','GN','324','224','GN.png',0,1,'2022-08-02 18:57:41','2022-08-02 18:57:41'),
	(328,'Guyana','Cooperative Republic of Guyana','Georgetown',56,NULL,'Guyanese','GY','328','592','GY.png',0,1,'2022-08-02 18:57:41','2022-08-02 18:57:41'),
	(332,'Haiti','Republic of Haiti','Port-au-Prince',60,NULL,'Haitian','HT','332','509','HT.png',0,1,'2022-08-02 18:57:41','2022-08-02 18:57:41'),
	(334,'Heard Island and McDonald Islands','Territory of Heard Island and McDonald Islands','Territory of Heard Island and McDonald Islands',NULL,NULL,'of Territory of Heard Island and McDonald Islands','HM','334','61','HM.png',0,1,'2022-08-02 18:57:41','2022-08-02 18:57:41'),
	(336,'Holy See (Vatican City State)','the Holy See/ Vatican City State','Vatican City',46,NULL,'of the Holy See/of the Vatican','VA','336','39','VA.png',0,1,'2022-08-02 18:57:41','2022-08-02 18:57:41'),
	(340,'Honduras','Republic of Honduras','Tegucigalpa',58,NULL,'Honduran','HN','340','504','HN.png',0,1,'2022-08-02 18:57:41','2022-08-02 18:57:41'),
	(344,'Hong Kong','Hong Kong Special Administrative Region of the People’s Republic of China (HK2)','(HK3)',57,NULL,'Hong Kong Chinese','HK','344','852','HK.png',0,1,'2022-08-02 18:57:41','2022-08-02 18:57:41'),
	(348,'Hungary','Republic of Hungary','Budapest',61,NULL,'Hungarian','HU','348','36','HU.png',1,1,'2022-08-02 18:57:41','2022-08-02 18:57:41'),
	(352,'Iceland','Republic of Iceland','Reykjavik',67,NULL,'Icelander','IS','352','354','IS.png',1,1,'2022-08-02 18:57:41','2022-08-02 18:57:41'),
	(356,'India','Republic of India','New Delhi',64,NULL,'Indian','IN','356','91','IN.png',0,1,'2022-08-02 18:57:41','2022-08-02 18:57:41'),
	(360,'Indonesia','Republic of Indonesia','Jakarta',62,NULL,'Indonesian','ID','360','62','ID.png',0,1,'2022-08-02 18:57:41','2022-08-02 18:57:41'),
	(364,'Iran, Islamic Republic of','Islamic Republic of Iran','Tehran',66,NULL,'Iranian','IR','364','98','IR.png',0,1,'2022-08-02 18:57:41','2022-08-02 18:57:41'),
	(368,'Iraq','Republic of Iraq','Baghdad',65,NULL,'Iraqi','IQ','368','964','IQ.png',0,1,'2022-08-02 18:57:41','2022-08-02 18:57:41'),
	(372,'Ireland','Ireland (IE1)','Dublin',46,NULL,'Irish','IE','372','353','IE.png',1,1,'2022-08-02 18:57:41','2022-08-02 18:57:41'),
	(376,'Israel','State of Israel','(IL1)',63,NULL,'Israeli','IL','376','972','IL.png',0,1,'2022-08-02 18:57:41','2022-08-02 18:57:41'),
	(380,'Italy','Italian Republic','Rome',46,NULL,'Italian','IT','380','39','IT.png',1,1,'2022-08-02 18:57:41','2022-08-02 18:57:41'),
	(384,'Côte d\'Ivoire','Republic of Côte d’Ivoire','Yamoussoukro (CI1)',164,NULL,'Ivorian','CI','384','225','CI.png',0,1,'2022-08-02 18:57:41','2022-08-02 18:57:41'),
	(388,'Jamaica','Jamaica','Kingston',68,NULL,'Jamaican','JM','388','1','JM.png',0,1,'2022-08-02 18:57:41','2022-08-02 18:57:41'),
	(392,'Japan','Japan','Tokyo',70,NULL,'Japanese','JP','392','81','JP.png',0,1,'2022-08-02 18:57:41','2022-08-02 18:57:41'),
	(398,'Kazakhstan','Republic of Kazakhstan','Astana',79,NULL,'Kazakh','KZ','398','7','KZ.png',0,1,'2022-08-02 18:57:41','2022-08-02 18:57:41'),
	(400,'Jordan','Hashemite Kingdom of Jordan','Amman',69,NULL,'Jordanian','JO','400','962','JO.png',0,1,'2022-08-02 18:57:41','2022-08-02 18:57:41'),
	(404,'Kenya','Republic of Kenya','Nairobi',71,NULL,'Kenyan','KE','404','254','KE.png',0,1,'2022-08-02 18:57:41','2022-08-02 18:57:41'),
	(408,'Korea, Democratic People\'s Republic of','Democratic People’s Republic of Korea','Pyongyang',75,NULL,'North Korean','KP','408','850','KP.png',0,1,'2022-08-02 18:57:41','2022-08-02 18:57:41'),
	(410,'Korea, Republic of','Republic of Korea','Seoul',76,NULL,'South Korean','KR','410','82','KR.png',0,1,'2022-08-02 18:57:41','2022-08-02 18:57:41'),
	(414,'Kuwait','State of Kuwait','Kuwait City',77,NULL,'Kuwaiti','KW','414','965','KW.png',0,1,'2022-08-02 18:57:41','2022-08-02 18:57:41'),
	(417,'Kyrgyzstan','Kyrgyz Republic','Bishkek',72,NULL,'Kyrgyz','KG','417','996','KG.png',0,1,'2022-08-02 18:57:41','2022-08-02 18:57:41'),
	(418,'Lao People\'s Democratic Republic','Lao People’s Democratic Republic','Vientiane',80,NULL,'Lao','LA','418','856','LA.png',0,1,'2022-08-02 18:57:41','2022-08-02 18:57:41'),
	(422,'Lebanon','Lebanese Republic','Beirut',81,NULL,'Lebanese','LB','422','961','LB.png',0,1,'2022-08-02 18:57:41','2022-08-02 18:57:41'),
	(426,'Lesotho','Kingdom of Lesotho','Maseru',84,NULL,'Basotho','LS','426','266','LS.png',0,1,'2022-08-02 18:57:41','2022-08-02 18:57:41'),
	(428,'Latvia','Republic of Latvia','Riga',46,NULL,'Latvian','LV','428','371','LV.png',1,1,'2022-08-02 18:57:41','2022-08-02 18:57:41'),
	(430,'Liberia','Republic of Liberia','Monrovia',83,NULL,'Liberian','LR','430','231','LR.png',0,1,'2022-08-02 18:57:41','2022-08-02 18:57:41'),
	(434,'Libya','Socialist People’s Libyan Arab Jamahiriya','Tripoli',87,NULL,'Libyan','LY','434','218','LY.png',0,1,'2022-08-02 18:57:41','2022-08-02 18:57:41'),
	(438,'Liechtenstein','Principality of Liechtenstein','Vaduz',29,NULL,'Liechtensteiner','LI','438','423','LI.png',1,1,'2022-08-02 18:57:41','2022-08-02 18:57:41'),
	(440,'Lithuania','Republic of Lithuania','Vilnius',46,NULL,'Lithuanian','LT','440','370','LT.png',1,1,'2022-08-02 18:57:41','2022-08-02 18:57:41'),
	(442,'Luxembourg','Grand Duchy of Luxembourg','Luxembourg',46,NULL,'Luxembourger','LU','442','352','LU.png',1,1,'2022-08-02 18:57:41','2022-08-02 18:57:41'),
	(446,'Macao','Macao Special Administrative Region of the People’s Republic of China (MO2)','Macao (MO3)',94,NULL,'Macanese','MO','446','853','MO.png',0,1,'2022-08-02 18:57:41','2022-08-02 18:57:41'),
	(450,'Madagascar','Republic of Madagascar','Antananarivo',90,NULL,'Malagasy','MG','450','261','MG.png',0,1,'2022-08-02 18:57:41','2022-08-02 18:57:41'),
	(454,'Malawi','Republic of Malawi','Lilongwe',98,NULL,'Malawian','MW','454','265','MW.png',0,1,'2022-08-02 18:57:41','2022-08-02 18:57:41'),
	(458,'Malaysia','Malaysia','Kuala Lumpur (MY1)',100,NULL,'Malaysian','MY','458','60','MY.png',0,1,'2022-08-02 18:57:41','2022-08-02 18:57:41'),
	(462,'Maldives','Republic of Maldives','Malé',97,NULL,'Maldivian','MV','462','960','MV.png',0,1,'2022-08-02 18:57:41','2022-08-02 18:57:41'),
	(466,'Mali','Republic of Mali','Bamako',164,NULL,'Malian','ML','466','223','ML.png',0,1,'2022-08-02 18:57:41','2022-08-02 18:57:41'),
	(470,'Malta','Republic of Malta','Valletta',46,NULL,'Maltese','MT','470','356','MT.png',1,1,'2022-08-02 18:57:41','2022-08-02 18:57:41'),
	(474,'Martinique','Martinique','Fort-de-France',46,NULL,'Martinican','MQ','474','596','MQ.png',0,1,'2022-08-02 18:57:41','2022-08-02 18:57:41'),
	(478,'Mauritania','Islamic Republic of Mauritania','Nouakchott',95,NULL,'Mauritanian','MR','478','222','MR.png',0,1,'2022-08-02 18:57:41','2022-08-02 18:57:41'),
	(480,'Mauritius','Republic of Mauritius','Port Louis',96,NULL,'Mauritian','MU','480','230','MU.png',0,1,'2022-08-02 18:57:41','2022-08-02 18:57:41'),
	(484,'Mexico','United Mexican States','Mexico City',99,NULL,'Mexican','MX','484','52','MX.png',0,1,'2022-08-02 18:57:41','2022-08-02 18:57:41'),
	(492,'Monaco','Principality of Monaco','Monaco',46,NULL,'Monegasque','MC','492','377','MC.png',0,1,'2022-08-02 18:57:41','2022-08-02 18:57:41'),
	(496,'Mongolia','Mongolia','Ulan Bator',93,NULL,'Mongolian','MN','496','976','MN.png',0,1,'2022-08-02 18:57:41','2022-08-02 18:57:41'),
	(498,'Moldova, Republic of','Republic of Moldova','Chisinau',89,NULL,'Moldovan','MD','498','373','MD.png',0,1,'2022-08-02 18:57:41','2022-08-02 18:57:41'),
	(499,'Montenegro','Montenegro','Podgorica',46,NULL,'Montenegrin','ME','499','382',NULL,0,1,'2022-08-02 18:57:41','2022-08-02 18:57:41'),
	(500,'Montserrat','Montserrat','Plymouth (MS2)',162,NULL,'Montserratian','MS','500','1','MS.png',0,1,'2022-08-02 18:57:41','2022-08-02 18:57:41'),
	(504,'Morocco','Kingdom of Morocco','Rabat',88,NULL,'Moroccan','MA','504','212','MA.png',0,1,'2022-08-02 18:57:41','2022-08-02 18:57:41'),
	(508,'Mozambique','Republic of Mozambique','Maputo',101,NULL,'Mozambican','MZ','508','258','MZ.png',0,1,'2022-08-02 18:57:41','2022-08-02 18:57:41'),
	(512,'Oman','Sultanate of Oman','Muscat',108,NULL,'Omani','OM','512','968','OM.png',0,1,'2022-08-02 18:57:41','2022-08-02 18:57:41'),
	(516,'Namibia','Republic of Namibia','Windhoek',102,NULL,'Namibian','NA','516','264','NA.png',0,1,'2022-08-02 18:57:41','2022-08-02 18:57:41'),
	(520,'Nauru','Republic of Nauru','Yaren',8,NULL,'Nauruan','NR','520','674','NR.png',0,1,'2022-08-02 18:57:41','2022-08-02 18:57:41'),
	(524,'Nepal','Nepal','Kathmandu',106,NULL,'Nepalese','NP','524','977','NP.png',0,1,'2022-08-02 18:57:41','2022-08-02 18:57:41'),
	(528,'Netherlands','Kingdom of the Netherlands','Amsterdam (NL2)',46,NULL,'Dutch','NL','528','31','NL.png',1,1,'2022-08-02 18:57:41','2022-08-02 18:57:41'),
	(531,'Curaçao','Curaçao','Willemstad',5,NULL,'Curaçaoan','CW','531','599',NULL,0,1,'2022-08-02 18:57:41','2022-08-02 18:57:41'),
	(533,'Aruba','Aruba','Oranjestad',9,NULL,'Aruban','AW','533','297','AW.png',0,1,'2022-08-02 18:57:41','2022-08-02 18:57:41'),
	(534,'Sint Maarten (Dutch part)','Sint Maarten','Philipsburg',5,NULL,'Sint Maartener','SX','534','721',NULL,0,1,'2022-08-02 18:57:41','2022-08-02 18:57:41'),
	(535,'Bonaire, Sint Eustatius and Saba',NULL,NULL,148,NULL,'of Bonaire, Sint Eustatius and Saba','BQ','535','599',NULL,0,1,'2022-08-02 18:57:41','2022-08-02 18:57:41'),
	(540,'New Caledonia','New Caledonia','Nouméa',166,NULL,'New Caledonian','NC','540','687','NC.png',0,1,'2022-08-02 18:57:41','2022-08-02 18:57:41'),
	(548,'Vanuatu','Republic of Vanuatu','Port Vila',153,NULL,'Vanuatuan','VU','548','678','VU.png',0,1,'2022-08-02 18:57:41','2022-08-02 18:57:41'),
	(554,'New Zealand','New Zealand','Wellington',107,NULL,'New Zealander','NZ','554','64','NZ.png',0,1,'2022-08-02 18:57:41','2022-08-02 18:57:41'),
	(558,'Nicaragua','Republic of Nicaragua','Managua',104,NULL,'Nicaraguan','NI','558','505','NI.png',0,1,'2022-08-02 18:57:41','2022-08-02 18:57:41'),
	(562,'Niger','Republic of Niger','Niamey',164,NULL,'Nigerien','NE','562','227','NE.png',0,1,'2022-08-02 18:57:41','2022-08-02 18:57:41'),
	(566,'Nigeria','Federal Republic of Nigeria','Abuja',103,NULL,'Nigerian','NG','566','234','NG.png',0,1,'2022-08-02 18:57:41','2022-08-02 18:57:41'),
	(570,'Niue','Niue','Alofi',107,NULL,'Niuean','NU','570','683','NU.png',0,1,'2022-08-02 18:57:41','2022-08-02 18:57:41'),
	(574,'Norfolk Island','Territory of Norfolk Island','Kingston',8,NULL,'Norfolk Islander','NF','574','672','NF.png',0,1,'2022-08-02 18:57:41','2022-08-02 18:57:41'),
	(578,'Norway','Kingdom of Norway','Oslo',105,NULL,'Norwegian','NO','578','47','NO.png',1,1,'2022-08-02 18:57:41','2022-08-02 18:57:41'),
	(580,'Northern Mariana Islands','Commonwealth of the Northern Mariana Islands','Saipan',148,NULL,'Northern Mariana Islander','MP','580','1','MP.png',0,1,'2022-08-02 18:57:41','2022-08-02 18:57:41'),
	(581,'United States Minor Outlying Islands','United States Minor Outlying Islands','United States Minor Outlying Islands',148,NULL,'of United States Minor Outlying Islands','UM','581','1','UM.png',0,1,'2022-08-02 18:57:41','2022-08-02 18:57:41'),
	(583,'Micronesia, Federated States of','Federated States of Micronesia','Palikir',148,NULL,'Micronesian','FM','583','691','FM.png',0,1,'2022-08-02 18:57:41','2022-08-02 18:57:41'),
	(584,'Marshall Islands','Republic of the Marshall Islands','Majuro',148,NULL,'Marshallese','MH','584','692','MH.png',0,1,'2022-08-02 18:57:41','2022-08-02 18:57:41'),
	(585,'Palau','Republic of Palau','Melekeok',148,NULL,'Palauan','PW','585','680','PW.png',0,1,'2022-08-02 18:57:41','2022-08-02 18:57:41'),
	(586,'Pakistan','Islamic Republic of Pakistan','Islamabad',113,NULL,'Pakistani','PK','586','92','PK.png',0,1,'2022-08-02 18:57:41','2022-08-02 18:57:41'),
	(591,'Panama','Republic of Panama','Panama City',109,NULL,'Panamanian','PA','591','507','PA.png',0,1,'2022-08-02 18:57:41','2022-08-02 18:57:41'),
	(598,'Papua New Guinea','Independent State of Papua New Guinea','Port Moresby',111,NULL,'Papua New Guinean','PG','598','675','PG.png',0,1,'2022-08-02 18:57:41','2022-08-02 18:57:41'),
	(600,'Paraguay','Republic of Paraguay','Asunción',115,NULL,'Paraguayan','PY','600','595','PY.png',0,1,'2022-08-02 18:57:41','2022-08-02 18:57:41'),
	(604,'Peru','Republic of Peru','Lima',110,NULL,'Peruvian','PE','604','51','PE.png',0,1,'2022-08-02 18:57:41','2022-08-02 18:57:41'),
	(608,'Philippines','Republic of the Philippines','Manila',112,NULL,'Filipino','PH','608','63','PH.png',0,1,'2022-08-02 18:57:41','2022-08-02 18:57:41'),
	(612,'Pitcairn','Pitcairn Islands','Adamstown',107,NULL,'Pitcairner','PN','612','649','PN.png',0,1,'2022-08-02 18:57:41','2022-08-02 18:57:41'),
	(616,'Poland','Republic of Poland','Warsaw',114,NULL,'Polish','PL','616','48','PL.png',1,1,'2022-08-02 18:57:41','2022-08-02 18:57:41'),
	(620,'Portugal','Portuguese Republic','Lisbon',46,NULL,'Portuguese','PT','620','351','PT.png',1,1,'2022-08-02 18:57:41','2022-08-02 18:57:41'),
	(624,'Guinea-Bissau','Republic of Guinea-Bissau','Bissau',164,NULL,'Guinea-Bissau national','GW','624','245','GW.png',0,1,'2022-08-02 18:57:41','2022-08-02 18:57:41'),
	(626,'Timor-Leste','Democratic Republic of East Timor','Dili',148,NULL,'East Timorese','TL','626','670','TL.png',0,1,'2022-08-02 18:57:41','2022-08-02 18:57:41'),
	(630,'Puerto Rico','Commonwealth of Puerto Rico','San Juan',148,NULL,'Puerto Rican','PR','630','1','PR.png',0,1,'2022-08-02 18:57:41','2022-08-02 18:57:41'),
	(634,'Qatar','State of Qatar','Doha',116,NULL,'Qatari','QA','634','974','QA.png',0,1,'2022-08-02 18:57:41','2022-08-02 18:57:41'),
	(638,'Réunion','Réunion','Saint-Denis',46,NULL,'Reunionese','RE','638','262','RE.png',0,1,'2022-08-02 18:57:41','2022-08-02 18:57:41'),
	(642,'Romania','Romania','Bucharest',117,NULL,'Romanian','RO','642','40','RO.png',1,1,'2022-08-02 18:57:41','2022-08-02 18:57:41'),
	(643,'Russian Federation','Russian Federation','Moscow',119,NULL,'Russian','RU','643','7','RU.png',0,1,'2022-08-02 18:57:41','2022-08-02 18:57:41'),
	(646,'Rwanda','Republic of Rwanda','Kigali',120,NULL,'Rwandan; Rwandese','RW','646','250','RW.png',0,1,'2022-08-02 18:57:41','2022-08-02 18:57:41'),
	(652,'Saint Barthélemy','Collectivity of Saint Barthélemy','Gustavia',46,NULL,'of Saint Barthélemy','BL','652','590',NULL,0,1,'2022-08-02 18:57:41','2022-08-02 18:57:41'),
	(654,'Saint Helena, Ascension and Tristan da Cunha','Saint Helena, Ascension and Tristan da Cunha','Jamestown',127,NULL,'Saint Helenian','SH','654','290','SH.png',0,1,'2022-08-02 18:57:41','2022-08-02 18:57:41'),
	(659,'Saint Kitts and Nevis','Federation of Saint Kitts and Nevis','Basseterre',162,NULL,'Kittsian; Nevisian','KN','659','1','KN.png',0,1,'2022-08-02 18:57:41','2022-08-02 18:57:41'),
	(660,'Anguilla','Anguilla','The Valley',162,NULL,'Anguillan','AI','660','1','AI.png',0,1,'2022-08-02 18:57:41','2022-08-02 18:57:41'),
	(662,'Saint Lucia','Saint Lucia','Castries',162,NULL,'Saint Lucian','LC','662','1','LC.png',0,1,'2022-08-02 18:57:41','2022-08-02 18:57:41'),
	(663,'Saint Martin (French part)','Collectivity of Saint Martin','Marigot',46,NULL,'of Saint Martin','MF','663','590',NULL,0,1,'2022-08-02 18:57:41','2022-08-02 18:57:41'),
	(666,'Saint Pierre and Miquelon','Territorial Collectivity of Saint Pierre and Miquelon','Saint-Pierre',46,NULL,'St-Pierrais; Miquelonnais','PM','666','508','PM.png',0,1,'2022-08-02 18:57:41','2022-08-02 18:57:41'),
	(670,'Saint Vincent and the Grenadines','Saint Vincent and the Grenadines','Kingstown',162,NULL,'Vincentian','VC','670','1','VC.png',0,1,'2022-08-02 18:57:41','2022-08-02 18:57:41'),
	(674,'San Marino','Republic of San Marino','San Marino',46,NULL,'San Marinese','SM','674','378','SM.png',0,1,'2022-08-02 18:57:41','2022-08-02 18:57:41'),
	(678,'Sao Tome and Principe','Democratic Republic of São Tomé and Príncipe','São Tomé',133,NULL,'São Toméan','ST','678','239','ST.png',0,1,'2022-08-02 18:57:41','2022-08-02 18:57:41'),
	(682,'Saudi Arabia','Kingdom of Saudi Arabia','Riyadh',121,NULL,'Saudi Arabian','SA','682','966','SA.png',0,1,'2022-08-02 18:57:41','2022-08-02 18:57:41'),
	(686,'Senegal','Republic of Senegal','Dakar',164,NULL,'Senegalese','SN','686','221','SN.png',0,1,'2022-08-02 18:57:41','2022-08-02 18:57:41'),
	(688,'Serbia','Republic of Serbia','Belgrade',118,NULL,'Serb','RS','688','381',NULL,0,1,'2022-08-02 18:57:41','2022-08-02 18:57:41'),
	(690,'Seychelles','Republic of Seychelles','Victoria',123,NULL,'Seychellois','SC','690','248','SC.png',0,1,'2022-08-02 18:57:41','2022-08-02 18:57:41'),
	(694,'Sierra Leone','Republic of Sierra Leone','Freetown',129,NULL,'Sierra Leonean','SL','694','232','SL.png',0,1,'2022-08-02 18:57:41','2022-08-02 18:57:41'),
	(702,'Singapore','Republic of Singapore','Singapore',126,NULL,'Singaporean','SG','702','65','SG.png',0,1,'2022-08-02 18:57:41','2022-08-02 18:57:41'),
	(703,'Slovakia','Slovak Republic','Bratislava',46,NULL,'Slovak','SK','703','421','SK.png',1,1,'2022-08-02 18:57:41','2022-08-02 18:57:41'),
	(704,'Viet Nam','Socialist Republic of Vietnam','Hanoi',152,NULL,'Vietnamese','VN','704','84','VN.png',0,1,'2022-08-02 18:57:41','2022-08-02 18:57:41'),
	(705,'Slovenia','Republic of Slovenia','Ljubljana',46,NULL,'Slovene','SI','705','386','SI.png',1,1,'2022-08-02 18:57:41','2022-08-02 18:57:41'),
	(706,'Somalia','Somali Republic','Mogadishu',130,NULL,'Somali','SO','706','252','SO.png',0,1,'2022-08-02 18:57:41','2022-08-02 18:57:41'),
	(710,'South Africa','Republic of South Africa','Pretoria (ZA1)',170,NULL,'South African','ZA','710','27','ZA.png',0,1,'2022-08-02 18:57:41','2022-08-02 18:57:41'),
	(716,'Zimbabwe','Republic of Zimbabwe','Harare',NULL,NULL,'Zimbabwean','ZW','716','263','ZW.png',0,1,'2022-08-02 18:57:41','2022-08-02 18:57:41'),
	(724,'Spain','Kingdom of Spain','Madrid',46,NULL,'Spaniard','ES','724','34','ES.png',1,1,'2022-08-02 18:57:41','2022-08-02 18:57:41'),
	(728,'South Sudan','Republic of South Sudan','Juba',132,NULL,'South Sudanese','SS','728','211',NULL,0,1,'2022-08-02 18:57:41','2022-08-02 18:57:41'),
	(729,'Sudan','Republic of the Sudan','Khartoum',124,NULL,'Sudanese','SD','729','249',NULL,0,1,'2022-08-02 18:57:41','2022-08-02 18:57:41'),
	(732,'Western Sahara','Western Sahara','Al aaiun',88,NULL,'Sahrawi','EH','732','212','EH.png',0,1,'2022-08-02 18:57:41','2022-08-02 18:57:41'),
	(740,'Suriname','Republic of Suriname','Paramaribo',131,NULL,'Surinamese','SR','740','597','SR.png',0,1,'2022-08-02 18:57:41','2022-08-02 18:57:41'),
	(744,'Svalbard and Jan Mayen','Svalbard and Jan Mayen','Longyearbyen',105,NULL,'of Svalbard','SJ','744','47','SJ.png',0,1,'2022-08-02 18:57:41','2022-08-02 18:57:41'),
	(748,'Swaziland','Kingdom of Swaziland','Mbabane',136,NULL,'Swazi','SZ','748','268','SZ.png',0,1,'2022-08-02 18:57:41','2022-08-02 18:57:41'),
	(752,'Sweden','Kingdom of Sweden','Stockholm',125,NULL,'Swedish','SE','752','46','SE.png',1,1,'2022-08-02 18:57:41','2022-08-02 18:57:41'),
	(756,'Switzerland','Swiss Confederation','Berne',29,NULL,'Swiss','CH','756','41','CH.png',1,1,'2022-08-02 18:57:41','2022-08-02 18:57:41'),
	(760,'Syrian Arab Republic','Syrian Arab Republic','Damascus',135,NULL,'Syrian','SY','760','963','SY.png',0,1,'2022-08-02 18:57:41','2022-08-02 18:57:41'),
	(762,'Tajikistan','Republic of Tajikistan','Dushanbe',138,NULL,'Tajik','TJ','762','992','TJ.png',0,1,'2022-08-02 18:57:41','2022-08-02 18:57:41'),
	(764,'Thailand','Kingdom of Thailand','Bangkok',137,NULL,'Thai','TH','764','66','TH.png',0,1,'2022-08-02 18:57:41','2022-08-02 18:57:41'),
	(768,'Togo','Togolese Republic','Lomé',164,NULL,'Togolese','TG','768','228','TG.png',0,1,'2022-08-02 18:57:41','2022-08-02 18:57:41'),
	(772,'Tokelau','Tokelau','(TK2)',107,NULL,'Tokelauan','TK','772','690','TK.png',0,1,'2022-08-02 18:57:41','2022-08-02 18:57:41'),
	(776,'Tonga','Kingdom of Tonga','Nuku’alofa',141,NULL,'Tongan','TO','776','676','TO.png',0,1,'2022-08-02 18:57:41','2022-08-02 18:57:41'),
	(780,'Trinidad and Tobago','Republic of Trinidad and Tobago','Port of Spain',143,NULL,'Trinidadian; Tobagonian','TT','780','1','TT.png',0,1,'2022-08-02 18:57:41','2022-08-02 18:57:41'),
	(784,'United Arab Emirates','United Arab Emirates','Abu Dhabi',1,NULL,'Emirian','AE','784','971','AE.png',0,1,'2022-08-02 18:57:41','2022-08-02 18:57:41'),
	(788,'Tunisia','Republic of Tunisia','Tunis',140,NULL,'Tunisian','TN','788','216','TN.png',0,1,'2022-08-02 18:57:41','2022-08-02 18:57:41'),
	(792,'Turkey','Republic of Turkey','Ankara',142,NULL,'Turk','TR','792','90','TR.png',0,1,'2022-08-02 18:57:41','2022-08-02 18:57:41'),
	(795,'Turkmenistan','Turkmenistan','Ashgabat',139,NULL,'Turkmen','TM','795','993','TM.png',0,1,'2022-08-02 18:57:41','2022-08-02 18:57:41'),
	(796,'Turks and Caicos Islands','Turks and Caicos Islands','Cockburn Town',148,NULL,'Turks and Caicos Islander','TC','796','1','TC.png',0,1,'2022-08-02 18:57:41','2022-08-02 18:57:41'),
	(798,'Tuvalu','Tuvalu','Funafuti',8,NULL,'Tuvaluan','TV','798','688','TV.png',0,1,'2022-08-02 18:57:41','2022-08-02 18:57:41'),
	(800,'Uganda','Republic of Uganda','Kampala',147,NULL,'Ugandan','UG','800','256','UG.png',0,1,'2022-08-02 18:57:41','2022-08-02 18:57:41'),
	(804,'Ukraine','Ukraine','Kiev',146,NULL,'Ukrainian','UA','804','380','UA.png',0,1,'2022-08-02 18:57:41','2022-08-02 18:57:41'),
	(807,'Macedonia, the former Yugoslav Republic of','the former Yugoslav Republic of Macedonia','Skopje',91,NULL,'of the former Yugoslav Republic of Macedonia','MK','807','389','MK.png',0,1,'2022-08-02 18:57:41','2022-08-02 18:57:41'),
	(818,'Egypt','Arab Republic of Egypt','Cairo',43,NULL,'Egyptian','EG','818','20','EG.png',0,1,'2022-08-02 18:57:41','2022-08-02 18:57:41'),
	(826,'United Kingdom','United Kingdom of Great Britain and Northern Ireland','London',49,NULL,'British','GB','826','44','GB.png',1,1,'2022-08-02 18:57:41','2022-08-02 18:57:41'),
	(831,'Guernsey','Bailiwick of Guernsey','St Peter Port',NULL,NULL,'of Guernsey','GG','831','44',NULL,0,1,'2022-08-02 18:57:41','2022-08-02 18:57:41'),
	(832,'Jersey','Bailiwick of Jersey','St Helier',NULL,NULL,'of Jersey','JE','832','44',NULL,0,1,'2022-08-02 18:57:41','2022-08-02 18:57:41'),
	(833,'Isle of Man','Isle of Man','Douglas',NULL,NULL,'Manxman; Manxwoman','IM','833','44',NULL,0,1,'2022-08-02 18:57:41','2022-08-02 18:57:41'),
	(834,'Tanzania, United Republic of','United Republic of Tanzania','Dodoma (TZ1)',145,NULL,'Tanzanian','TZ','834','255','TZ.png',0,1,'2022-08-02 18:57:41','2022-08-02 18:57:41'),
	(840,'United States','United States of America','Washington DC',148,NULL,'American','US','840','1','US.png',0,1,'2022-08-02 18:57:41','2022-08-02 18:57:41'),
	(850,'Virgin Islands, U.S.','United States Virgin Islands','Charlotte Amalie',148,NULL,'US Virgin Islander','VI','850','1','VI.png',0,1,'2022-08-02 18:57:41','2022-08-02 18:57:41'),
	(854,'Burkina Faso','Burkina Faso','Ouagadougou',164,NULL,'Burkinabe','BF','854','226','BF.png',0,1,'2022-08-02 18:57:41','2022-08-02 18:57:41'),
	(858,'Uruguay','Eastern Republic of Uruguay','Montevideo',149,NULL,'Uruguayan','UY','858','598','UY.png',0,1,'2022-08-02 18:57:41','2022-08-02 18:57:41'),
	(860,'Uzbekistan','Republic of Uzbekistan','Tashkent',150,NULL,'Uzbek','UZ','860','998','UZ.png',0,1,'2022-08-02 18:57:41','2022-08-02 18:57:41'),
	(862,'Venezuela, Bolivarian Republic of','Bolivarian Republic of Venezuela','Caracas',151,NULL,'Venezuelan','VE','862','58','VE.png',0,1,'2022-08-02 18:57:41','2022-08-02 18:57:41'),
	(876,'Wallis and Futuna','Wallis and Futuna','Mata-Utu',166,NULL,'Wallisian; Futunan; Wallis and Futuna Islander','WF','876','681','WF.png',0,1,'2022-08-02 18:57:41','2022-08-02 18:57:41'),
	(882,'Samoa','Independent State of Samoa','Apia',154,NULL,'Samoan','WS','882','685','WS.png',0,1,'2022-08-02 18:57:41','2022-08-02 18:57:41'),
	(887,'Yemen','Republic of Yemen','San’a',169,NULL,'Yemenite','YE','887','967','YE.png',0,1,'2022-08-02 18:57:41','2022-08-02 18:57:41'),
	(894,'Zambia','Republic of Zambia','Lusaka',172,NULL,'Zambian','ZM','894','260','ZM.png',0,1,'2022-08-02 18:57:41','2022-08-02 18:57:41');



# Dump of table coupon_customer
# ------------------------------------------------------------


CREATE TABLE `coupon_customer` (
  `coupon_id` bigint(20) unsigned NOT NULL,
  `customer_id` bigint(20) unsigned NOT NULL,
  `created_at` timestamp NULL DEFAULT NULL,
  `updated_at` timestamp NULL DEFAULT NULL,
  KEY `coupon_customer_coupon_id_index` (`coupon_id`),
  KEY `coupon_customer_customer_id_index` (`customer_id`),
  CONSTRAINT `coupon_customer_coupon_id_foreign` FOREIGN KEY (`coupon_id`) REFERENCES `coupons` (`id`) ON DELETE CASCADE,
  CONSTRAINT `coupon_customer_customer_id_foreign` FOREIGN KEY (`customer_id`) REFERENCES `customers` (`id`) ON DELETE CASCADE
) ENGINE=InnoDB DEFAULT CHARSET=utf8mb3 COLLATE=utf8mb3_unicode_ci;



# Dump of table coupon_shipping_zone
# ------------------------------------------------------------


CREATE TABLE `coupon_shipping_zone` (
  `coupon_id` bigint(20) unsigned NOT NULL,
  `shipping_zone_id` int(10) unsigned NOT NULL,
  `created_at` timestamp NULL DEFAULT NULL,
  `updated_at` timestamp NULL DEFAULT NULL,
  KEY `coupon_shipping_zone_coupon_id_index` (`coupon_id`),
  KEY `coupon_shipping_zone_shipping_zone_id_index` (`shipping_zone_id`),
  CONSTRAINT `coupon_shipping_zone_coupon_id_foreign` FOREIGN KEY (`coupon_id`) REFERENCES `coupons` (`id`) ON DELETE CASCADE,
  CONSTRAINT `coupon_shipping_zone_shipping_zone_id_foreign` FOREIGN KEY (`shipping_zone_id`) REFERENCES `shipping_zones` (`id`) ON DELETE CASCADE
) ENGINE=InnoDB DEFAULT CHARSET=utf8mb3 COLLATE=utf8mb3_unicode_ci;



# Dump of table coupons
# ------------------------------------------------------------


CREATE TABLE `coupons` (
  `id` bigint(20) unsigned NOT NULL AUTO_INCREMENT,
  `shop_id` int(10) unsigned DEFAULT NULL,
  `name` text COLLATE utf8mb3_unicode_ci DEFAULT NULL,
  `code` varchar(255) COLLATE utf8mb3_unicode_ci DEFAULT NULL,
  `description` text COLLATE utf8mb3_unicode_ci DEFAULT NULL,
  `value` decimal(20,6) DEFAULT NULL,
  `min_order_amount` decimal(20,6) DEFAULT NULL,
  `type` enum('amount','percent') COLLATE utf8mb3_unicode_ci NOT NULL DEFAULT 'amount',
  `quantity` int(11) DEFAULT NULL,
  `quantity_per_customer` int(11) DEFAULT NULL,
  `starting_time` timestamp NULL DEFAULT NULL,
  `ending_time` timestamp NULL DEFAULT NULL,
  `active` tinyint(1) NOT NULL DEFAULT 1,
  `deleted_at` timestamp NULL DEFAULT NULL,
  `created_at` timestamp NULL DEFAULT NULL,
  `updated_at` timestamp NULL DEFAULT NULL,
  PRIMARY KEY (`id`)
) ENGINE=InnoDB DEFAULT CHARSET=utf8mb3 COLLATE=utf8mb3_unicode_ci;



# Dump of table currencies
# ------------------------------------------------------------


CREATE TABLE `currencies` (
  `id` int(10) unsigned NOT NULL AUTO_INCREMENT,
  `iso_code` varchar(3) COLLATE utf8mb3_unicode_ci NOT NULL,
  `iso_numeric` varchar(3) COLLATE utf8mb3_unicode_ci DEFAULT NULL,
  `name` varchar(255) COLLATE utf8mb3_unicode_ci NOT NULL,
  `symbol` varchar(255) COLLATE utf8mb3_unicode_ci DEFAULT NULL,
  `disambiguate_symbol` varchar(255) COLLATE utf8mb3_unicode_ci DEFAULT NULL,
  `subunit` varchar(255) COLLATE utf8mb3_unicode_ci DEFAULT NULL,
  `subunit_to_unit` int(11) NOT NULL DEFAULT 100,
  `symbol_first` tinyint(1) NOT NULL DEFAULT 1,
  `html_entity` varchar(255) COLLATE utf8mb3_unicode_ci DEFAULT NULL,
  `decimal_mark` varchar(25) COLLATE utf8mb3_unicode_ci DEFAULT NULL,
  `thousands_separator` varchar(25) COLLATE utf8mb3_unicode_ci DEFAULT NULL,
  `smallest_denomination` int(11) NOT NULL DEFAULT 1,
  `priority` int(11) DEFAULT 100,
  `active` tinyint(1) DEFAULT 0,
  `created_at` timestamp NULL DEFAULT NULL,
  `updated_at` timestamp NULL DEFAULT NULL,
  PRIMARY KEY (`id`)
) ENGINE=InnoDB AUTO_INCREMENT=178 DEFAULT CHARSET=utf8mb3 COLLATE=utf8mb3_unicode_ci;


INSERT INTO `currencies` (`id`, `iso_code`, `iso_numeric`, `name`, `symbol`, `disambiguate_symbol`, `subunit`, `subunit_to_unit`, `symbol_first`, `html_entity`, `decimal_mark`, `thousands_separator`, `smallest_denomination`, `priority`, `active`, `created_at`, `updated_at`)
VALUES
	(1,'AED','784','United Arab Emirates Dirham','د.إ',NULL,'Fils',100,0,'','.',',',25,100,0,'2022-08-02 18:57:41','2022-08-02 18:57:41'),
	(2,'AFN','971','Afghani','؋',NULL,'Pul',100,0,'','.',',',100,100,0,'2022-08-02 18:57:41','2022-08-02 18:57:41'),
	(3,'ALL','008','Albanian Lek','L','Lek','Qintar',100,0,'','.',',',100,100,0,'2022-08-02 18:57:41','2022-08-02 18:57:41'),
	(4,'AMD','051','Armenian Dram','դր.',NULL,'Luma',100,0,'','.',',',10,100,0,'2022-08-02 18:57:41','2022-08-02 18:57:41'),
	(5,'ANG','532','Netherlands Antillean Gulden','ƒ',NULL,'Cent',100,1,'&#x0192;',',','.',1,100,0,'2022-08-02 18:57:41','2022-08-02 18:57:41'),
	(6,'AOA','973','Angolan Kwanza','Kz',NULL,'Cêntimo',100,0,'','.',',',10,100,0,'2022-08-02 18:57:41','2022-08-02 18:57:41'),
	(7,'ARS','032','Argentine Peso','$','$m/n','Centavo',100,1,'&#x20B1;',',','.',1,100,0,'2022-08-02 18:57:41','2022-08-02 18:57:41'),
	(8,'AUD','036','Australian Dollar','$','A$','Cent',100,1,'$','.',',',5,4,0,'2022-08-02 18:57:41','2022-08-02 18:57:41'),
	(9,'AWG','533','Aruban Florin','ƒ',NULL,'Cent',100,0,'&#x0192;','.',',',5,100,0,'2022-08-02 18:57:41','2022-08-02 18:57:41'),
	(10,'AZN','944','Azerbaijani Manat','₼',NULL,'Qəpik',100,1,'','.',',',1,100,0,'2022-08-02 18:57:41','2022-08-02 18:57:41'),
	(11,'BAM','977','Bosnia and Herzegovina Convertible Mark','КМ',NULL,'Fening',100,1,'','.',',',5,100,0,'2022-08-02 18:57:41','2022-08-02 18:57:41'),
	(12,'BBD','052','Barbadian Dollar','$','Bds$','Cent',100,0,'$','.',',',1,100,0,'2022-08-02 18:57:41','2022-08-02 18:57:41'),
	(13,'BDT','050','Bangladeshi Taka','৳',NULL,'Paisa',100,1,'','.',',',1,10,0,'2022-08-02 18:57:41','2022-08-02 18:57:41'),
	(14,'BGN','975','Bulgarian Lev','лв.',NULL,'Stotinka',100,0,'','.',',',1,100,0,'2022-08-02 18:57:41','2022-08-02 18:57:41'),
	(15,'BHD','048','Bahraini Dinar','ب.د',NULL,'Fils',1000,1,'','.',',',5,100,0,'2022-08-02 18:57:41','2022-08-02 18:57:41'),
	(16,'BIF','108','Burundian Franc','Fr','FBu','Centime',1,0,'','.',',',100,100,0,'2022-08-02 18:57:41','2022-08-02 18:57:41'),
	(17,'BMD','060','Bermudian Dollar','$','BD$','Cent',100,1,'$','.',',',1,100,0,'2022-08-02 18:57:41','2022-08-02 18:57:41'),
	(18,'BND','096','Brunei Dollar','$','BND','Sen',100,1,'$','.',',',1,100,0,'2022-08-02 18:57:41','2022-08-02 18:57:41'),
	(19,'BOB','068','Bolivian Boliviano','Bs.',NULL,'Centavo',100,1,'','.',',',10,100,0,'2022-08-02 18:57:41','2022-08-02 18:57:41'),
	(20,'BRL','986','Brazilian Real','R$',NULL,'Centavo',100,1,'R$',',','.',5,100,0,'2022-08-02 18:57:41','2022-08-02 18:57:41'),
	(21,'BSD','044','Bahamian Dollar','$','BSD','Cent',100,1,'$','.',',',1,100,0,'2022-08-02 18:57:41','2022-08-02 18:57:41'),
	(22,'BTN','064','Bhutanese Ngultrum','Nu.',NULL,'Chertrum',100,0,'','.',',',5,100,0,'2022-08-02 18:57:41','2022-08-02 18:57:41'),
	(23,'BWP','072','Botswana Pula','P',NULL,'Thebe',100,1,'','.',',',5,100,0,'2022-08-02 18:57:41','2022-08-02 18:57:41'),
	(24,'BYN','933','Belarusian Ruble','Br','BYN','Kapeyka',100,0,'',',',' ',1,100,0,'2022-08-02 18:57:41','2022-08-02 18:57:41'),
	(25,'BYR','974','Belarusian Ruble','Br','BYR',NULL,1,0,'',',',' ',100,50,0,'2022-08-02 18:57:41','2022-08-02 18:57:41'),
	(26,'BZD','084','Belize Dollar','$','BZ$','Cent',100,1,'$','.',',',1,100,0,'2022-08-02 18:57:41','2022-08-02 18:57:41'),
	(27,'CAD','124','Canadian Dollar','$','C$','Cent',100,1,'$','.',',',5,5,0,'2022-08-02 18:57:41','2022-08-02 18:57:41'),
	(28,'CDF','976','Congolese Franc','Fr','FC','Centime',100,0,'','.',',',1,100,0,'2022-08-02 18:57:41','2022-08-02 18:57:41'),
	(29,'CHF','756','Swiss Franc','CHF',NULL,'Rappen',100,1,'','.',',',5,100,0,'2022-08-02 18:57:41','2022-08-02 18:57:41'),
	(30,'CLF','990','Unidad de Fomento','UF',NULL,'Peso',10000,1,'&#x20B1;',',','.',1,100,0,'2022-08-02 18:57:41','2022-08-02 18:57:41'),
	(31,'CLP','152','Chilean Peso','$','CLP','Peso',1,1,'&#36;',',','.',1,100,0,'2022-08-02 18:57:41','2022-08-02 18:57:41'),
	(32,'CNY','156','Chinese Renminbi Yuan','¥',NULL,'Fen',100,1,'￥','.',',',1,100,0,'2022-08-02 18:57:41','2022-08-02 18:57:41'),
	(33,'COP','170','Colombian Peso','$','COL$','Centavo',100,1,'&#36;',',','.',20,100,0,'2022-08-02 18:57:41','2022-08-02 18:57:41'),
	(34,'CRC','188','Costa Rican Colón','₡',NULL,'Céntimo',100,1,'&#x20A1;',',','.',500,100,0,'2022-08-02 18:57:41','2022-08-02 18:57:41'),
	(35,'CUC','931','Cuban Convertible Peso','$','CUC$','Centavo',100,0,'','.',',',1,100,0,'2022-08-02 18:57:41','2022-08-02 18:57:41'),
	(36,'CUP','192','Cuban Peso','$','$MN','Centavo',100,1,'&#x20B1;','.',',',1,100,0,'2022-08-02 18:57:41','2022-08-02 18:57:41'),
	(37,'CVE','132','Cape Verdean Escudo','$','Esc','Centavo',100,0,'','.',',',100,100,0,'2022-08-02 18:57:41','2022-08-02 18:57:41'),
	(38,'CZK','203','Czech Koruna','Kč',NULL,'Haléř',100,0,'',',',' ',100,100,0,'2022-08-02 18:57:41','2022-08-02 18:57:41'),
	(39,'DJF','262','Djiboutian Franc','Fdj',NULL,'Centime',1,0,'','.',',',100,100,0,'2022-08-02 18:57:41','2022-08-02 18:57:41'),
	(40,'DKK','208','Danish Krone','kr.','DKK','Øre',100,0,'',',','.',50,100,0,'2022-08-02 18:57:41','2022-08-02 18:57:41'),
	(41,'DOP','214','Dominican Peso','$','RD$','Centavo',100,1,'&#x20B1;','.',',',100,100,0,'2022-08-02 18:57:41','2022-08-02 18:57:41'),
	(42,'DZD','012','Algerian Dinar','د.ج',NULL,'Centime',100,0,'','.',',',100,100,0,'2022-08-02 18:57:41','2022-08-02 18:57:41'),
	(43,'EGP','818','Egyptian Pound','ج.م',NULL,'Piastre',100,1,'&#x00A3;','.',',',25,100,0,'2022-08-02 18:57:41','2022-08-02 18:57:41'),
	(44,'ERN','232','Eritrean Nakfa','Nfk',NULL,'Cent',100,0,'','.',',',1,100,0,'2022-08-02 18:57:41','2022-08-02 18:57:41'),
	(45,'ETB','230','Ethiopian Birr','Br','ETB','Santim',100,0,'','.',',',1,100,0,'2022-08-02 18:57:41','2022-08-02 18:57:41'),
	(46,'EUR','978','Euro','€',NULL,'Cent',100,1,'&#x20AC;',',','.',1,2,1,'2022-08-02 18:57:41','2022-08-02 18:57:41'),
	(47,'FJD','242','Fijian Dollar','$','FJ$','Cent',100,0,'$','.',',',5,100,0,'2022-08-02 18:57:41','2022-08-02 18:57:41'),
	(48,'FKP','238','Falkland Pound','£','FK£','Penny',100,0,'&#x00A3;','.',',',1,100,0,'2022-08-02 18:57:41','2022-08-02 18:57:41'),
	(49,'GBP','826','British Pound','£',NULL,'Penny',100,1,'&#x00A3;','.',',',1,3,0,'2022-08-02 18:57:41','2022-08-02 18:57:41'),
	(50,'GEL','981','Georgian Lari','ლ',NULL,'Tetri',100,0,'','.',',',1,100,0,'2022-08-02 18:57:41','2022-08-02 18:57:41'),
	(51,'GHS','936','Ghanaian Cedi','₵',NULL,'Pesewa',100,1,'&#x20B5;','.',',',1,100,0,'2022-08-02 18:57:41','2022-08-02 18:57:41'),
	(52,'GIP','292','Gibraltar Pound','£','GIP','Penny',100,1,'&#x00A3;','.',',',1,100,0,'2022-08-02 18:57:41','2022-08-02 18:57:41'),
	(53,'GMD','270','Gambian Dalasi','D',NULL,'Butut',100,0,'','.',',',1,100,0,'2022-08-02 18:57:41','2022-08-02 18:57:41'),
	(54,'GNF','324','Guinean Franc','Fr','FG','Centime',1,0,'','.',',',100,100,0,'2022-08-02 18:57:41','2022-08-02 18:57:41'),
	(55,'GTQ','320','Guatemalan Quetzal','Q',NULL,'Centavo',100,1,'','.',',',1,100,0,'2022-08-02 18:57:41','2022-08-02 18:57:41'),
	(56,'GYD','328','Guyanese Dollar','$','G$','Cent',100,0,'$','.',',',100,100,0,'2022-08-02 18:57:41','2022-08-02 18:57:41'),
	(57,'HKD','344','Hong Kong Dollar','$','HK$','Cent',100,1,'$','.',',',10,100,0,'2022-08-02 18:57:41','2022-08-02 18:57:41'),
	(58,'HNL','340','Honduran Lempira','L','HNL','Centavo',100,1,'','.',',',5,100,0,'2022-08-02 18:57:41','2022-08-02 18:57:41'),
	(59,'HRK','191','Croatian Kuna','kn',NULL,'Lipa',100,0,'',',','.',1,100,0,'2022-08-02 18:57:41','2022-08-02 18:57:41'),
	(60,'HTG','332','Haitian Gourde','G',NULL,'Centime',100,0,'','.',',',5,100,0,'2022-08-02 18:57:41','2022-08-02 18:57:41'),
	(61,'HUF','348','Hungarian Forint','Ft',NULL,'Fillér',1,0,'',',','.',5,100,0,'2022-08-02 18:57:41','2022-08-02 18:57:41'),
	(62,'IDR','360','Indonesian Rupiah','Rp',NULL,'Sen',100,1,'',',','.',5000,100,0,'2022-08-02 18:57:41','2022-08-02 18:57:41'),
	(63,'ILS','376','Israeli New Sheqel','₪',NULL,'Agora',100,1,'&#x20AA;','.',',',10,100,0,'2022-08-02 18:57:41','2022-08-02 18:57:41'),
	(64,'INR','356','Indian Rupee','₹',NULL,'Paisa',100,1,'&#x20b9;','.',',',50,59,1,'2022-08-02 18:57:41','2022-08-02 18:57:41'),
	(65,'IQD','368','Iraqi Dinar','ع.د',NULL,'Fils',1000,0,'','.',',',50000,100,0,'2022-08-02 18:57:41','2022-08-02 18:57:41'),
	(66,'IRR','364','Iranian Rial','﷼',NULL,NULL,100,1,'&#xFDFC;','.',',',5000,100,0,'2022-08-02 18:57:41','2022-08-02 18:57:41'),
	(67,'ISK','352','Icelandic Króna','kr',NULL,NULL,1,1,'',',','.',1,100,0,'2022-08-02 18:57:41','2022-08-02 18:57:41'),
	(68,'JMD','388','Jamaican Dollar','$','J$','Cent',100,1,'$','.',',',1,100,0,'2022-08-02 18:57:41','2022-08-02 18:57:41'),
	(69,'JOD','400','Jordanian Dinar','د.ا',NULL,'Fils',1000,1,'','.',',',5,100,0,'2022-08-02 18:57:41','2022-08-02 18:57:41'),
	(70,'JPY','392','Japanese Yen','¥',NULL,NULL,1,1,'&#x00A5;','.',',',1,6,1,'2022-08-02 18:57:41','2022-08-02 18:57:41'),
	(71,'KES','404','Kenyan Shilling','KSh',NULL,'Cent',100,1,'','.',',',50,100,0,'2022-08-02 18:57:41','2022-08-02 18:57:41'),
	(72,'KGS','417','Kyrgyzstani Som','som',NULL,'Tyiyn',100,0,'','.',',',1,100,0,'2022-08-02 18:57:41','2022-08-02 18:57:41'),
	(73,'KHR','116','Cambodian Riel','៛',NULL,'Sen',100,0,'&#x17DB;','.',',',5000,100,0,'2022-08-02 18:57:41','2022-08-02 18:57:41'),
	(74,'KMF','174','Comorian Franc','Fr','CF','Centime',1,0,'','.',',',100,100,0,'2022-08-02 18:57:41','2022-08-02 18:57:41'),
	(75,'KPW','408','North Korean Won','₩',NULL,'Chŏn',100,0,'&#x20A9;','.',',',1,100,0,'2022-08-02 18:57:41','2022-08-02 18:57:41'),
	(76,'KRW','410','South Korean Won','₩',NULL,NULL,1,1,'&#x20A9;','.',',',1,100,0,'2022-08-02 18:57:41','2022-08-02 18:57:41'),
	(77,'KWD','414','Kuwaiti Dinar','د.ك',NULL,'Fils',1000,1,'','.',',',5,100,0,'2022-08-02 18:57:41','2022-08-02 18:57:41'),
	(78,'KYD','136','Cayman Islands Dollar','$','CI$','Cent',100,1,'$','.',',',1,100,0,'2022-08-02 18:57:41','2022-08-02 18:57:41'),
	(79,'KZT','398','Kazakhstani Tenge','〒',NULL,'Tiyn',100,0,'','.',',',100,100,0,'2022-08-02 18:57:41','2022-08-02 18:57:41'),
	(80,'LAK','418','Lao Kip','₭',NULL,'Att',100,0,'&#x20AD;','.',',',10,100,0,'2022-08-02 18:57:41','2022-08-02 18:57:41'),
	(81,'LBP','422','Lebanese Pound','ل.ل',NULL,'Piastre',100,1,'&#x00A3;','.',',',25000,100,0,'2022-08-02 18:57:41','2022-08-02 18:57:41'),
	(82,'LKR','144','Sri Lankan Rupee','₨','SLRs','Cent',100,0,'&#x0BF9;','.',',',100,100,0,'2022-08-02 18:57:41','2022-08-02 18:57:41'),
	(83,'LRD','430','Liberian Dollar','$','L$','Cent',100,0,'$','.',',',5,100,0,'2022-08-02 18:57:41','2022-08-02 18:57:41'),
	(84,'LSL','426','Lesotho Loti','L','M','Sente',100,0,'','.',',',1,100,0,'2022-08-02 18:57:41','2022-08-02 18:57:41'),
	(85,'LTL','440','Lithuanian Litas','Lt',NULL,'Centas',100,0,'','.',',',1,100,0,'2022-08-02 18:57:41','2022-08-02 18:57:41'),
	(86,'LVL','428','Latvian Lats','Ls',NULL,'Santīms',100,1,'','.',',',1,100,0,'2022-08-02 18:57:41','2022-08-02 18:57:41'),
	(87,'LYD','434','Libyan Dinar','ل.د',NULL,'Dirham',1000,0,'','.',',',50,100,0,'2022-08-02 18:57:41','2022-08-02 18:57:41'),
	(88,'MAD','504','Moroccan Dirham','د.م.',NULL,'Centime',100,0,'','.',',',1,100,0,'2022-08-02 18:57:41','2022-08-02 18:57:41'),
	(89,'MDL','498','Moldovan Leu','L',NULL,'Ban',100,0,'','.',',',1,100,0,'2022-08-02 18:57:41','2022-08-02 18:57:41'),
	(90,'MGA','969','Malagasy Ariary','Ar',NULL,'Iraimbilanja',5,1,'','.',',',1,100,0,'2022-08-02 18:57:41','2022-08-02 18:57:41'),
	(91,'MKD','807','Macedonian Denar','ден',NULL,'Deni',100,0,'','.',',',100,100,0,'2022-08-02 18:57:41','2022-08-02 18:57:41'),
	(92,'MMK','104','Myanmar Kyat','K','MMK','Pya',100,0,'','.',',',50,100,0,'2022-08-02 18:57:41','2022-08-02 18:57:41'),
	(93,'MNT','496','Mongolian Tögrög','₮',NULL,'Möngö',100,0,'&#x20AE;','.',',',2000,100,0,'2022-08-02 18:57:41','2022-08-02 18:57:41'),
	(94,'MOP','446','Macanese Pataca','P',NULL,'Avo',100,0,'','.',',',10,100,0,'2022-08-02 18:57:41','2022-08-02 18:57:41'),
	(95,'MRO','478','Mauritanian Ouguiya','UM',NULL,'Khoums',5,0,'','.',',',1,100,0,'2022-08-02 18:57:41','2022-08-02 18:57:41'),
	(96,'MUR','480','Mauritian Rupee','₨',NULL,'Cent',100,1,'&#x20A8;','.',',',100,100,0,'2022-08-02 18:57:41','2022-08-02 18:57:41'),
	(97,'MVR','462','Maldivian Rufiyaa','MVR',NULL,'Laari',100,0,'','.',',',1,100,0,'2022-08-02 18:57:41','2022-08-02 18:57:41'),
	(98,'MWK','454','Malawian Kwacha','MK',NULL,'Tambala',100,0,'','.',',',1,100,0,'2022-08-02 18:57:41','2022-08-02 18:57:41'),
	(99,'MXN','484','Mexican Peso','$','MEX$','Centavo',100,1,'$','.',',',5,100,0,'2022-08-02 18:57:41','2022-08-02 18:57:41'),
	(100,'MYR','458','Malaysian Ringgit','RM',NULL,'Sen',100,1,'','.',',',5,100,0,'2022-08-02 18:57:41','2022-08-02 18:57:41'),
	(101,'MZN','943','Mozambican Metical','MTn',NULL,'Centavo',100,1,'',',','.',1,100,0,'2022-08-02 18:57:41','2022-08-02 18:57:41'),
	(102,'NAD','516','Namibian Dollar','$','N$','Cent',100,0,'$','.',',',5,100,0,'2022-08-02 18:57:41','2022-08-02 18:57:41'),
	(103,'NGN','566','Nigerian Naira','₦',NULL,'Kobo',100,1,'&#x20A6;','.',',',50,100,0,'2022-08-02 18:57:41','2022-08-02 18:57:41'),
	(104,'NIO','558','Nicaraguan Córdoba','C$',NULL,'Centavo',100,0,'','.',',',5,100,0,'2022-08-02 18:57:41','2022-08-02 18:57:41'),
	(105,'NOK','578','Norwegian Krone','kr','NOK','Øre',100,0,'kr',',','.',100,100,0,'2022-08-02 18:57:41','2022-08-02 18:57:41'),
	(106,'NPR','524','Nepalese Rupee','₨','NPR','Paisa',100,1,'&#x20A8;','.',',',1,100,0,'2022-08-02 18:57:41','2022-08-02 18:57:41'),
	(107,'NZD','554','New Zealand Dollar','$','NZ$','Cent',100,1,'$','.',',',10,100,0,'2022-08-02 18:57:41','2022-08-02 18:57:41'),
	(108,'OMR','512','Omani Rial','ر.ع.',NULL,'Baisa',1000,1,'&#xFDFC;','.',',',5,100,0,'2022-08-02 18:57:41','2022-08-02 18:57:41'),
	(109,'PAB','590','Panamanian Balboa','B/.',NULL,'Centésimo',100,0,'','.',',',1,100,0,'2022-08-02 18:57:41','2022-08-02 18:57:41'),
	(110,'PEN','604','Peruvian Nuevo Sol','S/.',NULL,'Céntimo',100,1,'S/.','.',',',1,100,0,'2022-08-02 18:57:41','2022-08-02 18:57:41'),
	(111,'PGK','598','Papua New Guinean Kina','K','PGK','Toea',100,0,'','.',',',5,100,0,'2022-08-02 18:57:41','2022-08-02 18:57:41'),
	(112,'PHP','608','Philippine Peso','₱',NULL,'Centavo',100,1,'&#x20B1;','.',',',1,100,0,'2022-08-02 18:57:41','2022-08-02 18:57:41'),
	(113,'PKR','586','Pakistani Rupee','₨','PKR','Paisa',100,1,'&#x20A8;','.',',',100,100,0,'2022-08-02 18:57:41','2022-08-02 18:57:41'),
	(114,'PLN','985','Polish Złoty','zł',NULL,'Grosz',100,0,'z&#322;',',',' ',1,100,0,'2022-08-02 18:57:41','2022-08-02 18:57:41'),
	(115,'PYG','600','Paraguayan Guaraní','₲',NULL,'Céntimo',1,1,'&#x20B2;','.',',',5000,100,0,'2022-08-02 18:57:41','2022-08-02 18:57:41'),
	(116,'QAR','634','Qatari Riyal','ر.ق',NULL,'Dirham',100,0,'&#xFDFC;','.',',',1,100,0,'2022-08-02 18:57:41','2022-08-02 18:57:41'),
	(117,'RON','946','Romanian Leu','Lei',NULL,'Bani',100,0,'',',','.',1,100,0,'2022-08-02 18:57:41','2022-08-02 18:57:41'),
	(118,'RSD','941','Serbian Dinar','РСД',NULL,'Para',100,1,'','.',',',100,100,0,'2022-08-02 18:57:41','2022-08-02 18:57:41'),
	(119,'RUB','643','Russian Ruble','₽',NULL,'Kopeck',100,0,'&#x20BD;',',','.',1,100,0,'2022-08-02 18:57:41','2022-08-02 18:57:41'),
	(120,'RWF','646','Rwandan Franc','FRw',NULL,'Centime',1,0,'','.',',',100,100,0,'2022-08-02 18:57:41','2022-08-02 18:57:41'),
	(121,'SAR','682','Saudi Riyal','ر.س',NULL,'Hallallah',100,1,'&#xFDFC;','.',',',5,100,0,'2022-08-02 18:57:41','2022-08-02 18:57:41'),
	(122,'SBD','090','Solomon Islands Dollar','$','SI$','Cent',100,0,'$','.',',',10,100,0,'2022-08-02 18:57:41','2022-08-02 18:57:41'),
	(123,'SCR','690','Seychellois Rupee','₨','SRe','Cent',100,0,'&#x20A8;','.',',',1,100,0,'2022-08-02 18:57:41','2022-08-02 18:57:41'),
	(124,'SDG','938','Sudanese Pound','£','SDG','Piastre',100,1,'','.',',',1,100,0,'2022-08-02 18:57:41','2022-08-02 18:57:41'),
	(125,'SEK','752','Swedish Krona','kr','SEK','Öre',100,0,'',',',' ',100,100,0,'2022-08-02 18:57:41','2022-08-02 18:57:41'),
	(126,'SGD','702','Singapore Dollar','$','S$','Cent',100,1,'$','.',',',1,100,0,'2022-08-02 18:57:41','2022-08-02 18:57:41'),
	(127,'SHP','654','Saint Helenian Pound','£','SHP','Penny',100,0,'&#x00A3;','.',',',1,100,0,'2022-08-02 18:57:41','2022-08-02 18:57:41'),
	(128,'SKK','703','Slovak Koruna','Sk',NULL,'Halier',100,1,'','.',',',50,100,0,'2022-08-02 18:57:41','2022-08-02 18:57:41'),
	(129,'SLL','694','Sierra Leonean Leone','Le',NULL,'Cent',100,0,'','.',',',1000,100,0,'2022-08-02 18:57:41','2022-08-02 18:57:41'),
	(130,'SOS','706','Somali Shilling','Sh',NULL,'Cent',100,0,'','.',',',1,100,0,'2022-08-02 18:57:41','2022-08-02 18:57:41'),
	(131,'SRD','968','Surinamese Dollar','$','SRD','Cent',100,0,'','.',',',1,100,0,'2022-08-02 18:57:41','2022-08-02 18:57:41'),
	(132,'SSP','728','South Sudanese Pound','£','SSP','piaster',100,0,'&#x00A3;','.',',',5,100,0,'2022-08-02 18:57:41','2022-08-02 18:57:41'),
	(133,'STD','678','São Tomé and Príncipe Dobra','Db',NULL,'Cêntimo',100,0,'','.',',',10000,100,0,'2022-08-02 18:57:41','2022-08-02 18:57:41'),
	(134,'SVC','222','Salvadoran Colón','₡',NULL,'Centavo',100,1,'&#x20A1;','.',',',1,100,0,'2022-08-02 18:57:41','2022-08-02 18:57:41'),
	(135,'SYP','760','Syrian Pound','£S',NULL,'Piastre',100,0,'&#x00A3;','.',',',100,100,0,'2022-08-02 18:57:41','2022-08-02 18:57:41'),
	(136,'SZL','748','Swazi Lilangeni','E','SZL','Cent',100,1,'','.',',',1,100,0,'2022-08-02 18:57:41','2022-08-02 18:57:41'),
	(137,'THB','764','Thai Baht','฿',NULL,'Satang',100,1,'&#x0E3F;','.',',',1,100,0,'2022-08-02 18:57:41','2022-08-02 18:57:41'),
	(138,'TJS','972','Tajikistani Somoni','ЅМ',NULL,'Diram',100,0,'','.',',',1,100,0,'2022-08-02 18:57:41','2022-08-02 18:57:41'),
	(139,'TMT','934','Turkmenistani Manat','T',NULL,'Tenge',100,0,'','.',',',1,100,0,'2022-08-02 18:57:41','2022-08-02 18:57:41'),
	(140,'TND','788','Tunisian Dinar','د.ت',NULL,'Millime',1000,0,'','.',',',10,100,0,'2022-08-02 18:57:41','2022-08-02 18:57:41'),
	(141,'TOP','776','Tongan Paʻanga','T$',NULL,'Seniti',100,1,'','.',',',1,100,0,'2022-08-02 18:57:41','2022-08-02 18:57:41'),
	(142,'TRY','949','Turkish Lira','₺',NULL,'kuruş',100,1,'&#8378;',',','.',1,100,0,'2022-08-02 18:57:41','2022-08-02 18:57:41'),
	(143,'TTD','780','Trinidad and Tobago Dollar','$','TT$','Cent',100,0,'$','.',',',1,100,0,'2022-08-02 18:57:41','2022-08-02 18:57:41'),
	(144,'TWD','901','New Taiwan Dollar','$','NT$','Cent',100,1,'$','.',',',50,100,0,'2022-08-02 18:57:41','2022-08-02 18:57:41'),
	(145,'TZS','834','Tanzanian Shilling','Sh',NULL,'Cent',100,1,'','.',',',5000,100,0,'2022-08-02 18:57:41','2022-08-02 18:57:41'),
	(146,'UAH','980','Ukrainian Hryvnia','₴',NULL,'Kopiyka',100,0,'&#x20B4;','.',',',1,100,0,'2022-08-02 18:57:41','2022-08-02 18:57:41'),
	(147,'UGX','800','Ugandan Shilling','USh',NULL,'Cent',1,0,'','.',',',1000,100,0,'2022-08-02 18:57:41','2022-08-02 18:57:41'),
	(148,'USD','840','United States Dollar','$','US$','Cent',100,1,'$','.',',',1,1,1,'2022-08-02 18:57:41','2022-08-02 18:57:41'),
	(149,'UYU','858','Uruguayan Peso','$',NULL,'Centésimo',100,1,'&#x20B1;',',','.',100,100,0,'2022-08-02 18:57:41','2022-08-02 18:57:41'),
	(150,'UZS','860','Uzbekistan Som','',NULL,'Tiyin',100,0,'','.',',',100,100,0,'2022-08-02 18:57:41','2022-08-02 18:57:41'),
	(151,'VEF','937','Venezuelan Bolívar','Bs',NULL,'Céntimo',100,1,'',',','.',1,100,0,'2022-08-02 18:57:41','2022-08-02 18:57:41'),
	(152,'VND','704','Vietnamese Đồng','₫',NULL,'Hào',1,1,'&#x20AB;',',','.',100,100,0,'2022-08-02 18:57:41','2022-08-02 18:57:41'),
	(153,'VUV','548','Vanuatu Vatu','Vt',NULL,NULL,1,1,'','.',',',1,100,0,'2022-08-02 18:57:41','2022-08-02 18:57:41'),
	(154,'WST','882','Samoan Tala','T','WS$','Sene',100,0,'','.',',',10,100,0,'2022-08-02 18:57:41','2022-08-02 18:57:41'),
	(155,'XAF','950','Central African Cfa Franc','Fr','FCFA','Centime',1,0,'','.',',',100,100,0,'2022-08-02 18:57:41','2022-08-02 18:57:41'),
	(156,'XAG','961','Silver (Troy Ounce)','oz t','XAG','oz',1,0,'','.',',',1,100,0,'2022-08-02 18:57:41','2022-08-02 18:57:41'),
	(157,'XAU','959','Gold (Troy Ounce)','oz t','XAU','oz',1,0,'','.',',',1,100,0,'2022-08-02 18:57:41','2022-08-02 18:57:41'),
	(158,'XBA','955','European Composite Unit','','XBA','',1,0,'','.',',',1,100,0,'2022-08-02 18:57:41','2022-08-02 18:57:41'),
	(159,'XBB','956','European Monetary Unit','','XBB','',1,0,'','.',',',1,100,0,'2022-08-02 18:57:41','2022-08-02 18:57:41'),
	(160,'XBC','957','European Unit of Account 9','','XBC','',1,0,'','.',',',1,100,0,'2022-08-02 18:57:41','2022-08-02 18:57:41'),
	(161,'XBD','958','European Unit of Account 17','','XBD','',1,0,'','.',',',1,100,0,'2022-08-02 18:57:41','2022-08-02 18:57:41'),
	(162,'XCD','951','East Caribbean Dollar','$','EX$','Cent',100,1,'$','.',',',1,100,0,'2022-08-02 18:57:41','2022-08-02 18:57:41'),
	(163,'XDR','960','Special Drawing Rights','SDR',NULL,'',1,0,'$','.',',',1,100,0,'2022-08-02 18:57:41','2022-08-02 18:57:41'),
	(164,'XOF','952','West African Cfa Franc','Fr','CFA','Centime',1,0,'','.',',',100,100,0,'2022-08-02 18:57:41','2022-08-02 18:57:41'),
	(165,'XPD','964','Palladium','oz t','XPD','oz',1,0,'','.',',',1,100,0,'2022-08-02 18:57:41','2022-08-02 18:57:41'),
	(166,'XPF','953','Cfp Franc','Fr',NULL,'Centime',1,0,'','.',',',100,100,0,'2022-08-02 18:57:41','2022-08-02 18:57:41'),
	(167,'XPT','962','Platinum','oz t',NULL,'',1,0,'','.',',',1,100,0,'2022-08-02 18:57:41','2022-08-02 18:57:41'),
	(168,'xts','963','Codes specifically reserved for testing purposes','',NULL,'',1,0,'','.',',',1,100,0,'2022-08-02 18:57:41','2022-08-02 18:57:41'),
	(169,'YER','886','Yemeni Rial','﷼',NULL,'Fils',100,0,'&#xFDFC;','.',',',100,100,0,'2022-08-02 18:57:41','2022-08-02 18:57:41'),
	(170,'ZAR','710','South African Rand','R',NULL,'Cent',100,1,'&#x0052;','.',',',10,100,0,'2022-08-02 18:57:41','2022-08-02 18:57:41'),
	(171,'ZMK','894','Zambian Kwacha','ZK','ZMK','Ngwee',100,0,'','.',',',5,100,0,'2022-08-02 18:57:41','2022-08-02 18:57:41'),
	(172,'ZMW','967','Zambian Kwacha','ZK','ZMW','Ngwee',100,0,'','.',',',5,100,0,'2022-08-02 18:57:41','2022-08-02 18:57:41'),
	(173,'BTC','','Bitcoin','B⃦',NULL,'Satoshi',100000000,1,'','.',',',1,100,0,'2022-08-02 18:57:41','2022-08-02 18:57:41'),
	(174,'JEP','','Jersey Pound','£','JEP','Penny',100,1,'&#x00A3;','.',',',1,100,0,'2022-08-02 18:57:41','2022-08-02 18:57:41'),
	(175,'GGP','','Guernsey Pound','£','GGP','Penny',100,1,'&#x00A3;','.',',',1,100,0,'2022-08-02 18:57:41','2022-08-02 18:57:41'),
	(176,'IMP','','Isle of Man Pound','£','IMP','Penny',100,1,'&#x00A3;','.',',',1,100,0,'2022-08-02 18:57:41','2022-08-02 18:57:41'),
	(177,'XFU','','UIC Franc','','XFU','',100,1,'','.',',',1,100,0,'2022-08-02 18:57:41','2022-08-02 18:57:41');



# Dump of table customer_event
# ------------------------------------------------------------


CREATE TABLE `customer_event` (
  `id` bigint(20) unsigned NOT NULL AUTO_INCREMENT,
  `event_id` bigint(20) unsigned NOT NULL,
  `customer_id` bigint(20) unsigned NOT NULL,
  `created_at` timestamp NULL DEFAULT NULL,
  `updated_at` timestamp NULL DEFAULT NULL,
  PRIMARY KEY (`id`)
) ENGINE=InnoDB DEFAULT CHARSET=utf8mb3 COLLATE=utf8mb3_unicode_ci;



# Dump of table dashboard_configs
# ------------------------------------------------------------


CREATE TABLE `dashboard_configs` (
  `user_id` bigint(20) NOT NULL,
  `upgrade_plan_notice` tinyint(1) DEFAULT 1,
  `created_at` timestamp NULL DEFAULT NULL,
  `updated_at` timestamp NULL DEFAULT NULL,
  PRIMARY KEY (`user_id`)
) ENGINE=InnoDB DEFAULT CHARSET=utf8mb3 COLLATE=utf8mb3_unicode_ci;


INSERT INTO `dashboard_configs` (`user_id`, `upgrade_plan_notice`, `created_at`, `updated_at`)
VALUES
	(1,1,'2022-08-02 18:57:42','2022-08-02 18:57:42'),
	(2,1,'2022-08-02 18:57:43','2022-08-02 18:57:43'),
	(3,1,'2022-08-02 18:57:43','2022-08-02 18:57:43'),
	(4,1,'2022-08-02 18:57:43','2022-08-02 18:57:43'),
	(5,1,'2022-08-02 18:57:43','2022-08-02 18:57:43'),
	(6,1,'2022-08-02 18:57:43','2022-08-02 18:57:43'),
	(7,1,'2022-08-02 18:57:43','2022-08-02 18:57:43');



# Dump of table dispute_types
# ------------------------------------------------------------


CREATE TABLE `dispute_types` (
  `id` int(10) unsigned NOT NULL AUTO_INCREMENT,
  `detail` varchar(255) COLLATE utf8mb3_unicode_ci NOT NULL,
  PRIMARY KEY (`id`),
  UNIQUE KEY `dispute_types_detail_unique` (`detail`)
) ENGINE=InnoDB AUTO_INCREMENT=11 DEFAULT CHARSET=utf8mb3 COLLATE=utf8mb3_unicode_ci;


INSERT INTO `dispute_types` (`id`, `detail`)
VALUES
	(2,'Counterfeit goods'),
	(9,'Customs problem'),
	(4,'Damaged goods'),
	(1,'Did not receive goods'),
	(7,'Problems with the accessories'),
	(6,'Product not as described'),
	(5,'Quality not good'),
	(3,'Quantity shortage'),
	(10,'Shipping address not correct'),
	(8,'Shipping method');



# Dump of table disputes
# ------------------------------------------------------------


CREATE TABLE `disputes` (
  `id` bigint(20) unsigned NOT NULL AUTO_INCREMENT,
  `shop_id` int(10) unsigned DEFAULT NULL,
  `dispute_type_id` int(10) unsigned DEFAULT NULL,
  `customer_id` bigint(20) unsigned NOT NULL,
  `order_id` bigint(20) unsigned NOT NULL,
  `product_id` bigint(20) unsigned DEFAULT NULL,
  `description` longtext COLLATE utf8mb3_unicode_ci DEFAULT NULL,
  `order_received` tinyint(1) NOT NULL DEFAULT 1,
  `return_goods` tinyint(1) DEFAULT NULL,
  `refund_amount` decimal(20,6) DEFAULT NULL,
  `status` int(10) unsigned NOT NULL DEFAULT 1,
  `created_at` timestamp NULL DEFAULT NULL,
  `updated_at` timestamp NULL DEFAULT NULL,
  PRIMARY KEY (`id`),
  KEY `disputes_order_id_foreign` (`order_id`),
  KEY `disputes_customer_id_foreign` (`customer_id`),
  KEY `disputes_dispute_type_id_foreign` (`dispute_type_id`),
  CONSTRAINT `disputes_customer_id_foreign` FOREIGN KEY (`customer_id`) REFERENCES `customers` (`id`) ON DELETE CASCADE,
  CONSTRAINT `disputes_dispute_type_id_foreign` FOREIGN KEY (`dispute_type_id`) REFERENCES `dispute_types` (`id`) ON DELETE SET NULL,
  CONSTRAINT `disputes_order_id_foreign` FOREIGN KEY (`order_id`) REFERENCES `orders` (`id`) ON DELETE CASCADE
) ENGINE=InnoDB AUTO_INCREMENT=6 DEFAULT CHARSET=utf8mb3 COLLATE=utf8mb3_unicode_ci;


INSERT INTO `disputes` (`id`, `shop_id`, `dispute_type_id`, `customer_id`, `order_id`, `product_id`, `description`, `order_received`, `return_goods`, `refund_amount`, `status`, `created_at`, `updated_at`)
VALUES
	(1,5,2,14,2,NULL,'Veritatis dolore animi non est voluptatem est. Sit fuga sunt ut cumque eaque doloribus.',0,1,NULL,2,'2022-05-02 18:57:50','2022-04-02 18:57:50'),
	(2,4,1,4,5,NULL,'Nostrum sint quos molestiae harum quas incidunt. Fuga rem quia a alias. Eos qui a itaque eum.',0,1,NULL,4,'2022-04-02 18:57:50','2022-05-02 18:57:50'),
	(3,2,2,7,8,NULL,'Iste omnis voluptas id sit iste. Recusandae labore ipsa in. Reiciendis delectus iste neque et.',1,1,NULL,5,'2022-08-02 18:57:50','2022-03-02 18:57:50'),
	(4,2,1,11,1,NULL,'Delectus quae neque harum ut maxime labore. Accusantium ut velit mollitia ea officiis ut repellat.',0,0,NULL,2,'2022-05-02 18:57:50','2022-08-02 18:57:50'),
	(5,1,7,14,11,NULL,'Et incidunt suscipit tempora dolorum dolor repellat dolor. Voluptas itaque quod facere minus in.',0,1,NULL,2,'2022-06-02 18:57:50','2022-08-02 18:57:50');



# Dump of table email_templates
# ------------------------------------------------------------


CREATE TABLE `email_templates` (
  `id` int(10) unsigned NOT NULL AUTO_INCREMENT,
  `shop_id` int(10) unsigned DEFAULT NULL,
  `name` varchar(255) COLLATE utf8mb3_unicode_ci DEFAULT NULL,
  `sender_name` varchar(255) COLLATE utf8mb3_unicode_ci DEFAULT NULL,
  `sender_email` varchar(255) COLLATE utf8mb3_unicode_ci DEFAULT NULL,
  `subject` varchar(255) COLLATE utf8mb3_unicode_ci DEFAULT NULL,
  `body` longtext COLLATE utf8mb3_unicode_ci DEFAULT NULL,
  `type` enum('HTML','Text') COLLATE utf8mb3_unicode_ci NOT NULL DEFAULT 'HTML',
  `position` enum('Content','Header','Footer') COLLATE utf8mb3_unicode_ci NOT NULL DEFAULT 'Content',
  `template_for` enum('Platform','Merchant') COLLATE utf8mb3_unicode_ci NOT NULL DEFAULT 'Platform',
  `files` longtext COLLATE utf8mb3_unicode_ci DEFAULT NULL,
  `deleted_at` timestamp NULL DEFAULT NULL,
  `created_at` timestamp NULL DEFAULT NULL,
  `updated_at` timestamp NULL DEFAULT NULL,
  PRIMARY KEY (`id`)
) ENGINE=InnoDB AUTO_INCREMENT=6 DEFAULT CHARSET=utf8mb3 COLLATE=utf8mb3_unicode_ci;


INSERT INTO `email_templates` (`id`, `shop_id`, `name`, `sender_name`, `sender_email`, `subject`, `body`, `type`, `position`, `template_for`, `files`, `deleted_at`, `created_at`, `updated_at`)
VALUES
	(1,NULL,'Welcome Merchant',NULL,'support@domain.com','Welcome to {platform_name}','<table class=\"m_886163020439323843footer\" width=\"700\" height=\"165\" bgcolor=\"#efefef\" align=\"center\" border=\"0\" cellpadding=\"0\" cellspacing=\"0\"><tbody><tr><td valign=\"bottom\" style=\"color:#999;line-height:18px;font-size:11px;font-family:arial\">Site Access: <a href=\"http://d.incevio.com/http://www.incevio.com/?tracelog=rowan&amp;rowan_id1=sellerLeaveFeedbackToBuyer_en_US_2017-10-22&amp;rowan_msg_id=c063bc521feb4649a25121ff130ac482&amp;ck=in_edm_other\" style=\"color:#999;text-decoration:underline;font-size:11px;font-family:arial\" target=\"_blank\" data-saferedirecturl=\"https://www.google.com/url?hl=en&amp;q=http://d.incevio.com/http://www.incevio.com/?tracelog%3Drowan%26rowan_id1%3DsellerLeaveFeedbackToBuyer_en_US_2017-10-22%26rowan_msg_id%3Dc063bc521feb4649a25121ff130ac482%26ck%3Din_edm_other&amp;source=gmail&amp;ust=1508835770795000&amp;usg=AFQjCNFswRI--_oSylG_TCSI9jMZfEgJFw\">Homepage</a> <span style=\"color:#999\">|</span> <a href=\"http://d.incevio.com/http://trade.incevio.com?tracelog=rowan&amp;rowan_id1=sellerLeaveFeedbackToBuyer_en_US_2017-10-22&amp;rowan_msg_id=c063bc521feb4649a25121ff130ac482&amp;ck=in_edm_other\" style=\"color:#999;text-decoration:underline;font-size:11px;font-family:arial\" target=\"_blank\" data-saferedirecturl=\"https://www.google.com/url?hl=en&amp;q=http://d.incevio.com/http://trade.incevio.com?tracelog%3Drowan%26rowan_id1%3DsellerLeaveFeedbackToBuyer_en_US_2017-10-22%26rowan_msg_id%3Dc063bc521feb4649a25121ff130ac482%26ck%3Din_edm_other&amp;source=gmail&amp;ust=1508835770795000&amp;usg=AFQjCNHs5u0lVvXx_IxyFnkfBFEuVdacig\">My Orders</a> <span style=\"color:#999\">|</span> <a href=\"http://d.incevio.com/http://www.incevio.com/buyerprotection/index.html?tracelog=rowan&amp;rowan_id1=sellerLeaveFeedbackToBuyer_en_US_2017-10-22&amp;rowan_msg_id=c063bc521feb4649a25121ff130ac482&amp;ck=in_edm_other\" style=\"color:#999;text-decoration:underline;font-size:11px;font-family:arial\" target=\"_blank\" data-saferedirecturl=\"https://www.google.com/url?hl=en&amp;q=http://d.incevio.com/http://www.incevio.com/buyerprotection/index.html?tracelog%3Drowan%26rowan_id1%3DsellerLeaveFeedbackToBuyer_en_US_2017-10-22%26rowan_msg_id%3Dc063bc521feb4649a25121ff130ac482%26ck%3Din_edm_other&amp;source=gmail&amp;ust=1508835770795000&amp;usg=AFQjCNFgBGjO2cWQlMNn3ok1sdo9FEI0PQ\">Buyer Protection</a> <span style=\"color:#999\">|</span> <a href=\"http://help.incevio.com/?tracelog=rowan&amp;rowan_id1=sellerLeaveFeedbackToBuyer_en_US_2017-10-22&amp;rowan_msg_id=c063bc521feb4649a25121ff130ac482&amp;ck=in_edm_other\" style=\"color:#999;text-decoration:underline;font-size:11px;font-family:arial\" target=\"_blank\" data-saferedirecturl=\"https://www.google.com/url?hl=en&amp;q=http://help.incevio.com/?tracelog%3Drowan%26rowan_id1%3DsellerLeaveFeedbackToBuyer_en_US_2017-10-22%26rowan_msg_id%3Dc063bc521feb4649a25121ff130ac482%26ck%3Din_edm_other&amp;source=gmail&amp;ust=1508835770795000&amp;usg=AFQjCNEY6uWlpV61xJ2EWu_OnR1ImK1k8A\">Help Center</a> <span style=\"color:#999\">|</span> <a href=\"http://www.incevio.com/help/home.html#contact?tracelog=rowan&amp;rowan_id1=sellerLeaveFeedbackToBuyer_en_US_2017-10-22&amp;rowan_msg_id=c063bc521feb4649a25121ff130ac482&amp;ck=in_edm_other\" style=\"color:#999;text-decoration:underline;font-size:11px;font-family:arial\" target=\"_blank\" data-saferedirecturl=\"https://www.google.com/url?hl=en&amp;q=http://www.incevio.com/help/home.html%23contact?tracelog%3Drowan%26rowan_id1%3DsellerLeaveFeedbackToBuyer_en_US_2017-10-22%26rowan_msg_id%3Dc063bc521feb4649a25121ff130ac482%26ck%3Din_edm_other&amp;source=gmail&amp;ust=1508835770795000&amp;usg=AFQjCNFrHNdxDedZiwv6L-zLA4_5jthBKw\">Contact Us</a><br><a href=\"http://us.my.incevio.com/user/company/forget_password_input_email.htm?edm_src=wto&amp;edm_type=ifm&amp;edm_cta=footer&amp;tracelog=rowan&amp;rowan_id1=sellerLeaveFeedbackToBuyer_en_US_2017-10-22&amp;rowan_msg_id=c063bc521feb4649a25121ff130ac482&amp;ck=in_edm_other\" style=\"color:#999;text-decoration:underline\" target=\"_blank\" data-saferedirecturl=\"https://www.google.com/url?hl=en&amp;q=http://us.my.incevio.com/user/company/forget_password_input_email.htm?edm_src%3Dwto%26edm_type%3Difm%26edm_cta%3Dfooter%26tracelog%3Drowan%26rowan_id1%3DsellerLeaveFeedbackToBuyer_en_US_2017-10-22%26rowan_msg_id%3Dc063bc521feb4649a25121ff130ac482%26ck%3Din_edm_other&amp;source=gmail&amp;ust=1508835770795000&amp;usg=AFQjCNGl36Hq7gk2E4ZfaHgnp8lgblu0Hw\">Forgot your password?</a> <br>This email was sent to <a href=\"http://d.incevio.com/mailto:?tracelog=rowan&amp;rowan_id1=sellerLeaveFeedbackToBuyer_en_US_2017-10-22&amp;rowan_msg_id=c063bc521feb4649a25121ff130ac482&amp;ck=in_edm_other\" style=\"color:#999;text-decoration:underline\" target=\"_blank\" data-saferedirecturl=\"https://www.google.com/url?hl=en&amp;q=http://d.incevio.com/mailto:?tracelog%3Drowan%26rowan_id1%3DsellerLeaveFeedbackToBuyer_en_US_2017-10-22%26rowan_msg_id%3Dc063bc521feb4649a25121ff130ac482%26ck%3Din_edm_other&amp;source=gmail&amp;ust=1508835770795000&amp;usg=AFQjCNF57ZGzDDxPVbiErICMxd6_6wJH0Q\"></a>. <br>You are receiving this email because you are a registered member of <a href=\"http://d.incevio.com/http://www.incevio.com?tracelog=rowan&amp;rowan_id1=sellerLeaveFeedbackToBuyer_en_US_2017-10-22&amp;rowan_msg_id=c063bc521feb4649a25121ff130ac482&amp;ck=in_edm_other\" style=\"color:#999;text-decoration:underline\" target=\"_blank\" data-saferedirecturl=\"https://www.google.com/url?hl=en&amp;q=http://d.incevio.com/http://www.incevio.com?tracelog%3Drowan%26rowan_id1%3DsellerLeaveFeedbackToBuyer_en_US_2017-10-22%26rowan_msg_id%3Dc063bc521feb4649a25121ff130ac482%26ck%3Din_edm_other&amp;source=gmail&amp;ust=1508835770795000&amp;usg=AFQjCNEV-vw0uLnpfTBy2KjLmMrSWfquEA\">www.<span class=\"il\">incevio</span>.com</a>, powered by incevio.com. <br>Read our <a href=\"http://www.incevio.com/help/safety_security/policies_rules/others/001.html?tracelog=rowan&amp;rowan_id1=sellerLeaveFeedbackToBuyer_en_US_2017-10-22&amp;rowan_msg_id=c063bc521feb4649a25121ff130ac482&amp;ck=in_edm_other\" style=\"color:#999;text-decoration:underline\" target=\"_blank\" data-saferedirecturl=\"https://www.google.com/url?hl=en&amp;q=http://www.incevio.com/help/safety_security/policies_rules/others/001.html?tracelog%3Drowan%26rowan_id1%3DsellerLeaveFeedbackToBuyer_en_US_2017-10-22%26rowan_msg_id%3Dc063bc521feb4649a25121ff130ac482%26ck%3Din_edm_other&amp;source=gmail&amp;ust=1508835770795000&amp;usg=AFQjCNHhvncoIuRqRpPKKTgyRYpiV6Z5vg\">Privacy Policy</a> and <a href=\"http://www.incevio.com/help/safety_security/policies_rules/others/002.html?tracelog=rowan&amp;rowan_id1=sellerLeaveFeedbackToBuyer_en_US_2017-10-22&amp;rowan_msg_id=c063bc521feb4649a25121ff130ac482&amp;ck=in_edm_other\" style=\"color:#999;text-decoration:underline\" target=\"_blank\" data-saferedirecturl=\"https://www.google.com/url?hl=en&amp;q=http://www.incevio.com/help/safety_security/policies_rules/others/002.html?tracelog%3Drowan%26rowan_id1%3DsellerLeaveFeedbackToBuyer_en_US_2017-10-22%26rowan_msg_id%3Dc063bc521feb4649a25121ff130ac482%26ck%3Din_edm_other&amp;source=gmail&amp;ust=1508835770795000&amp;usg=AFQjCNGdCuw2_Z7MHkHP5eKVE0mPoK_ysA\">Terms of Use</a> if you have any questions. <br><span class=\"il\">incevio</span> Service Center: <a href=\"http://d.incevio.com/mailto:buyer@incevio.com?tracelog=rowan&amp;rowan_id1=sellerLeaveFeedbackToBuyer_en_US_2017-10-22&amp;rowan_msg_id=c063bc521feb4649a25121ff130ac482&amp;ck=in_edm_other\" style=\"color:#999;text-decoration:underline\" target=\"_blank\" data-saferedirecturl=\"https://www.google.com/url?hl=en&amp;q=http://d.incevio.com/mailto:buyer@incevio.com?tracelog%3Drowan%26rowan_id1%3DsellerLeaveFeedbackToBuyer_en_US_2017-10-22%26rowan_msg_id%3Dc063bc521feb4649a25121ff130ac482%26ck%3Din_edm_other&amp;source=gmail&amp;ust=1508835770795000&amp;usg=AFQjCNEZo5gjjdfsNWKIaeuOQoM6rxxuNQ\">buyer@<span class=\"il\">incevio</span>.com</a> <br>incevio.com Hong Kong Limited, 26/F Tower One, Times Square1 Matheson Street Causeway Bay, Hong Kong.</td></tr><tr><td height=\"20\">&nbsp;</td></tr></tbody></table>','HTML','Footer','Platform',NULL,NULL,'2022-08-02 18:57:52','2022-08-02 18:57:52'),
	(2,NULL,'Welcome Merchant',NULL,'support@domain.com','Welcome to {platform_name}','Welcome to {platform_name}','HTML','Content','Platform',NULL,NULL,'2022-08-02 18:57:52','2022-08-02 18:57:52'),
	(3,NULL,'Welcome User',NULL,'support@domain.com','Welcome to {shop_name}','<!DOCTYPE html PUBLIC \"-//W3C//DTD XHTML 1.0 Transitional//EN\" \"http://www.w3.org/TR/xhtml1/DTD/xhtml1-transitional.dtd\">\n                <html xmlns=\"http://www.w3.org/1999/xhtml\">\n                <head>\n                  <meta http-equiv=\"Content-Type\" content=\"text/html; charset=utf-8\" />\n                  <meta name=\"viewport\" content=\"width=device-width\" />\n                  <title>Airmail Welcome</title>\n                </head>\n                <body bgcolor=\"#ffffff\">\n                  <div align=\"center\">\n                    <table class=\"head-wrap w320 full-width-gmail-android\" bgcolor=\"#f9f8f8\" cellpadding=\"0\" cellspacing=\"0\" border=\"0\" width=\"100%\">\n                      <tr>\n                        <td background=\"https://www.filepicker.io/api/file/UOesoVZTFObSHCgUDygC\" bgcolor=\"#ffffff\" width=\"100%\" height=\"8\" valign=\"top\">\n                          <!--[if gte mso 9]>\n                          <v:rect xmlns:v=\"urn:schemas-microsoft-com:vml\" fill=\"true\" stroke=\"false\" style=\"mso-width-percent:1000;height:8px;\">\n                            <v:fill type=\"tile\" src=\"https://www.filepicker.io/api/file/UOesoVZTFObSHCgUDygC\" color=\"#ffffff\" />\n                            <v:textbox inset=\"0,0,0,0\">\n                          <![endif]-->\n                          <div height=\"8\">\n                          </div>\n                          <!--[if gte mso 9]>\n                            </v:textbox>\n                          </v:rect>\n                          <![endif]-->\n                        </td>\n                      </tr>\n                      <tr class=\"header-background\">\n                        <td class=\"header container\" align=\"center\">\n                          <div class=\"content\">\n                            <span class=\"brand\">\n                              <a href=\"#\">\n                                Company Name\n                              </a>\n                            </span>\n                          </div>\n                        </td>\n                      </tr>\n                    </table>\n\n                    <table class=\"body-wrap w320\">\n                      <tr>\n                        <td></td>\n                        <td class=\"container\">\n                          <div class=\"content\">\n                            <table cellspacing=\"0\">\n                              <tr>\n                                <td>\n                                  <table class=\"soapbox\">\n                                    <tr>\n                                      <td class=\"soapbox-title\">Welcome to {platform_name}</td>\n                                    </tr>\n                                  </table>\n                                  <table class=\"status-container single\">\n                                    <tr>\n                                      <td class=\"status-padding\"></td>\n                                      <td>\n                                        <table class=\"status\" bgcolor=\"#fffeea\" cellspacing=\"0\">\n                                          <tr>\n                                            <td class=\"status-cell\">\n                                              Coupon code: <b>13448278949</b>\n                                            </td>\n                                          </tr>\n                                        </table>\n                                      </td>\n                                      <td class=\"status-padding\"></td>\n                                    </tr>\n                                  </table>\n                                  <table class=\"body\">\n                                    <tr>\n                                      <td class=\"body-padding\"></td>\n                                      <td class=\"body-padded\">\n                                        <div class=\"body-title\">Hey {{ first_name }}, thanks for signing up</div>\n                                        <table class=\"body-text\">\n                                          <tr>\n                                            <td class=\"body-text-cell\">\n                                              We\'re really excited for you to join our community! You\'re just one click away from activate your account.\n                                            </td>\n                                          </tr>\n                                        </table>\n                                        <div style=\"text-align:left;\"><!--[if mso]>\n                                          <v:roundrect xmlns:v=\"urn:schemas-microsoft-com:vml\" xmlns:w=\"urn:schemas-microsoft-com:office:word\" href=\"#\" style=\"height:38px;v-text-anchor:middle;width:190px;\" arcsize=\"11%\" strokecolor=\"#407429\" fill=\"t\">\n                                            <v:fill type=\"tile\" src=\"https://www.filepicker.io/api/file/N8GiNGsmT6mK6ORk00S7\" color=\"#41CC00\" />\n                                            <w:anchorlock/>\n                                            <center style=\"color:#ffffff;font-family:sans-serif;font-size:17px;font-weight:bold;\">Come on back</center>\n                                          </v:roundrect>\n                                        <![endif]--><a href=\"#\"\n                                        style=\"background-color:#41CC00;background-image:url(https://www.filepicker.io/api/file/N8GiNGsmT6mK6ORk00S7);border:1px solid #407429;border-radius:4px;color:#ffffff;display:inline-block;font-family:sans-serif;font-size:17px;font-weight:bold;text-shadow: -1px -1px #47A54B;line-height:38px;text-align:center;text-decoration:none;width:190px;-webkit-text-size-adjust:none;mso-hide:all;\">Activate Account!</a></div>\n                                        <table class=\"body-signature-block\">\n                                          <tr>\n                                            <td class=\"body-signature-cell\">\n                                              <p>Thanks so much,</p>\n                                              <p class=\"body-signature\"><img src=\"https://www.filepicker.io/api/file/2R9HpqboTPaB4NyF35xt\" alt=\"Company Name\"></p>\n                                            </td>\n                                          </tr>\n                                        </table>\n                                      </td>\n                                      <td class=\"body-padding\"></td>\n                                    </tr>\n                                  </table>\n                                </td>\n                              </tr>\n                            </table>\n                          </div>\n                        </td>\n                        <td></td>\n                      </tr>\n                    </table>\n\n                    <table class=\"footer-wrap w320 full-width-gmail-android\" bgcolor=\"#e5e5e5\">\n                      <tr>\n                        <td class=\"container\">\n                          <div class=\"content footer-lead\">\n                            <a href=\"#\"><b>Get in touch</b></a> if you have any questions or feedback\n                          </div>\n                        </td>\n                      </tr>\n                    </table>\n                    <table class=\"footer-wrap w320 full-width-gmail-android\" bgcolor=\"#e5e5e5\">\n                      <tr>\n                        <td class=\"container\">\n                          <div class=\"content\">\n                            <a href=\"#\">Contact Us</a>&nbsp;&nbsp;|&nbsp;&nbsp;\n                            <span class=\"footer-group\">\n                              <a href=\"#\">Facebook</a>&nbsp;&nbsp;|&nbsp;&nbsp;\n                              <a href=\"#\">Twitter</a>&nbsp;&nbsp;|&nbsp;&nbsp;\n                              <a href=\"#\">Support</a>\n                            </span>\n                          </div>\n                        </td>\n                      </tr>\n                    </table>\n                  </div>\n\n                </body>\n                </html>\n                ','HTML','Content','Platform',NULL,NULL,'2022-08-02 18:57:52','2022-08-02 18:57:52'),
	(4,NULL,'Welcome Customer',NULL,'support@domain.com','Welcome to {platform_name}','<!DOCTYPE html PUBLIC \"-//W3C//DTD XHTML 1.0 Transitional//EN\" \"http://www.w3.org/TR/xhtml1/DTD/xhtml1-transitional.dtd\">\n<html xmlns=\"http://www.w3.org/1999/xhtml\">\n<head>\n  <meta http-equiv=\"Content-Type\" content=\"text/html; charset=utf-8\" />\n  <meta name=\"viewport\" content=\"width=device-width\" />\n  <title>Airmail Welcome</title>\n</head>\n<body bgcolor=\"#ffffff\">\n  <div align=\"center\">\n    <table class=\"head-wrap w320 full-width-gmail-android\" bgcolor=\"#f9f8f8\" cellpadding=\"0\" cellspacing=\"0\" border=\"0\" width=\"100%\">\n      <tr>\n        <td background=\"https://www.filepicker.io/api/file/UOesoVZTFObSHCgUDygC\" bgcolor=\"#ffffff\" width=\"100%\" height=\"8\" valign=\"top\">\n          <!--[if gte mso 9]>\n          <v:rect xmlns:v=\"urn:schemas-microsoft-com:vml\" fill=\"true\" stroke=\"false\" style=\"mso-width-percent:1000;height:8px;\">\n            <v:fill type=\"tile\" src=\"https://www.filepicker.io/api/file/UOesoVZTFObSHCgUDygC\" color=\"#ffffff\" />\n            <v:textbox inset=\"0,0,0,0\">\n          <![endif]-->\n          <div height=\"8\">\n          </div>\n          <!--[if gte mso 9]>\n            </v:textbox>\n          </v:rect>\n          <![endif]-->\n        </td>\n      </tr>\n      <tr class=\"header-background\">\n        <td class=\"header container\" align=\"center\">\n          <div class=\"content\">\n            <span class=\"brand\">\n              <a href=\"#\">\n                Company Name\n              </a>\n            </span>\n          </div>\n        </td>\n      </tr>\n    </table>\n\n    <table class=\"body-wrap w320\">\n      <tr>\n        <td></td>\n        <td class=\"container\">\n          <div class=\"content\">\n            <table cellspacing=\"0\">\n              <tr>\n                <td>\n                  <table class=\"soapbox\">\n                    <tr>\n                      <td class=\"soapbox-title\">Welcome to {platform_name}</td>\n                    </tr>\n                  </table>\n                  <table class=\"status-container single\">\n                    <tr>\n                      <td class=\"status-padding\"></td>\n                      <td>\n                        <table class=\"status\" bgcolor=\"#fffeea\" cellspacing=\"0\">\n                          <tr>\n                            <td class=\"status-cell\">\n                              Coupon code: <b>13448278949</b>\n                            </td>\n                          </tr>\n                        </table>\n                      </td>\n                      <td class=\"status-padding\"></td>\n                    </tr>\n                  </table>\n                  <table class=\"body\">\n                    <tr>\n                      <td class=\"body-padding\"></td>\n                      <td class=\"body-padded\">\n                        <div class=\"body-title\">Hey {{ first_name }}, thanks for signing up</div>\n                        <table class=\"body-text\">\n                          <tr>\n                            <td class=\"body-text-cell\">\n                              We\'re really excited for you to join our community! You\'re just one click away from activate your account.\n                            </td>\n                          </tr>\n                        </table>\n                        <div style=\"text-align:left;\"><!--[if mso]>\n                          <v:roundrect xmlns:v=\"urn:schemas-microsoft-com:vml\" xmlns:w=\"urn:schemas-microsoft-com:office:word\" href=\"#\" style=\"height:38px;v-text-anchor:middle;width:190px;\" arcsize=\"11%\" strokecolor=\"#407429\" fill=\"t\">\n                            <v:fill type=\"tile\" src=\"https://www.filepicker.io/api/file/N8GiNGsmT6mK6ORk00S7\" color=\"#41CC00\" />\n                            <w:anchorlock/>\n                            <center style=\"color:#ffffff;font-family:sans-serif;font-size:17px;font-weight:bold;\">Come on back</center>\n                          </v:roundrect>\n                        <![endif]--><a href=\"#\"\n                        style=\"background-color:#41CC00;background-image:url(https://www.filepicker.io/api/file/N8GiNGsmT6mK6ORk00S7);border:1px solid #407429;border-radius:4px;color:#ffffff;display:inline-block;font-family:sans-serif;font-size:17px;font-weight:bold;text-shadow: -1px -1px #47A54B;line-height:38px;text-align:center;text-decoration:none;width:190px;-webkit-text-size-adjust:none;mso-hide:all;\">Activate Account!</a></div>\n                        <table class=\"body-signature-block\">\n                          <tr>\n                            <td class=\"body-signature-cell\">\n                              <p>Thanks so much,</p>\n                              <p class=\"body-signature\"><img src=\"https://www.filepicker.io/api/file/2R9HpqboTPaB4NyF35xt\" alt=\"Company Name\"></p>\n                            </td>\n                          </tr>\n                        </table>\n                      </td>\n                      <td class=\"body-padding\"></td>\n                    </tr>\n                  </table>\n                </td>\n              </tr>\n            </table>\n          </div>\n        </td>\n        <td></td>\n      </tr>\n    </table>\n\n    <table class=\"footer-wrap w320 full-width-gmail-android\" bgcolor=\"#e5e5e5\">\n      <tr>\n        <td class=\"container\">\n          <div class=\"content footer-lead\">\n            <a href=\"#\"><b>Get in touch</b></a> if you have any questions or feedback\n          </div>\n        </td>\n      </tr>\n    </table>\n    <table class=\"footer-wrap w320 full-width-gmail-android\" bgcolor=\"#e5e5e5\">\n      <tr>\n        <td class=\"container\">\n          <div class=\"content\">\n            <a href=\"#\">Contact Us</a>&nbsp;&nbsp;|&nbsp;&nbsp;\n            <span class=\"footer-group\">\n              <a href=\"#\">Facebook</a>&nbsp;&nbsp;|&nbsp;&nbsp;\n              <a href=\"#\">Twitter</a>&nbsp;&nbsp;|&nbsp;&nbsp;\n              <a href=\"#\">Support</a>\n            </span>\n          </div>\n        </td>\n      </tr>\n    </table>\n  </div>\n\n</body>\n</html>\n','HTML','Content','Platform',NULL,NULL,'2022-08-02 18:57:52','2022-08-02 18:57:52'),
	(5,NULL,'User account updated',NULL,'support@domain.com','Your account settings have been updated','<!DOCTYPE html PUBLIC \"-//W3C//DTD XHTML 1.0 Transitional//EN\" \"http://www.w3.org/TR/xhtml1/DTD/xhtml1-transitional.dtd\">\n<html xmlns=\"http://www.w3.org/1999/xhtml\">\n<head>\n  <meta http-equiv=\"Content-Type\" content=\"text/html; charset=utf-8\" />\n  <meta name=\"viewport\" content=\"width=device-width\" />\n  <title>Airmail Ping</title>\n</head>\n\n<body bgcolor=\"#ffffff\">\n\n  <div align=\"center\">\n    <table class=\"head-wrap w320 full-width-gmail-android\" bgcolor=\"#f9f8f8\" cellpadding=\"0\" cellspacing=\"0\" border=\"0\">\n      <tr>\n        <td background=\"https://www.filepicker.io/api/file/UOesoVZTFObSHCgUDygC\" bgcolor=\"#ffffff\" width=\"100%\" height=\"8\" valign=\"top\">\n          <!--[if gte mso 9]>\n          <v:rect xmlns:v=\"urn:schemas-microsoft-com:vml\" fill=\"true\" stroke=\"false\" style=\"mso-width-percent:1000;height:8px;\">\n            <v:fill type=\"tile\" src=\"https://www.filepicker.io/api/file/UOesoVZTFObSHCgUDygC\" color=\"#ffffff\" />\n            <v:textbox inset=\"0,0,0,0\">\n          <![endif]-->\n          <div height=\"8\">\n          </div>\n          <!--[if gte mso 9]>\n            </v:textbox>\n          </v:rect>\n          <![endif]-->\n        </td>\n      </tr>\n      <tr class=\"header-background\">\n        <td class=\"header container\" align=\"center\">\n          <div class=\"content\">\n            <span class=\"brand\">\n              <a href=\"#\">\n                Company Name\n              </a>\n            </span>\n          </div>\n        </td>\n      </tr>\n    </table>\n\n    <table class=\"body-wrap w320\">\n      <tr>\n        <td></td>\n        <td class=\"container\">\n          <div class=\"content\">\n            <table cellspacing=\"0\">\n              <tr>\n                <td>\n                  <table class=\"soapbox\">\n                    <tr>\n                      <td class=\"soapbox-title\">Your account settings have been updated</td>\n                    </tr>\n                  </table>\n                  <table class=\"body\">\n                    <tr>\n                      <td class=\"body-padding\"></td>\n                      <td class=\"body-padded\">\n                        <div class=\"body-title\">Hi {{ first_name }},</div>\n                        <table class=\"body-text\">\n                          <tr>\n                            <td class=\"body-text-cell\">\n                              Your account settings have been updated. If you did not update your settings, please <a href=\"#\">contact support</a>.\n                            </td>\n                          </tr>\n                        </table>\n                        <div><!--[if mso]>\n                          <v:roundrect xmlns:v=\"urn:schemas-microsoft-com:vml\" xmlns:w=\"urn:schemas-microsoft-com:office:word\" href=\"#\" style=\"height:38px;v-text-anchor:middle;width:230px;\" arcsize=\"11%\" strokecolor=\"#407429\" fill=\"t\">\n                            <v:fill type=\"tile\" src=\"https://www.filepicker.io/api/file/N8GiNGsmT6mK6ORk00S7\" color=\"#41CC00\" />\n                            <w:anchorlock/>\n                            <center style=\"color:#ffffff;font-family:sans-serif;font-size:17px;font-weight:bold;\">Review Account Settings</center>\n                          </v:roundrect>\n                        <![endif]--><a href=\"#\"\n                        style=\"background-color:#41CC00;background-image:url(https://www.filepicker.io/api/file/N8GiNGsmT6mK6ORk00S7);border:1px solid #407429;border-radius:4px;color:#ffffff;display:inline-block;font-family:sans-serif;font-size:17px;font-weight:bold;text-shadow: -1px -1px #47A54B;line-height:38px;text-align:center;text-decoration:none;width:230px;-webkit-text-size-adjust:none;mso-hide:all;\">Review Account Settings</a></div>\n                        <table class=\"body-signature-block\">\n                          <tr>\n                            <td class=\"body-signature-cell\">\n                              <p>Thanks for being a customer!</p>\n                              <p class=\"body-signature\"><img src=\"https://www.filepicker.io/api/file/2R9HpqboTPaB4NyF35xt\" alt=\"Company Name\"></p>\n                            </td>\n                          </tr>\n                        </table>\n                      </td>\n                      <td class=\"body-padding\"></td>\n                    </tr>\n                  </table>\n                </td>\n              </tr>\n            </table>\n          </div>\n        </td>\n        <td></td>\n      </tr>\n    </table>\n\n    <table class=\"footer-wrap w320 full-width-gmail-android\" bgcolor=\"#e5e5e5\">\n      <tr>\n        <td></td>\n        <td class=\"container\">\n          <div class=\"content footer-lead\">\n            <a href=\"#\"><b>Get in touch</b></a> if you have any questions or feedback\n          </div>\n        </td>\n        <td></td>\n      </tr>\n    </table>\n    <table class=\"footer-wrap w320 full-width-gmail-android\" bgcolor=\"#e5e5e5\">\n      <tr>\n        <td></td>\n        <td class=\"container\">\n          <div class=\"content\">\n            <a href=\"#\">Contact Us</a>&nbsp;&nbsp;|&nbsp;&nbsp;\n            <span class=\"footer-group\">\n              <a href=\"#\">Facebook</a>&nbsp;&nbsp;|&nbsp;&nbsp;\n              <a href=\"#\">Twitter</a>&nbsp;&nbsp;|&nbsp;&nbsp;\n              <a href=\"#\">Support</a>\n            </span>\n          </div>\n        </td>\n        <td></td>\n      </tr>\n    </table>\n  </div>\n\n</body>\n</html>\n','HTML','Content','Platform',NULL,NULL,'2022-08-02 18:57:52','2022-08-02 18:57:52');



# Dump of table events
# ------------------------------------------------------------


CREATE TABLE `events` (
  `id` bigint(20) unsigned NOT NULL AUTO_INCREMENT,
  `title` varchar(255) COLLATE utf8mb3_unicode_ci NOT NULL,
  `slug` varchar(200) COLLATE utf8mb3_unicode_ci NOT NULL,
  `description` text COLLATE utf8mb3_unicode_ci DEFAULT NULL,
  `venue` varchar(255) COLLATE utf8mb3_unicode_ci DEFAULT NULL,
  `map_link` varchar(255) COLLATE utf8mb3_unicode_ci DEFAULT NULL,
  `shop_id` int(10) unsigned DEFAULT NULL,
  `starts` timestamp NULL DEFAULT NULL,
  `ends` timestamp NULL DEFAULT NULL,
  `status` tinyint(4) NOT NULL DEFAULT 1,
  `public` tinyint(1) DEFAULT 1,
  `created_at` timestamp NULL DEFAULT NULL,
  `updated_at` timestamp NULL DEFAULT NULL,
  PRIMARY KEY (`id`),
  UNIQUE KEY `events_slug_unique` (`slug`)
) ENGINE=InnoDB AUTO_INCREMENT=2 DEFAULT CHARSET=utf8mb3 COLLATE=utf8mb3_unicode_ci;


INSERT INTO `events` (`id`, `title`, `slug`, `description`, `venue`, `map_link`, `shop_id`, `starts`, `ends`, `status`, `public`, `created_at`, `updated_at`)
VALUES
	(1,'New Events','new-events','<p>Lorem imsum Lorem imsum Lorem imsum Lorem imsum Lorem imsum Lorem imsum Lorem imsum Lorem imsum Lorem imsum&nbsp;<br></p>','Dhaka',NULL,NULL,'2022-08-25 00:19:00','2022-09-07 00:19:00',1,1,'2022-08-03 19:19:48','2022-08-03 19:19:48');



# Dump of table failed_jobs
# ------------------------------------------------------------


CREATE TABLE `failed_jobs` (
  `id` bigint(20) unsigned NOT NULL AUTO_INCREMENT,
  `uuid` varchar(255) COLLATE utf8mb3_unicode_ci DEFAULT NULL,
  `connection` text COLLATE utf8mb3_unicode_ci NOT NULL,
  `queue` text COLLATE utf8mb3_unicode_ci NOT NULL,
  `payload` longtext COLLATE utf8mb3_unicode_ci NOT NULL,
  `exception` longtext COLLATE utf8mb3_unicode_ci NOT NULL,
  `failed_at` timestamp NOT NULL DEFAULT current_timestamp(),
  PRIMARY KEY (`id`),
  UNIQUE KEY `failed_jobs_uuid_unique` (`uuid`)
) ENGINE=InnoDB DEFAULT CHARSET=utf8mb3 COLLATE=utf8mb3_unicode_ci;



# Dump of table faq_topics
# ------------------------------------------------------------


CREATE TABLE `faq_topics` (
  `id` int(10) unsigned NOT NULL AUTO_INCREMENT,
  `name` text COLLATE utf8mb3_unicode_ci NOT NULL,
  `for` enum('Merchant','Customer') COLLATE utf8mb3_unicode_ci NOT NULL DEFAULT 'Merchant',
  `created_at` timestamp NULL DEFAULT NULL,
  `updated_at` timestamp NULL DEFAULT NULL,
  PRIMARY KEY (`id`)
) ENGINE=InnoDB AUTO_INCREMENT=4 DEFAULT CHARSET=utf8mb3 COLLATE=utf8mb3_unicode_ci;


INSERT INTO `faq_topics` (`id`, `name`, `for`, `created_at`, `updated_at`)
VALUES
	(1,'Overview','Merchant','2022-08-02 18:57:43','2022-08-02 18:57:43'),
	(2,'Sell your items','Merchant','2022-08-02 18:57:43','2022-08-02 18:57:43'),
	(3,'Pricing','Merchant','2022-08-02 18:57:43','2022-08-02 18:57:43');



# Dump of table faqs
# ------------------------------------------------------------


CREATE TABLE `faqs` (
  `id` int(10) unsigned NOT NULL AUTO_INCREMENT,
  `faq_topic_id` int(10) unsigned DEFAULT NULL,
  `question` text COLLATE utf8mb3_unicode_ci DEFAULT NULL,
  `answer` longtext COLLATE utf8mb3_unicode_ci DEFAULT NULL,
  `created_at` timestamp NULL DEFAULT NULL,
  `updated_at` timestamp NULL DEFAULT NULL,
  PRIMARY KEY (`id`),
  KEY `faqs_faq_topic_id_foreign` (`faq_topic_id`),
  CONSTRAINT `faqs_faq_topic_id_foreign` FOREIGN KEY (`faq_topic_id`) REFERENCES `faq_topics` (`id`) ON DELETE SET NULL
) ENGINE=InnoDB AUTO_INCREMENT=10 DEFAULT CHARSET=utf8mb3 COLLATE=utf8mb3_unicode_ci;


INSERT INTO `faqs` (`id`, `faq_topic_id`, `question`, `answer`, `created_at`, `updated_at`)
VALUES
	(1,1,'Why should I sell on :marketplace?','There are many reasons to sell on :marketplace. We have our customers who can see your products to the ability to start selling fast without the need to create a new standalone website. You spend no time and money to do marekting, We do it for you!','2022-08-02 18:57:43','2022-08-02 18:57:43'),
	(2,1,'Where else can I learn about how selling on :marketplace works?','We have videos, web docs, and blogs to help you find what you need.<ul><li>Getting Started page</li><li>Training and tutorials</li><li>Blog</li></ul>','2022-08-02 18:57:43','2022-08-02 18:57:43'),
	(3,1,'Can I close my account?','If you want to close your account permanently, Seller Support can assist you. Keep in mind that you can use the Maintenance mode feature that will hide all your listings, or you can deactivate or remove your listings entirely but hold on to your account for future use. Before you close your account permanently, please cancel and remove your listings and resolve all transactions.','2022-08-02 18:57:43','2022-08-02 18:57:43'),
	(4,2,'How do I manage my merchant account?','Use will get access to a full featured Merchant Dashboard to manage all aspects of selling on :marketplace, like manage your selling account, add product information, make inventory updates, manage orders, and manage users.','2022-08-02 18:57:43','2022-08-02 18:57:43'),
	(5,2,'How many items i can add on my inventory?','It depends on which sbscription you choose. Please visit the pricing section for detail.','2022-08-02 18:57:43','2022-08-02 18:57:43'),
	(6,2,'How will I know when I have a sale?',':marketplace notifies you by email when you receive an order. You can change the notification settings in your account settings.','2022-08-02 18:57:43','2022-08-02 18:57:43'),
	(7,2,'Can I offer gift-wrap and packaging services to my customers?','Yes. Our packaging service allows customers to choose when they check out, you can make the options available for any individual item on your listing page.','2022-08-02 18:57:43','2022-08-02 18:57:43'),
	(8,3,'How much does it cost to sell on :marketplace?',':marketplace offers different selling plans for a monthly subscription fee plus per-item selling fees, which vary by subscriptions. Please visit the pricing section for detail.','2022-08-02 18:57:43','2022-08-02 18:57:43'),
	(9,3,'Is there any hidden cost?','No','2022-08-02 18:57:43','2022-08-02 18:57:43');



# Dump of table feedbacks
# ------------------------------------------------------------


CREATE TABLE `feedbacks` (
  `id` bigint(20) unsigned NOT NULL AUTO_INCREMENT,
  `customer_id` bigint(20) unsigned NOT NULL,
  `rating` tinyint(4) DEFAULT NULL,
  `comment` longtext COLLATE utf8mb3_unicode_ci DEFAULT NULL,
  `feedbackable_id` bigint(20) unsigned NOT NULL,
  `feedbackable_type` varchar(255) COLLATE utf8mb3_unicode_ci NOT NULL,
  `approved` tinyint(1) NOT NULL DEFAULT 1,
  `spam` tinyint(1) NOT NULL DEFAULT 0,
  `created_at` timestamp NULL DEFAULT NULL,
  `updated_at` timestamp NULL DEFAULT NULL,
  PRIMARY KEY (`id`),
  KEY `feedbacks_customer_id_foreign` (`customer_id`),
  CONSTRAINT `feedbacks_customer_id_foreign` FOREIGN KEY (`customer_id`) REFERENCES `customers` (`id`) ON DELETE CASCADE
) ENGINE=InnoDB AUTO_INCREMENT=151 DEFAULT CHARSET=utf8mb3 COLLATE=utf8mb3_unicode_ci;


INSERT INTO `feedbacks` (`id`, `customer_id`, `rating`, `comment`, `feedbackable_id`, `feedbackable_type`, `approved`, `spam`, `created_at`, `updated_at`)
VALUES
	(1,16,5,'Voluptatem sit delectus omnis possimus iure odit aliquam. Nobis vel quaerat qui quod eligendi et. Asperiores animi beatae ea tempore.',65,'App\\Models\\Inventory',1,0,'2022-07-22 18:57:51','2022-07-18 18:57:51'),
	(2,13,3,'Quos modi recusandae omnis cumque qui omnis commodi aut. Voluptatibus reiciendis eum omnis sed maiores praesentium deserunt enim. Itaque veritatis qui quibusdam doloribus laudantium dolor. Quas alias dolorem est sit ipsam quos magni. Ab vel consequatur eum ea illum debitis.',30,'App\\Models\\Inventory',1,0,'2022-08-02 18:57:51','2022-07-31 18:57:51'),
	(3,9,3,'Voluptate fugiat minima iste nihil omnis molestias. Rerum ut corrupti incidunt repellendus. Et autem soluta atque. Sit ea est et inventore architecto aspernatur odio laudantium.',48,'App\\Models\\Inventory',1,0,'2022-07-30 18:57:51','2022-07-27 18:57:51'),
	(4,8,5,'Aut pariatur voluptatem iusto deserunt ipsum rem. Tempora modi nihil quis est. Accusantium laborum voluptas perspiciatis ipsa. Ut et earum in qui occaecati ut.',2,'App\\Models\\Shop',1,0,'2022-07-20 18:57:51','2022-08-01 18:57:51'),
	(5,15,3,'Fugit sit magni sed quasi. Cumque sunt quia qui et dolor. Accusantium mollitia consequatur non nostrum officiis id fugit et. At voluptatem quo sequi pariatur necessitatibus voluptates non optio.',3,'App\\Models\\Shop',1,0,'2022-07-23 18:57:51','2022-07-30 18:57:51'),
	(6,12,5,'In ut eligendi aperiam expedita quia sit reprehenderit et. Nam sequi asperiores neque eveniet. Autem quas sapiente esse corporis laboriosam.',4,'App\\Models\\Shop',1,0,'2022-07-29 18:57:51','2022-07-27 18:57:51'),
	(7,7,1,'Aut voluptas similique minus quia. Omnis exercitationem perspiciatis quae doloribus sint praesentium natus. Quia rerum possimus tempore laborum animi.',84,'App\\Models\\Inventory',1,0,'2022-07-24 18:57:51','2022-07-26 18:57:51'),
	(8,12,1,'Et aspernatur non maxime odio. Velit qui in aut rerum exercitationem numquam. Suscipit ut nostrum et labore. Explicabo qui saepe sit excepturi corporis error impedit.',5,'App\\Models\\Shop',1,0,'2022-07-26 18:57:51','2022-07-27 18:57:51'),
	(9,11,1,'Aliquid quidem quia dolorem at fuga recusandae. Praesentium atque alias saepe ut porro laboriosam. Adipisci explicabo nam aliquam animi et qui amet. Ab debitis facere ratione a id vel aliquam.',47,'App\\Models\\Inventory',1,0,'2022-07-31 18:57:51','2022-07-31 18:57:51'),
	(10,13,4,'Praesentium qui aliquam consequuntur autem sed aut. Harum quis quia error exercitationem. Totam quia consequuntur odit ipsam dolore at.',1,'App\\Models\\Shop',1,0,'2022-08-02 18:57:51','2022-07-21 18:57:51'),
	(11,3,1,'Quo a quod facilis omnis sit. Odit architecto totam minus laboriosam velit sequi vel. Quia sed animi laborum minus quae. Et quis et velit expedita error pariatur.',55,'App\\Models\\Inventory',1,0,'2022-07-28 18:57:51','2022-07-24 18:57:51'),
	(12,12,4,'Culpa deleniti qui aut harum. Assumenda beatae autem reprehenderit animi vitae voluptatem eveniet. Nesciunt debitis a aperiam. Explicabo quam quibusdam natus facere.',19,'App\\Models\\Inventory',1,0,'2022-07-21 18:57:51','2022-07-24 18:57:51'),
	(13,1,1,'Sit fuga quod excepturi labore consequatur. Eligendi dolorem magnam excepturi sint voluptatum animi. Illo corporis est occaecati alias. Nesciunt laborum eveniet ut voluptatem.',2,'App\\Models\\Shop',1,0,'2022-07-24 18:57:51','2022-07-29 18:57:51'),
	(14,10,4,'Autem tempora assumenda odit soluta in commodi. Voluptatum a ex et velit. Et asperiores accusantium ex non a quo iusto. Omnis exercitationem voluptas sit aperiam deserunt.',45,'App\\Models\\Inventory',1,0,'2022-07-24 18:57:51','2022-07-26 18:57:51'),
	(15,1,2,'Possimus hic voluptatem nesciunt hic consequatur magni vero. Sit et culpa dolores voluptatum laboriosam hic. Maxime ducimus porro fugiat assumenda velit perferendis sit.',3,'App\\Models\\Shop',1,0,'2022-07-18 18:57:51','2022-07-21 18:57:51'),
	(16,11,1,'Sit iste voluptas facilis quia et laboriosam. Ipsum autem laudantium temporibus eveniet ut pariatur voluptate nulla.',4,'App\\Models\\Shop',1,0,'2022-07-27 18:57:51','2022-07-21 18:57:51'),
	(17,5,4,'Atque ut expedita qui veniam neque sunt commodi. Voluptates et qui sit perspiciatis similique iure. Deleniti non consequuntur itaque voluptatem totam veniam quia ab. Omnis quam inventore deleniti non occaecati.',4,'App\\Models\\Shop',1,0,'2022-07-26 18:57:51','2022-08-02 18:57:51'),
	(18,14,5,'Rerum vero sapiente beatae soluta ratione est possimus quis. Voluptatibus molestiae hic corrupti quia. Velit voluptas magnam laborum fuga et voluptatibus. Pariatur tenetur doloribus quia eveniet dolor.',17,'App\\Models\\Inventory',1,0,'2022-07-28 18:57:51','2022-07-19 18:57:51'),
	(19,7,2,'Modi dicta quam magni est. Modi numquam accusamus deserunt incidunt sit et. Officiis ut corrupti eveniet nemo.',71,'App\\Models\\Inventory',1,0,'2022-07-28 18:57:51','2022-07-28 18:57:51'),
	(20,10,1,'Nisi quas nam doloribus asperiores dolorem pariatur distinctio quis. Et eius maiores provident accusantium repudiandae vel.',2,'App\\Models\\Shop',1,0,'2022-07-30 18:57:51','2022-07-19 18:57:51'),
	(21,16,2,'Et eos consequuntur reiciendis voluptas esse modi aliquid. Adipisci repellendus non omnis omnis aut aspernatur est quos.',32,'App\\Models\\Inventory',1,0,'2022-07-28 18:57:51','2022-07-24 18:57:51'),
	(22,11,5,'Qui rerum maiores accusamus repellendus saepe quas minima tempora. Aliquid est dolorum sunt dolorem. Doloremque voluptatem eos neque odit labore repellat vel.',2,'App\\Models\\Shop',1,0,'2022-07-21 18:57:51','2022-08-01 18:57:51'),
	(23,10,3,'Tenetur nam similique id. Quidem veniam laudantium inventore dolor accusantium. Eum ullam voluptatem laborum enim suscipit non.',2,'App\\Models\\Shop',1,0,'2022-07-29 18:57:51','2022-07-24 18:57:51'),
	(24,13,4,'Iure libero et dolorem aliquid at nam. Quia fugiat quia quidem dolorem.',55,'App\\Models\\Inventory',1,0,'2022-07-20 18:57:51','2022-07-19 18:57:51'),
	(25,10,3,'Modi labore id quos quam. Cupiditate odit et sapiente aperiam. Dignissimos nulla amet ut sit voluptatem velit. Sed ducimus minima qui.',86,'App\\Models\\Inventory',1,0,'2022-07-22 18:57:51','2022-07-30 18:57:51'),
	(26,5,2,'Aut laboriosam expedita recusandae dolorem est. Voluptatem quisquam dolorum sunt impedit deserunt voluptas qui. Ducimus et iste qui voluptatem est. Alias corporis harum et velit cupiditate aut molestiae.',104,'App\\Models\\Inventory',1,0,'2022-07-31 18:57:51','2022-07-21 18:57:51'),
	(27,15,2,'Voluptates amet dolor voluptatem voluptas magnam aut et. Numquam labore corporis ea nobis aut.',5,'App\\Models\\Shop',1,0,'2022-08-01 18:57:51','2022-07-18 18:57:51'),
	(28,7,3,'Explicabo non iste quae cupiditate. Assumenda atque voluptas esse fugiat qui. Nisi quas voluptas nemo totam alias voluptas earum. Dignissimos veniam eum repudiandae. Aliquam in ipsum eaque corrupti qui ut.',70,'App\\Models\\Inventory',1,0,'2022-07-20 18:57:51','2022-07-27 18:57:51'),
	(29,6,3,'Repellendus id repellendus reiciendis voluptate. Alias nihil nihil laboriosam itaque. Eligendi ut quis quam hic aut.',16,'App\\Models\\Inventory',1,0,'2022-07-19 18:57:51','2022-07-20 18:57:51'),
	(30,2,3,'Et aut eveniet omnis aut veritatis aut. Sapiente ullam enim tempore culpa et dignissimos velit expedita. Velit rerum ea sint voluptatem ipsum ex.',51,'App\\Models\\Inventory',1,0,'2022-07-26 18:57:51','2022-07-23 18:57:51'),
	(31,12,2,'Beatae maxime ipsum maiores ut suscipit atque consequatur. Sed iste repellat ex ut dignissimos et. Officia et expedita mollitia. Inventore voluptas qui illo aut.',3,'App\\Models\\Shop',1,0,'2022-07-28 18:57:51','2022-07-29 18:57:51'),
	(32,5,3,'Minus repudiandae voluptas praesentium reiciendis tenetur commodi optio illo. Iusto amet autem quam cumque quibusdam. Ea recusandae sequi qui aperiam corporis saepe. Iste dolores voluptas distinctio asperiores rerum est. Perferendis velit et sunt nihil quia sed.',3,'App\\Models\\Shop',1,0,'2022-07-31 18:57:51','2022-08-02 18:57:51'),
	(33,11,2,'Nostrum quia distinctio ut at. Officiis reprehenderit voluptatibus laudantium laborum ducimus laudantium accusamus.',1,'App\\Models\\Shop',1,0,'2022-08-02 18:57:51','2022-07-18 18:57:51'),
	(34,7,2,'Dolor est minus dolores officia nemo. In rerum incidunt adipisci quia quos ipsa.',1,'App\\Models\\Inventory',1,0,'2022-07-30 18:57:51','2022-07-27 18:57:51'),
	(35,10,4,'Est vel atque rerum consequatur. Reiciendis consequatur nihil nihil qui. Praesentium aut repellendus pariatur minima eum vel. Vitae consequatur dignissimos perferendis ex soluta tempora.',33,'App\\Models\\Inventory',1,0,'2022-07-18 18:57:51','2022-07-28 18:57:51'),
	(36,11,5,'Dolores atque rem rem nostrum et a. In autem et aut omnis. Rem ullam corporis maiores molestiae aut qui nostrum. Amet consequatur ea quo cum vel.',89,'App\\Models\\Inventory',1,0,'2022-07-20 18:57:51','2022-07-25 18:57:51'),
	(37,16,5,'Sunt ea soluta nihil possimus. Quis et deserunt eum quaerat repellat. Vero laudantium neque amet a.',1,'App\\Models\\Shop',1,0,'2022-07-19 18:57:51','2022-07-24 18:57:51'),
	(38,10,1,'Nihil alias sed delectus ab. Maiores consequatur odio quia tempore. Amet tenetur nisi aut dolorum aliquid aut vel.',90,'App\\Models\\Inventory',1,0,'2022-07-31 18:57:51','2022-07-28 18:57:51'),
	(39,2,5,'Culpa nostrum reiciendis dolore facilis laborum iusto laborum. Ipsam praesentium animi accusamus quo sed et consequatur. Laudantium magni quaerat quam mollitia. Aut aut quidem deserunt cumque.',39,'App\\Models\\Inventory',1,0,'2022-07-30 18:57:51','2022-07-28 18:57:51'),
	(40,3,4,'Distinctio minus expedita corporis quae dolores corporis. Molestias cumque occaecati velit voluptas in. Exercitationem tempora nemo consequatur. Ea repellendus iste eos vero et quaerat esse.',2,'App\\Models\\Shop',1,0,'2022-08-02 18:57:51','2022-07-23 18:57:51'),
	(41,6,1,'Fugiat laborum eum est. Voluptatem rem rerum inventore rem. Facere dolorem cupiditate nobis laudantium.',7,'App\\Models\\Inventory',1,0,'2022-08-01 18:57:51','2022-07-26 18:57:51'),
	(42,8,3,'Adipisci enim eos voluptatibus distinctio. Dignissimos id reprehenderit veritatis quia architecto. Qui corrupti eveniet sed et.',90,'App\\Models\\Inventory',1,0,'2022-07-21 18:57:51','2022-07-29 18:57:51'),
	(43,16,2,'Corrupti sed rerum dolorem quaerat illo ut. Rerum in et quia rerum. Magni neque dignissimos error vitae non eius expedita deleniti. Eum quasi deserunt dolore aut eos nostrum et magnam.',3,'App\\Models\\Shop',1,0,'2022-07-18 18:57:51','2022-07-18 18:57:51'),
	(44,4,2,'Qui eum laboriosam praesentium tenetur molestias architecto consequatur. Voluptate quia officia vitae dolor est voluptatum optio. Voluptatibus modi ut quia tempora. Libero et asperiores soluta deserunt enim odit.',1,'App\\Models\\Shop',1,0,'2022-07-19 18:57:51','2022-07-30 18:57:51'),
	(45,13,3,'Cupiditate voluptas temporibus a excepturi quo illum ea assumenda. Et ducimus enim doloribus corrupti cupiditate dolores. Non tenetur ea ex et recusandae eligendi laudantium.',5,'App\\Models\\Shop',1,0,'2022-07-31 18:57:51','2022-08-02 18:57:51'),
	(46,8,2,'Voluptatem velit non optio aut dolores inventore. Voluptatem autem aut cupiditate iusto esse dolores minima id. Ex fugit unde quas culpa architecto blanditiis non mollitia.',51,'App\\Models\\Inventory',1,0,'2022-07-28 18:57:51','2022-07-23 18:57:51'),
	(47,11,4,'Nostrum quibusdam dolorem ipsa eum ut eum corporis. Molestiae explicabo dolores non aut. Explicabo necessitatibus cumque est quibusdam dolor dolor.',94,'App\\Models\\Inventory',1,0,'2022-07-19 18:57:51','2022-07-31 18:57:51'),
	(48,3,4,'Consequatur soluta natus illo expedita inventore esse. Impedit odio dolorum qui vitae fuga.',4,'App\\Models\\Shop',1,0,'2022-07-23 18:57:51','2022-07-19 18:57:51'),
	(49,14,2,'Sit aperiam dolores autem earum amet a impedit. Quibusdam sint aut dolor.',73,'App\\Models\\Inventory',1,0,'2022-07-27 18:57:51','2022-07-29 18:57:51'),
	(50,14,5,'Nostrum quod eum officia. Dolore possimus et fugit consectetur ad. Consectetur ipsum in sequi iste. Asperiores beatae quasi aut et quas.',1,'App\\Models\\Shop',1,0,'2022-07-30 18:57:51','2022-07-22 18:57:51'),
	(51,11,1,'At ut et ut occaecati est. Reiciendis rem sint qui quia quas laudantium dolorem laudantium. Perferendis maiores voluptas reiciendis quia.',56,'App\\Models\\Inventory',1,0,'2022-07-27 18:57:51','2022-07-29 18:57:51'),
	(52,8,4,'Voluptatum et est a atque neque. Consequatur qui numquam in libero omnis. Vel excepturi architecto consequuntur.',106,'App\\Models\\Inventory',1,0,'2022-08-02 18:57:51','2022-07-28 18:57:51'),
	(53,6,5,'Velit molestiae animi eos tempora eum. Est officia qui odio autem eos. Temporibus est eligendi eum eaque doloremque.',4,'App\\Models\\Shop',1,0,'2022-07-30 18:57:51','2022-07-22 18:57:51'),
	(54,7,1,'Error commodi et et velit voluptatum. Veritatis quas et nemo at non in. Doloribus aut sit cumque repellat dolor commodi ut. Debitis asperiores consequuntur rem expedita consequuntur quis.',91,'App\\Models\\Inventory',1,0,'2022-07-20 18:57:51','2022-07-26 18:57:51'),
	(55,15,5,'Error deserunt blanditiis omnis labore magni. Quia reiciendis omnis eum nihil. Qui unde architecto quaerat assumenda at accusantium occaecati.',105,'App\\Models\\Inventory',1,0,'2022-07-28 18:57:51','2022-07-19 18:57:51'),
	(56,7,1,'Aliquid tempora amet tempora laboriosam voluptate sed illum aut. Sit doloribus reprehenderit facilis expedita aliquid possimus. Quia accusantium est consequatur reprehenderit nisi autem ex. Sunt molestiae quaerat quis nulla.',3,'App\\Models\\Shop',1,0,'2022-07-21 18:57:51','2022-07-19 18:57:51'),
	(57,6,1,'Consequatur sapiente aut vel voluptatem quia quisquam consequatur. Tempora unde quod laboriosam rerum modi rem molestiae.',47,'App\\Models\\Inventory',1,0,'2022-08-01 18:57:51','2022-08-01 18:57:51'),
	(58,10,3,'Fugit exercitationem impedit sed. Nesciunt omnis dolores incidunt. Reprehenderit est voluptas quae corrupti amet quas. Suscipit numquam maxime ullam non.',2,'App\\Models\\Shop',1,0,'2022-07-30 18:57:51','2022-07-21 18:57:51'),
	(59,10,5,'Fugiat voluptas earum in. Sed repudiandae sed praesentium aspernatur doloribus sint. Veritatis et alias veritatis. Aliquid ea sit quis et quo laboriosam. Sed qui laboriosam dolore.',4,'App\\Models\\Shop',1,0,'2022-08-02 18:57:51','2022-07-18 18:57:51'),
	(60,4,1,'Totam consectetur quos aut non non iure. Rerum quo nam illo excepturi dolores in aliquid quae. Saepe nemo libero cumque facilis.',5,'App\\Models\\Shop',1,0,'2022-07-31 18:57:51','2022-07-21 18:57:51'),
	(61,4,1,'Voluptatem voluptatum et tenetur rerum placeat explicabo nisi. Esse earum quos excepturi rerum et est. Excepturi saepe et tempora voluptas.',55,'App\\Models\\Inventory',1,0,'2022-08-01 18:57:51','2022-08-01 18:57:51'),
	(62,3,1,'Sint dolorem aut est est dolorum nesciunt non. Ab omnis quis et. Et est unde expedita autem qui labore ut. Aut eveniet quod voluptatibus ad dolorum.',53,'App\\Models\\Inventory',1,0,'2022-08-01 18:57:51','2022-08-01 18:57:51'),
	(63,14,5,'Sapiente sequi unde non est ea a. Ut consequatur ea est sunt nostrum qui. Dicta qui sapiente veniam veritatis incidunt.',81,'App\\Models\\Inventory',1,0,'2022-07-21 18:57:51','2022-07-28 18:57:51'),
	(64,2,5,'Voluptatem vitae ut sunt ea facilis. Fugiat beatae ullam nesciunt blanditiis non. Veritatis non repellat voluptas nisi veritatis qui. Dolorum consequatur quibusdam quisquam sunt commodi.',26,'App\\Models\\Inventory',1,0,'2022-07-28 18:57:51','2022-07-19 18:57:51'),
	(65,6,4,'Dolorem laudantium voluptas omnis itaque fugit dolorum officiis. Nam voluptate est voluptatibus in aut aut. Eligendi qui eum veniam cumque ea occaecati. Quae voluptatem alias dolores et. Reprehenderit magni cumque saepe impedit cum.',3,'App\\Models\\Shop',1,0,'2022-07-26 18:57:51','2022-07-20 18:57:51'),
	(66,8,5,'Ut quasi eum quia enim exercitationem. Est voluptas vel magnam vel distinctio. Beatae quae veniam ea facilis.',75,'App\\Models\\Inventory',1,0,'2022-07-19 18:57:51','2022-07-31 18:57:51'),
	(67,12,5,'A corrupti neque velit harum illo ipsum explicabo. Soluta enim sed totam aut laborum. Laborum omnis consequatur consequatur aut quis voluptatibus excepturi. Magnam earum numquam at ad perspiciatis.',5,'App\\Models\\Shop',1,0,'2022-07-20 18:57:51','2022-07-22 18:57:51'),
	(68,4,2,'Eum voluptatem enim officiis nisi. Et aliquam reprehenderit placeat tempora deserunt qui excepturi. Harum eius quo odio ullam rerum molestiae. Temporibus voluptates aut quia temporibus quia qui omnis.',3,'App\\Models\\Shop',1,0,'2022-07-31 18:57:51','2022-07-23 18:57:51'),
	(69,1,2,'Officiis facilis corporis ad ratione sit est. Perferendis neque unde harum ipsum sapiente quia aliquid distinctio. Veniam totam iure velit autem tempora eos. Deleniti tempore odio ut culpa sequi tempora ex.',22,'App\\Models\\Inventory',1,0,'2022-07-31 18:57:51','2022-08-02 18:57:51'),
	(70,2,2,'Qui dignissimos suscipit doloribus hic. Aut voluptatem corrupti molestiae necessitatibus consequatur occaecati aperiam. Exercitationem sit praesentium unde unde possimus unde sequi. Omnis eligendi rerum quis cum.',5,'App\\Models\\Shop',1,0,'2022-07-22 18:57:51','2022-07-20 18:57:51'),
	(71,16,4,'Quaerat et optio enim quia iure. Magni sit rerum est autem cupiditate. Beatae harum sequi qui cum.',1,'App\\Models\\Shop',1,0,'2022-07-20 18:57:51','2022-07-23 18:57:51'),
	(72,8,1,'Quasi fugiat dolor odio dolores asperiores unde. Laudantium saepe et suscipit aut consequuntur nam. Qui quibusdam amet quam qui aliquid beatae. Voluptatem eveniet nostrum qui.',11,'App\\Models\\Inventory',1,0,'2022-07-27 18:57:51','2022-08-01 18:57:51'),
	(73,16,1,'Iure cupiditate accusamus ratione quo nulla. Molestiae possimus doloribus corporis nisi at doloremque dicta.',2,'App\\Models\\Shop',1,0,'2022-08-01 18:57:51','2022-07-20 18:57:51'),
	(74,9,2,'Id sed aliquid eos deleniti. Dicta sequi explicabo eos veniam. Doloribus perspiciatis omnis in omnis quos incidunt dolorum. Aut nostrum autem excepturi quasi sunt quis.',4,'App\\Models\\Shop',1,0,'2022-08-01 18:57:51','2022-07-25 18:57:51'),
	(75,9,3,'Nisi accusamus excepturi voluptatum temporibus. Earum necessitatibus temporibus minima unde eum explicabo. Officia quis quis laboriosam molestiae molestias. Ad aut ea ut harum molestias reprehenderit nesciunt.',3,'App\\Models\\Shop',1,0,'2022-07-27 18:57:51','2022-07-26 18:57:51'),
	(76,3,5,'Repudiandae cum ipsa fuga eum et nam. Vitae odit veritatis magni quaerat mollitia voluptates. Sit placeat quia et placeat eligendi. Recusandae at fugiat ut magni aut velit.',2,'App\\Models\\Shop',1,0,'2022-07-22 18:57:51','2022-07-22 18:57:51'),
	(77,13,5,'Assumenda officia repellendus reprehenderit enim omnis sequi. Fuga non iure sed sed sequi. Tempore doloribus magnam officiis voluptatem iure.',2,'App\\Models\\Shop',1,0,'2022-07-22 18:57:51','2022-07-29 18:57:51'),
	(78,2,1,'Cum in fugiat est. Id voluptatem vel magnam corrupti similique. In voluptatibus rerum voluptatum nihil qui accusantium.',61,'App\\Models\\Inventory',1,0,'2022-07-22 18:57:51','2022-07-27 18:57:51'),
	(79,15,2,'Hic placeat nobis quia non. Voluptas cum illo minus tempora voluptatem est et. Fugiat iusto quis sapiente et sapiente fugit. Totam id et ipsa aliquam possimus est omnis. Rem at nemo assumenda laboriosam.',2,'App\\Models\\Inventory',1,0,'2022-07-21 18:57:51','2022-08-02 18:57:51'),
	(80,16,2,'Ipsam voluptatem tenetur quisquam nihil. Molestiae labore eius quod eligendi placeat sunt. Ratione et pariatur voluptas dolor.',17,'App\\Models\\Inventory',1,0,'2022-07-18 18:57:51','2022-07-22 18:57:51'),
	(81,1,2,'Molestias consequatur in error illum perspiciatis. Corrupti ut doloribus excepturi et. Dolorem est omnis fugiat dolore aspernatur omnis iure odit.',17,'App\\Models\\Inventory',1,0,'2022-07-26 18:57:51','2022-07-24 18:57:51'),
	(82,1,5,'Sunt rerum explicabo voluptatem doloribus. Ut iure et necessitatibus incidunt quidem minima rerum occaecati. Et officia hic aspernatur praesentium rerum voluptatibus. Eius nihil ut dolorum ullam autem pariatur.',99,'App\\Models\\Inventory',1,0,'2022-07-20 18:57:51','2022-07-27 18:57:51'),
	(83,1,2,'Quas enim dolor facilis minus nesciunt voluptatem delectus. Cumque delectus ipsum aut facilis veritatis. Harum ipsum fugit culpa facere. Impedit quis eius omnis et sit enim.',86,'App\\Models\\Inventory',1,0,'2022-07-22 18:57:51','2022-08-02 18:57:51'),
	(84,10,5,'Quam repudiandae ipsam reiciendis est reprehenderit distinctio ullam. Dolore odio necessitatibus nisi sunt a distinctio sit molestiae. Laborum saepe omnis expedita consectetur quia. Laborum vel et et.',104,'App\\Models\\Inventory',1,0,'2022-07-21 18:57:51','2022-07-23 18:57:51'),
	(85,16,5,'Libero et ipsum soluta iure repellendus minus deserunt. Consequuntur incidunt dolore excepturi eveniet. Facere quam sunt veritatis. Consequatur eum rerum occaecati commodi nisi qui tempora nihil.',1,'App\\Models\\Shop',1,0,'2022-07-24 18:57:51','2022-08-02 18:57:51'),
	(86,11,1,'Sed quia molestiae iste quis. Voluptas et harum et enim laboriosam. Sit sunt et alias vel aut labore incidunt. Sit et eveniet suscipit dolorem.',2,'App\\Models\\Shop',1,0,'2022-07-27 18:57:51','2022-07-26 18:57:51'),
	(87,10,3,'Dignissimos sed explicabo laboriosam dolores cum. Non velit delectus ab sint. Ipsam maiores non quisquam voluptas. Quaerat quae accusamus in atque quo illo id.',35,'App\\Models\\Inventory',1,0,'2022-07-20 18:57:51','2022-07-20 18:57:51'),
	(88,13,2,'Voluptate ut quia nihil voluptate dolorum voluptatem rerum. In tenetur rerum labore sunt et. Illum dolor ad accusamus mollitia eum doloremque. Optio veritatis iure dolor sed porro.',91,'App\\Models\\Inventory',1,0,'2022-08-01 18:57:51','2022-07-23 18:57:51'),
	(89,5,5,'Quo magni non voluptatum facilis voluptatum ut culpa. Aut accusamus repellat mollitia ea blanditiis. Quisquam earum debitis et qui accusantium illo nam. Assumenda dolores ut tempora rem dignissimos ea consectetur autem.',77,'App\\Models\\Inventory',1,0,'2022-07-19 18:57:51','2022-07-18 18:57:51'),
	(90,16,1,'Et nihil delectus consequatur atque. Magni molestias maxime est aut corporis. Eos quod nesciunt qui aut labore. Qui magnam maiores praesentium asperiores animi officiis quis.',3,'App\\Models\\Shop',1,0,'2022-07-29 18:57:51','2022-07-19 18:57:51'),
	(91,14,3,'Eos et et numquam omnis velit ut. Qui consectetur perferendis dolorem ut architecto eveniet molestias. Non enim nihil consequatur aspernatur dicta eaque eaque. Voluptatem voluptatibus ea esse deleniti et dolor molestiae inventore. Est accusamus tempora praesentium pariatur ullam.',3,'App\\Models\\Shop',1,0,'2022-07-25 18:57:51','2022-07-25 18:57:51'),
	(92,8,5,'Voluptatum autem aliquam fuga ratione quis sunt. Molestias et quisquam qui. Sunt inventore quia sint aut omnis aliquam.',13,'App\\Models\\Inventory',1,0,'2022-07-24 18:57:51','2022-07-25 18:57:51'),
	(93,10,4,'Recusandae quas quis in at. Ex qui et consequatur odit. Et expedita sunt eaque sint inventore quas. Dolores tempore amet temporibus quas et corporis cumque.',105,'App\\Models\\Inventory',1,0,'2022-07-21 18:57:51','2022-07-25 18:57:51'),
	(94,10,5,'Dolores enim ipsa quasi cum deleniti laudantium provident. Aliquid neque et ut sunt necessitatibus quia illum. Neque beatae ad accusantium voluptas. Quis aliquid nihil velit consequuntur ad.',4,'App\\Models\\Shop',1,0,'2022-07-18 18:57:51','2022-07-25 18:57:51'),
	(95,4,5,'Rerum odio cumque inventore in ipsam pariatur non. Qui similique corporis esse ex itaque. Consequatur odio qui similique commodi. Ratione repudiandae dolores est beatae rem.',5,'App\\Models\\Shop',1,0,'2022-07-20 18:57:51','2022-07-26 18:57:51'),
	(96,15,4,'Beatae aut necessitatibus occaecati nihil voluptate. Quod dolor distinctio numquam consectetur aspernatur. Exercitationem corporis id nemo rem accusantium vel.',4,'App\\Models\\Shop',1,0,'2022-07-27 18:57:51','2022-07-31 18:57:51'),
	(97,10,1,'Et sunt fugit beatae inventore doloribus dolor at. Eum quibusdam blanditiis et et fugiat. Eius et iste culpa enim nam.',1,'App\\Models\\Shop',1,0,'2022-07-18 18:57:51','2022-07-25 18:57:51'),
	(98,13,5,'Doloribus voluptas laborum voluptas voluptatem autem consequatur dolorum molestias. Voluptatem in nostrum rem cumque non. Commodi id qui qui ut ad rerum quia.',87,'App\\Models\\Inventory',1,0,'2022-07-28 18:57:51','2022-08-01 18:57:51'),
	(99,5,1,'Et nam deserunt atque molestiae sed. Dolor quia pariatur dolor. Praesentium quisquam maxime natus et.',13,'App\\Models\\Inventory',1,0,'2022-07-31 18:57:51','2022-07-28 18:57:51'),
	(100,8,1,'Ratione tempore et ipsum illum voluptatem rem. Non error ut distinctio consectetur aliquid. Aut et deserunt ut nulla molestiae est maiores sed. Sed odio corrupti molestias rerum dolorem consequatur consequuntur.',74,'App\\Models\\Inventory',1,0,'2022-08-01 18:57:51','2022-07-26 18:57:51'),
	(101,5,3,'Enim et quae explicabo sed. Aliquid accusantium aliquid totam rerum aut maxime et. Optio illum commodi aut quia minus.',41,'App\\Models\\Inventory',1,0,'2022-07-29 18:57:51','2022-07-29 18:57:51'),
	(102,14,1,'Dolores dolores sit sit. Quos ut aut et necessitatibus. Voluptas adipisci explicabo non velit minus cupiditate.',30,'App\\Models\\Inventory',1,0,'2022-07-28 18:57:51','2022-07-18 18:57:51'),
	(103,13,4,'Ea et aut magni qui non. Id optio ducimus repudiandae quia minus. Excepturi eius sint voluptatibus temporibus voluptate. Distinctio velit voluptatum sint et consectetur.',63,'App\\Models\\Inventory',1,0,'2022-08-01 18:57:51','2022-07-28 18:57:51'),
	(104,12,5,'Dolores rerum non incidunt ullam sed et. Doloribus qui eius consequatur error. Optio laudantium ea voluptas perspiciatis consequatur.',2,'App\\Models\\Shop',1,0,'2022-08-02 18:57:51','2022-07-25 18:57:51'),
	(105,14,4,'Ut enim sed quibusdam quaerat doloribus ducimus natus. Ut et enim rerum aut. Natus ratione illum fuga distinctio et.',104,'App\\Models\\Inventory',1,0,'2022-07-30 18:57:51','2022-07-25 18:57:51'),
	(106,14,5,'Nobis vel enim non deleniti. Inventore eos itaque aliquam. Dolor officia quaerat quam voluptatem earum ipsum ipsum veniam. Quos nisi velit totam veniam ea cupiditate quis.',2,'App\\Models\\Inventory',1,0,'2022-07-22 18:57:51','2022-07-24 18:57:51'),
	(107,4,3,'Eveniet aut aut porro vitae reprehenderit neque. Eos exercitationem unde laboriosam qui nam quia voluptatem modi. Atque omnis aut et excepturi enim aut natus dolorem.',4,'App\\Models\\Shop',1,0,'2022-07-21 18:57:51','2022-07-28 18:57:51'),
	(108,16,1,'Quia non iusto dolores exercitationem autem iusto non. Hic placeat laborum voluptates cumque perferendis mollitia numquam.',14,'App\\Models\\Inventory',1,0,'2022-07-28 18:57:51','2022-07-25 18:57:51'),
	(109,12,5,'Sed ipsam est vero et. Voluptatem cum qui aspernatur illum consequatur molestiae. Eum recusandae ut earum velit consequatur.',53,'App\\Models\\Inventory',1,0,'2022-07-19 18:57:51','2022-07-31 18:57:51'),
	(110,13,4,'Voluptatem voluptatem perferendis laborum corrupti ut sunt. Et doloremque sunt eveniet repudiandae aut mollitia perspiciatis. Soluta omnis fuga illum iusto non sit ipsam. Quia ea distinctio delectus numquam qui qui.',81,'App\\Models\\Inventory',1,0,'2022-07-21 18:57:51','2022-07-29 18:57:51'),
	(111,7,2,'Rerum sed unde laudantium est quas. Consequatur veritatis veniam ratione quis ipsa iure. Sed ea aut magni sed fugiat inventore. Laborum fugiat vel fuga quasi. Nemo et aut eius veritatis earum sint.',5,'App\\Models\\Shop',1,0,'2022-07-19 18:57:51','2022-07-29 18:57:51'),
	(112,1,1,'Deleniti reprehenderit enim sit laudantium. Nisi architecto deserunt cumque eos. Ut asperiores sit ut omnis temporibus harum. Eum officiis et eum omnis repellat ducimus eos.',72,'App\\Models\\Inventory',1,0,'2022-08-01 18:57:51','2022-07-22 18:57:51'),
	(113,10,1,'Earum et est quis et sed quasi officia deleniti. Nihil sed itaque iure occaecati autem. Dicta quaerat ut consectetur recusandae veniam quis voluptate exercitationem.',21,'App\\Models\\Inventory',1,0,'2022-07-22 18:57:51','2022-08-02 18:57:51'),
	(114,4,1,'Magni dolores cum magnam dicta sunt numquam autem fuga. Rerum iste rerum assumenda et qui. Nisi voluptatibus reprehenderit illo dolore omnis cupiditate molestias. Error doloremque quibusdam eligendi itaque consequatur consectetur explicabo.',4,'App\\Models\\Shop',1,0,'2022-08-02 18:57:51','2022-07-31 18:57:51'),
	(115,1,1,'Illum nulla deserunt debitis dolor quidem est ad. Quod mollitia nihil velit.',2,'App\\Models\\Shop',1,0,'2022-07-22 18:57:51','2022-07-20 18:57:51'),
	(116,7,3,'Quod est excepturi maiores illum. Et assumenda nam et eius doloribus assumenda deleniti dolor. Mollitia illum delectus explicabo autem sunt voluptates ipsum omnis.',48,'App\\Models\\Inventory',1,0,'2022-07-26 18:57:51','2022-07-26 18:57:51'),
	(117,5,3,'A aut possimus quo voluptas ut animi tempora. Et et laudantium est repudiandae totam nihil. Porro quasi optio ut est ducimus debitis ut.',2,'App\\Models\\Shop',1,0,'2022-07-25 18:57:51','2022-07-28 18:57:51'),
	(118,10,4,'Dolorum repudiandae exercitationem sit expedita tempora saepe deserunt. Quo impedit soluta totam consequatur consequatur doloribus. Sed sit est vel enim id.',3,'App\\Models\\Shop',1,0,'2022-07-21 18:57:51','2022-07-23 18:57:51'),
	(119,7,2,'Et accusamus id quaerat omnis. Et ea possimus laborum placeat eos. Porro dolorem et aspernatur a sed cum temporibus.',92,'App\\Models\\Inventory',1,0,'2022-07-27 18:57:51','2022-07-18 18:57:51'),
	(120,15,5,'Quidem eius enim et voluptate aut natus velit. Vitae dolorem qui quos ab. Aut ipsum reiciendis dolor vitae sint quibusdam.',2,'App\\Models\\Shop',1,0,'2022-08-02 18:57:51','2022-07-20 18:57:51'),
	(121,7,1,'Vero quibusdam aut nostrum ut. Doloremque dolorem aut rerum distinctio quas quo. Minima optio odio ipsum. Aut non eum quae eaque sed accusamus.',35,'App\\Models\\Inventory',1,0,'2022-07-23 18:57:51','2022-07-28 18:57:51'),
	(122,12,4,'Voluptatem reiciendis laudantium ut et. Quod maiores cumque quia cumque neque rerum. Consequuntur natus enim atque doloremque. Est rem ratione repellendus omnis provident ab.',2,'App\\Models\\Shop',1,0,'2022-07-28 18:57:51','2022-08-02 18:57:51'),
	(123,11,5,'Blanditiis quaerat expedita minima ex sit et esse. Voluptatem ab occaecati mollitia rerum animi quis mollitia.',4,'App\\Models\\Shop',1,0,'2022-07-24 18:57:51','2022-07-29 18:57:51'),
	(124,1,2,'Qui sit tempora at ullam odit sunt nobis animi. Maiores rerum molestias ullam inventore iste. Qui ipsum accusamus quos ut provident. Vero fugiat vel et vel repellendus quia cumque.',4,'App\\Models\\Shop',1,0,'2022-07-20 18:57:51','2022-07-31 18:57:51'),
	(125,7,3,'Vel aut delectus quibusdam at. Culpa eum eaque optio et a id. Ea animi voluptatem numquam aut sed neque. Exercitationem in quod rerum quo non.',48,'App\\Models\\Inventory',1,0,'2022-07-22 18:57:51','2022-08-01 18:57:51'),
	(126,9,1,'Sed exercitationem sequi ea sit. Id tenetur eius consequatur ea. Voluptas harum quo dolores assumenda qui voluptate. Quo deleniti ab eveniet voluptatibus quo. Dolores earum ab magnam est repellat eligendi sint.',5,'App\\Models\\Shop',1,0,'2022-07-21 18:57:51','2022-07-21 18:57:51'),
	(127,7,5,'Modi porro iure voluptas minima. Incidunt aliquam consequatur nesciunt aut eius distinctio rerum. Dolorem praesentium nam voluptatibus id. Molestiae rerum sit voluptas nulla hic magnam.',17,'App\\Models\\Inventory',1,0,'2022-07-20 18:57:51','2022-07-19 18:57:51'),
	(128,6,2,'Sunt deleniti qui qui adipisci. Doloremque debitis nulla enim soluta. Sint vel iste corporis hic. Modi dolores sunt quas laborum perspiciatis saepe.',5,'App\\Models\\Shop',1,0,'2022-07-30 18:57:51','2022-08-02 18:57:51'),
	(129,2,5,'Ipsa voluptate aliquam quia eveniet quos fugit pariatur ad. Mollitia aperiam quia eligendi officia non. Non sit expedita hic omnis rerum sed sit. Enim a vero laudantium vero velit harum voluptatem. Deleniti et praesentium officia et eum.',73,'App\\Models\\Inventory',1,0,'2022-07-27 18:57:51','2022-07-26 18:57:51'),
	(130,1,4,'Est perferendis sed qui deleniti. Consequuntur id cupiditate molestiae ducimus. Et voluptas vel nulla quibusdam id qui.',40,'App\\Models\\Inventory',1,0,'2022-07-27 18:57:51','2022-07-18 18:57:51'),
	(131,6,5,'Mollitia dignissimos occaecati minima voluptas totam qui non quia. Dolorem debitis doloribus voluptates vel voluptas quisquam tenetur cumque. Rerum veniam eos ut velit cum maiores. Error fugiat quidem numquam in.',4,'App\\Models\\Shop',1,0,'2022-08-01 18:57:51','2022-07-21 18:57:51'),
	(132,3,2,'Dolorem voluptatem quas aut saepe et. Dolore maiores pariatur est. Aut saepe quod est. Dolores maiores provident quo totam et et.',2,'App\\Models\\Shop',1,0,'2022-08-02 18:57:51','2022-07-30 18:57:51'),
	(133,15,4,'Officia sunt odit consequatur explicabo doloribus. Id sit vel aperiam praesentium vel ducimus eum. Repellendus mollitia voluptatum ut rerum. Quia quasi est corrupti culpa omnis ut. Velit fuga minus cupiditate.',75,'App\\Models\\Inventory',1,0,'2022-07-29 18:57:51','2022-07-31 18:57:51'),
	(134,4,3,'Commodi exercitationem velit laudantium repellat cum ab. Et sit quia dignissimos libero molestiae. Perferendis hic aperiam ratione rerum nostrum porro et. Expedita possimus molestiae est vitae.',2,'App\\Models\\Shop',1,0,'2022-08-02 18:57:51','2022-07-23 18:57:51'),
	(135,2,4,'Quaerat molestias debitis a quas totam quia et. Voluptatem dolor et laudantium unde. Dicta dolorum aspernatur beatae iure illo esse.',1,'App\\Models\\Shop',1,0,'2022-07-24 18:57:51','2022-07-23 18:57:51'),
	(136,8,5,'Quam eius hic corrupti. Rerum est aliquid dicta blanditiis aut sed iusto. Ut in aut esse fugit quaerat ratione. Ullam omnis amet recusandae quia. Doloremque suscipit corporis et et voluptatem voluptas.',93,'App\\Models\\Inventory',1,0,'2022-07-27 18:57:51','2022-07-24 18:57:51'),
	(137,7,4,'Mollitia nisi ullam repudiandae enim eligendi aut. Repudiandae sit commodi aut sequi impedit omnis at. Quo ex qui illum. Consequatur optio culpa ipsa enim autem quis harum.',4,'App\\Models\\Inventory',1,0,'2022-07-20 18:57:51','2022-07-23 18:57:51'),
	(138,12,2,'Sit expedita sunt fuga minus molestiae reiciendis. Ut aut porro magni consequatur molestiae aut ducimus. Et voluptatem aut commodi sint quo. Dolores pariatur itaque harum. Dolor aliquid perferendis corrupti voluptatum hic qui minima qui.',5,'App\\Models\\Shop',1,0,'2022-07-19 18:57:51','2022-07-28 18:57:51'),
	(139,4,1,'Molestiae consectetur dolorem cupiditate consectetur eaque aut ut est. Qui distinctio odit aut qui reprehenderit modi. Est rerum molestiae quis ut dolore. Quia repellendus hic nihil dolores dolorem ratione.',14,'App\\Models\\Inventory',1,0,'2022-07-18 18:57:51','2022-07-24 18:57:51'),
	(140,4,5,'Et qui minima et eaque recusandae reiciendis omnis. Inventore amet et exercitationem voluptatem at aut sint. Quisquam ducimus harum quo. Qui ipsum maiores ab beatae quam quae enim.',1,'App\\Models\\Shop',1,0,'2022-07-29 18:57:51','2022-07-21 18:57:51'),
	(141,5,2,'Molestiae ad qui deleniti est eos. Ipsam et repellat aut et. Autem voluptatem et distinctio voluptatem atque sunt veritatis. Soluta repellat optio dolores totam dolorem molestiae.',2,'App\\Models\\Shop',1,0,'2022-07-27 18:57:51','2022-07-28 18:57:51'),
	(142,7,3,'Optio vitae consequuntur pariatur nam qui et ullam. Aspernatur quia adipisci officia ea magnam illum. Odio qui accusamus aspernatur maiores. Ipsa dolorem ea nihil et vitae autem.',105,'App\\Models\\Inventory',1,0,'2022-07-29 18:57:51','2022-07-23 18:57:51'),
	(143,6,5,'Qui omnis assumenda sed ut odio fugit. Voluptatum ipsum molestias odit amet quia. Voluptatum laborum velit amet placeat aut aut aut. Et nihil quia tenetur mollitia.',67,'App\\Models\\Inventory',1,0,'2022-07-28 18:57:51','2022-07-26 18:57:51'),
	(144,5,3,'Delectus fugit quia nostrum culpa ex modi dolorem. Velit sed et porro voluptatibus aliquid veniam. Quaerat et et nam ex.',34,'App\\Models\\Inventory',1,0,'2022-07-22 18:57:51','2022-07-27 18:57:51'),
	(145,8,2,'Expedita cum laborum dignissimos quisquam ullam labore sunt blanditiis. Suscipit odio ea fugit dignissimos aliquid incidunt harum ut. Aut exercitationem sint voluptatem odit et labore fugiat.',5,'App\\Models\\Shop',1,0,'2022-07-18 18:57:51','2022-07-29 18:57:51'),
	(146,5,3,'Voluptatum aut ea eveniet qui quam. Distinctio eum quis velit quis autem aspernatur. Quasi minima explicabo et et nam. Dignissimos sed amet quae ut consequatur quisquam alias.',3,'App\\Models\\Shop',1,0,'2022-07-25 18:57:51','2022-07-19 18:57:51'),
	(147,15,4,'Ipsum mollitia et qui qui id. Est ad magnam est. Iste voluptatem facere culpa voluptatibus voluptatem ducimus.',83,'App\\Models\\Inventory',1,0,'2022-07-25 18:57:51','2022-07-26 18:57:51'),
	(148,12,2,'Libero qui quia autem et et quam. Aut pariatur neque doloremque magnam vel. Qui occaecati repellendus sunt. Vel dignissimos iusto mollitia ducimus.',47,'App\\Models\\Inventory',1,0,'2022-07-21 18:57:51','2022-08-01 18:57:51'),
	(149,3,2,'Sunt consequatur voluptates veniam perferendis veritatis animi. Neque sint sint saepe quod necessitatibus laboriosam. Necessitatibus incidunt blanditiis sed voluptates. Reiciendis et voluptate aut optio a aut id vero.',5,'App\\Models\\Shop',1,0,'2022-07-19 18:57:51','2022-07-18 18:57:51'),
	(150,3,5,'Repudiandae eveniet dignissimos perferendis quisquam ut. Ut aut cumque ut. Quae quia quidem qui velit molestiae sunt corrupti. Accusantium atque suscipit exercitationem amet minima est nihil. Et quo veritatis optio qui.',3,'App\\Models\\Shop',1,0,'2022-08-01 18:57:51','2022-07-26 18:57:51');



# Dump of table gift_cards
# ------------------------------------------------------------

